{"id":8651,"date":"2023-06-29T13:40:02","date_gmt":"2023-06-29T09:40:02","guid":{"rendered":"https:\/\/etab.ac-reunion.fr\/clg-tamarins\/?page_id=8651"},"modified":"2023-10-04T08:17:27","modified_gmt":"2023-10-04T04:17:27","slug":"erasmus","status":"publish","type":"page","link":"https:\/\/etab.ac-reunion.fr\/clg-tamarins\/erasmus\/","title":{"rendered":"Erasmus"},"content":{"rendered":"<p><img loading=\"lazy\" decoding=\"async\" class=\"alignnone size-full wp-image-8737\" src=\"https:\/\/etab.ac-reunion.fr\/clg-tamarins\/wp-content\/uploads\/sites\/56\/2023\/09\/logo-pour-le-projet-MIndSetGO-2.0-.png\" alt=\"\" width=\"2360\" height=\"1640\" srcset=\"https:\/\/etab.ac-reunion.fr\/clg-tamarins\/wp-content\/uploads\/sites\/56\/2023\/09\/logo-pour-le-projet-MIndSetGO-2.0-.png 2360w, https:\/\/etab.ac-reunion.fr\/clg-tamarins\/wp-content\/uploads\/sites\/56\/2023\/09\/logo-pour-le-projet-MIndSetGO-2.0--300x208.png 300w, https:\/\/etab.ac-reunion.fr\/clg-tamarins\/wp-content\/uploads\/sites\/56\/2023\/09\/logo-pour-le-projet-MIndSetGO-2.0--1024x712.png 1024w, https:\/\/etab.ac-reunion.fr\/clg-tamarins\/wp-content\/uploads\/sites\/56\/2023\/09\/logo-pour-le-projet-MIndSetGO-2.0--768x534.png 768w, https:\/\/etab.ac-reunion.fr\/clg-tamarins\/wp-content\/uploads\/sites\/56\/2023\/09\/logo-pour-le-projet-MIndSetGO-2.0--1536x1067.png 1536w, https:\/\/etab.ac-reunion.fr\/clg-tamarins\/wp-content\/uploads\/sites\/56\/2023\/09\/logo-pour-le-projet-MIndSetGO-2.0--2048x1423.png 2048w, https:\/\/etab.ac-reunion.fr\/clg-tamarins\/wp-content\/uploads\/sites\/56\/2023\/09\/logo-pour-le-projet-MIndSetGO-2.0--150x104.png 150w\" sizes=\"auto, (max-width: 2360px) 100vw, 2360px\" \/><\/p>\n\n\n<div class=\"su-posts su-posts-default-loop \">\n\n\t\n\t\t\t\t\t\n\t\t\t\n\t\t\t<div id=\"su-post-8799\" class=\"su-post \">\n\n\t\t\t\t\t\t\t\t\t<a class=\"su-post-thumbnail\" href=\"https:\/\/etab.ac-reunion.fr\/clg-tamarins\/mobilite-erasmus-stage-de-formation-en-grece-consortium-academique\/\"><a href=\"https:\/\/etab.ac-reunion.fr\/clg-tamarins\/mobilite-erasmus-stage-de-formation-en-grece-consortium-academique\/\" title=\"Mobilit\u00e9 Erasmus + : Stage de formation en Gr\u00e8ce (Consortium acad\u00e9mique)\"><img loading=\"lazy\" decoding=\"async\" width=\"106\" height=\"150\" src=\"https:\/\/etab.ac-reunion.fr\/clg-tamarins\/wp-content\/uploads\/sites\/56\/2023\/11\/doc08700820231106154439_001-106x150.jpg\" class=\"attachment-post-thumbnail size-post-thumbnail wp-post-image\" alt=\"\" srcset=\"https:\/\/etab.ac-reunion.fr\/clg-tamarins\/wp-content\/uploads\/sites\/56\/2023\/11\/doc08700820231106154439_001-106x150.jpg 106w, https:\/\/etab.ac-reunion.fr\/clg-tamarins\/wp-content\/uploads\/sites\/56\/2023\/11\/doc08700820231106154439_001-212x300.jpg 212w, https:\/\/etab.ac-reunion.fr\/clg-tamarins\/wp-content\/uploads\/sites\/56\/2023\/11\/doc08700820231106154439_001-724x1024.jpg 724w, https:\/\/etab.ac-reunion.fr\/clg-tamarins\/wp-content\/uploads\/sites\/56\/2023\/11\/doc08700820231106154439_001-768x1086.jpg 768w, https:\/\/etab.ac-reunion.fr\/clg-tamarins\/wp-content\/uploads\/sites\/56\/2023\/11\/doc08700820231106154439_001-1086x1536.jpg 1086w, https:\/\/etab.ac-reunion.fr\/clg-tamarins\/wp-content\/uploads\/sites\/56\/2023\/11\/doc08700820231106154439_001-1448x2048.jpg 1448w, https:\/\/etab.ac-reunion.fr\/clg-tamarins\/wp-content\/uploads\/sites\/56\/2023\/11\/doc08700820231106154439_001-scaled.jpg 1810w\" sizes=\"auto, (max-width: 106px) 100vw, 106px\" \/><\/a><\/a>\n\t\t\t\t\n\t\t\t\t<h2 class=\"su-post-title\"><a href=\"https:\/\/etab.ac-reunion.fr\/clg-tamarins\/mobilite-erasmus-stage-de-formation-en-grece-consortium-academique\/\">Mobilit\u00e9 Erasmus + : Stage de formation en Gr\u00e8ce (Consortium acad\u00e9mique)<\/a><\/h2>\n\n\t\t\t\t<div class=\"su-post-meta\">\n\t\t\t\t\tPubli\u00e9: 6 novembre 2023\t\t\t\t<\/div>\n\n\t\t\t\t<div class=\"su-post-excerpt\">\n\t\t\t\t\t<p class=\"continue-reading-button\"> <a class=\"continue-reading-link\" href=\"https:\/\/etab.ac-reunion.fr\/clg-tamarins\/mobilite-erasmus-stage-de-formation-en-grece-consortium-academique\/\">Continuer \u00e0 lire<i class=\"crycon-right-dir\"><\/i><\/a><\/p>\n\t\t\t\t<\/div>\n\n\t\t\t\t\n\t\t\t<\/div>\n\n\t\t\t\t\t\n\t\t\t\n\t\t\t<div id=\"su-post-8750\" class=\"su-post \">\n\n\t\t\t\t\t\t\t\t\t<a class=\"su-post-thumbnail\" href=\"https:\/\/etab.ac-reunion.fr\/clg-tamarins\/realisation-dune-peinture-murale-pour-le-projet-mindset-go-2-0\/\"><a href=\"https:\/\/etab.ac-reunion.fr\/clg-tamarins\/realisation-dune-peinture-murale-pour-le-projet-mindset-go-2-0\/\" title=\"R\u00e9alisation d&#039;une peinture murale pour le projet MINDSET GO! 2.0\"><img loading=\"lazy\" decoding=\"async\" width=\"150\" height=\"106\" src=\"https:\/\/etab.ac-reunion.fr\/clg-tamarins\/wp-content\/uploads\/sites\/56\/2023\/10\/illustratiob_mindsetgo-150x106.jpg\" class=\"attachment-post-thumbnail size-post-thumbnail wp-post-image\" alt=\"\" srcset=\"https:\/\/etab.ac-reunion.fr\/clg-tamarins\/wp-content\/uploads\/sites\/56\/2023\/10\/illustratiob_mindsetgo-150x106.jpg 150w, https:\/\/etab.ac-reunion.fr\/clg-tamarins\/wp-content\/uploads\/sites\/56\/2023\/10\/illustratiob_mindsetgo-300x211.jpg 300w, https:\/\/etab.ac-reunion.fr\/clg-tamarins\/wp-content\/uploads\/sites\/56\/2023\/10\/illustratiob_mindsetgo-1024x721.jpg 1024w, https:\/\/etab.ac-reunion.fr\/clg-tamarins\/wp-content\/uploads\/sites\/56\/2023\/10\/illustratiob_mindsetgo-768x541.jpg 768w, https:\/\/etab.ac-reunion.fr\/clg-tamarins\/wp-content\/uploads\/sites\/56\/2023\/10\/illustratiob_mindsetgo-1536x1082.jpg 1536w, https:\/\/etab.ac-reunion.fr\/clg-tamarins\/wp-content\/uploads\/sites\/56\/2023\/10\/illustratiob_mindsetgo-2048x1442.jpg 2048w\" sizes=\"auto, (max-width: 150px) 100vw, 150px\" \/><\/a><\/a>\n\t\t\t\t\n\t\t\t\t<h2 class=\"su-post-title\"><a href=\"https:\/\/etab.ac-reunion.fr\/clg-tamarins\/realisation-dune-peinture-murale-pour-le-projet-mindset-go-2-0\/\">R\u00e9alisation d&rsquo;une peinture murale pour le projet MINDSET GO! 2.0<\/a><\/h2>\n\n\t\t\t\t<div class=\"su-post-meta\">\n\t\t\t\t\tPubli\u00e9: 11 octobre 2023\t\t\t\t<\/div>\n\n\t\t\t\t<div class=\"su-post-excerpt\">\n\t\t\t\t\t<p class=\"continue-reading-button\"> <a class=\"continue-reading-link\" href=\"https:\/\/etab.ac-reunion.fr\/clg-tamarins\/realisation-dune-peinture-murale-pour-le-projet-mindset-go-2-0\/\">Continuer \u00e0 lire<i class=\"crycon-right-dir\"><\/i><\/a><\/p>\n\t\t\t\t<\/div>\n\n\t\t\t\t\n\t\t\t<\/div>\n\n\t\t\t\t\t\n\t\t\t\n\t\t\t<div id=\"su-post-8658\" class=\"su-post \">\n\n\t\t\t\t\t\t\t\t\t<a class=\"su-post-thumbnail\" href=\"https:\/\/etab.ac-reunion.fr\/clg-tamarins\/mindset-go-2-0\/\"><a href=\"https:\/\/etab.ac-reunion.fr\/clg-tamarins\/mindset-go-2-0\/\" title=\"MindSet Go! 2.0\"><img loading=\"lazy\" decoding=\"async\" width=\"106\" height=\"150\" src=\"https:\/\/etab.ac-reunion.fr\/clg-tamarins\/wp-content\/uploads\/sites\/56\/2023\/06\/mind_set_go_2-106x150.jpg\" class=\"attachment-post-thumbnail size-post-thumbnail wp-post-image\" alt=\"\" srcset=\"https:\/\/etab.ac-reunion.fr\/clg-tamarins\/wp-content\/uploads\/sites\/56\/2023\/06\/mind_set_go_2-106x150.jpg 106w, https:\/\/etab.ac-reunion.fr\/clg-tamarins\/wp-content\/uploads\/sites\/56\/2023\/06\/mind_set_go_2-212x300.jpg 212w, https:\/\/etab.ac-reunion.fr\/clg-tamarins\/wp-content\/uploads\/sites\/56\/2023\/06\/mind_set_go_2-724x1024.jpg 724w, https:\/\/etab.ac-reunion.fr\/clg-tamarins\/wp-content\/uploads\/sites\/56\/2023\/06\/mind_set_go_2-768x1086.jpg 768w, https:\/\/etab.ac-reunion.fr\/clg-tamarins\/wp-content\/uploads\/sites\/56\/2023\/06\/mind_set_go_2-1086x1536.jpg 1086w, https:\/\/etab.ac-reunion.fr\/clg-tamarins\/wp-content\/uploads\/sites\/56\/2023\/06\/mind_set_go_2-1448x2048.jpg 1448w, https:\/\/etab.ac-reunion.fr\/clg-tamarins\/wp-content\/uploads\/sites\/56\/2023\/06\/mind_set_go_2-scaled.jpg 1810w\" sizes=\"auto, (max-width: 106px) 100vw, 106px\" \/><\/a><\/a>\n\t\t\t\t\n\t\t\t\t<h2 class=\"su-post-title\"><a href=\"https:\/\/etab.ac-reunion.fr\/clg-tamarins\/mindset-go-2-0\/\">MindSet Go! 2.0<\/a><\/h2>\n\n\t\t\t\t<div class=\"su-post-meta\">\n\t\t\t\t\tPubli\u00e9: 30 juin 2023\t\t\t\t<\/div>\n\n\t\t\t\t<div class=\"su-post-excerpt\">\n\t\t\t\t\t<p>Lien de t\u00e9l\u00e9chargement ci-dessous: fiche mindset GO! 2.0<\/p>\n<p class=\"continue-reading-button\"> <a class=\"continue-reading-link\" href=\"https:\/\/etab.ac-reunion.fr\/clg-tamarins\/mindset-go-2-0\/\">Continuer \u00e0 lire<i class=\"crycon-right-dir\"><\/i><\/a><\/p>\n\t\t\t\t<\/div>\n\n\t\t\t\t\n\t\t\t<\/div>\n\n\t\t\n\t\n<\/div>\n\n<p>&nbsp;<\/p>\n","protected":false},"excerpt":{"rendered":"<p>&nbsp;<\/p>\n<p class=\"continue-reading-button\"> <a class=\"continue-reading-link\" href=\"https:\/\/etab.ac-reunion.fr\/clg-tamarins\/mindset-go-2-0\/\">Continuer \u00e0 lire<i class=\"crycon-right-dir\"><\/i><\/a><\/p>\n","protected":false},"author":30567,"featured_media":0,"parent":0,"menu_order":0,"comment_status":"closed","ping_status":"closed","template":"","meta":{"footnotes":""},"class_list":["post-8651","page","type-page","status-publish","hentry"],"_links":{"self":[{"href":"https:\/\/etab.ac-reunion.fr\/clg-tamarins\/wp-json\/wp\/v2\/pages\/8651","targetHints":{"allow":["GET"]}}],"collection":[{"href":"https:\/\/etab.ac-reunion.fr\/clg-tamarins\/wp-json\/wp\/v2\/pages"}],"about":[{"href":"https:\/\/etab.ac-reunion.fr\/clg-tamarins\/wp-json\/wp\/v2\/types\/page"}],"author":[{"embeddable":true,"href":"https:\/\/etab.ac-reunion.fr\/clg-tamarins\/wp-json\/wp\/v2\/users\/30567"}],"replies":[{"embeddable":true,"href":"https:\/\/etab.ac-reunion.fr\/clg-tamarins\/wp-json\/wp\/v2\/comments?post=8651"}],"version-history":[{"count":6,"href":"https:\/\/etab.ac-reunion.fr\/clg-tamarins\/wp-json\/wp\/v2\/pages\/8651\/revisions"}],"predecessor-version":[{"id":8738,"href":"https:\/\/etab.ac-reunion.fr\/clg-tamarins\/wp-json\/wp\/v2\/pages\/8651\/revisions\/8738"}],"wp:attachment":[{"href":"https:\/\/etab.ac-reunion.fr\/clg-tamarins\/wp-json\/wp\/v2\/media?parent=8651"}],"curies":[{"name":"wp","href":"https:\/\/api.w.org\/{rel}","templated":true}]}}

<p><img loading="lazy" decoding="async" class="alignnone size-full wp-image-8737" src="https://etab.ac-reunion.fr/clg-tamarins/wp-content/uploads/sites/56/2023/09/logo-pour-le-projet-MIndSetGO-2.0-.png" alt="" width="2360" height="1640" srcset="https://etab.ac-reunion.fr/clg-tamarins/wp-content/uploads/sites/56/2023/09/logo-pour-le-projet-MIndSetGO-2.0-.png 2360w, https://etab.ac-reunion.fr/clg-tamarins/wp-content/uploads/sites/56/2023/09/logo-pour-le-projet-MIndSetGO-2.0--300x208.png 300w, https://etab.ac-reunion.fr/clg-tamarins/wp-content/uploads/sites/56/2023/09/logo-pour-le-projet-MIndSetGO-2.0--1024x712.png 1024w, https://etab.ac-reunion.fr/clg-tamarins/wp-content/uploads/sites/56/2023/09/logo-pour-le-projet-MIndSetGO-2.0--768x534.png 768w, https://etab.ac-reunion.fr/clg-tamarins/wp-content/uploads/sites/56/2023/09/logo-pour-le-projet-MIndSetGO-2.0--1536x1067.png 1536w, https://etab.ac-reunion.fr/clg-tamarins/wp-content/uploads/sites/56/2023/09/logo-pour-le-projet-MIndSetGO-2.0--2048x1423.png 2048w, https://etab.ac-reunion.fr/clg-tamarins/wp-content/uploads/sites/56/2023/09/logo-pour-le-projet-MIndSetGO-2.0--150x104.png 150w" sizes="auto, (max-width: 2360px) 100vw, 2360px" /></p>


<div class="su-posts su-posts-default-loop ">

	
					
			
			<div id="su-post-8799" class="su-post ">

									<a class="su-post-thumbnail" href="https://etab.ac-reunion.fr/clg-tamarins/mobilite-erasmus-stage-de-formation-en-grece-consortium-academique/"><a href="https://etab.ac-reunion.fr/clg-tamarins/mobilite-erasmus-stage-de-formation-en-grece-consortium-academique/" title="Mobilité Erasmus + : Stage de formation en Grèce (Consortium académique)"><img loading="lazy" decoding="async" width="106" height="150" src="https://etab.ac-reunion.fr/clg-tamarins/wp-content/uploads/sites/56/2023/11/doc08700820231106154439_001-106x150.jpg" class="attachment-post-thumbnail size-post-thumbnail wp-post-image" alt="" srcset="https://etab.ac-reunion.fr/clg-tamarins/wp-content/uploads/sites/56/2023/11/doc08700820231106154439_001-106x150.jpg 106w, https://etab.ac-reunion.fr/clg-tamarins/wp-content/uploads/sites/56/2023/11/doc08700820231106154439_001-212x300.jpg 212w, https://etab.ac-reunion.fr/clg-tamarins/wp-content/uploads/sites/56/2023/11/doc08700820231106154439_001-724x1024.jpg 724w, https://etab.ac-reunion.fr/clg-tamarins/wp-content/uploads/sites/56/2023/11/doc08700820231106154439_001-768x1086.jpg 768w, https://etab.ac-reunion.fr/clg-tamarins/wp-content/uploads/sites/56/2023/11/doc08700820231106154439_001-1086x1536.jpg 1086w, https://etab.ac-reunion.fr/clg-tamarins/wp-content/uploads/sites/56/2023/11/doc08700820231106154439_001-1448x2048.jpg 1448w, https://etab.ac-reunion.fr/clg-tamarins/wp-content/uploads/sites/56/2023/11/doc08700820231106154439_001-scaled.jpg 1810w" sizes="auto, (max-width: 106px) 100vw, 106px" /></a></a>
				
				<h2 class="su-post-title"><a href="https://etab.ac-reunion.fr/clg-tamarins/mobilite-erasmus-stage-de-formation-en-grece-consortium-academique/">Mobilité Erasmus + : Stage de formation en Grèce (Consortium académique)</a></h2>

				<div class="su-post-meta">
					Publié: 6 novembre 2023				</div>

				<div class="su-post-excerpt">
					<p class="continue-reading-button"> <a class="continue-reading-link" href="https://etab.ac-reunion.fr/clg-tamarins/mobilite-erasmus-stage-de-formation-en-grece-consortium-academique/">Continuer à lire<i class="crycon-right-dir"></i></a></p>
				</div>

				
			</div>

					
			
			<div id="su-post-8750" class="su-post ">

									<a class="su-post-thumbnail" href="https://etab.ac-reunion.fr/clg-tamarins/realisation-dune-peinture-murale-pour-le-projet-mindset-go-2-0/"><a href="https://etab.ac-reunion.fr/clg-tamarins/realisation-dune-peinture-murale-pour-le-projet-mindset-go-2-0/" title="Réalisation d&#039;une peinture murale pour le projet MINDSET GO! 2.0"><img loading="lazy" decoding="async" width="150" height="106" src="https://etab.ac-reunion.fr/clg-tamarins/wp-content/uploads/sites/56/2023/10/illustratiob_mindsetgo-150x106.jpg" class="attachment-post-thumbnail size-post-thumbnail wp-post-image" alt="" srcset="https://etab.ac-reunion.fr/clg-tamarins/wp-content/uploads/sites/56/2023/10/illustratiob_mindsetgo-150x106.jpg 150w, https://etab.ac-reunion.fr/clg-tamarins/wp-content/uploads/sites/56/2023/10/illustratiob_mindsetgo-300x211.jpg 300w, https://etab.ac-reunion.fr/clg-tamarins/wp-content/uploads/sites/56/2023/10/illustratiob_mindsetgo-1024x721.jpg 1024w, https://etab.ac-reunion.fr/clg-tamarins/wp-content/uploads/sites/56/2023/10/illustratiob_mindsetgo-768x541.jpg 768w, https://etab.ac-reunion.fr/clg-tamarins/wp-content/uploads/sites/56/2023/10/illustratiob_mindsetgo-1536x1082.jpg 1536w, https://etab.ac-reunion.fr/clg-tamarins/wp-content/uploads/sites/56/2023/10/illustratiob_mindsetgo-2048x1442.jpg 2048w" sizes="auto, (max-width: 150px) 100vw, 150px" /></a></a>
				
				<h2 class="su-post-title"><a href="https://etab.ac-reunion.fr/clg-tamarins/realisation-dune-peinture-murale-pour-le-projet-mindset-go-2-0/">Réalisation d&rsquo;une peinture murale pour le projet MINDSET GO! 2.0</a></h2>

				<div class="su-post-meta">
					Publié: 11 octobre 2023				</div>

				<div class="su-post-excerpt">
					<p class="continue-reading-button"> <a class="continue-reading-link" href="https://etab.ac-reunion.fr/clg-tamarins/realisation-dune-peinture-murale-pour-le-projet-mindset-go-2-0/">Continuer à lire<i class="crycon-right-dir"></i></a></p>
				</div>

				
			</div>

					
			
			<div id="su-post-8658" class="su-post ">

									<a class="su-post-thumbnail" href="https://etab.ac-reunion.fr/clg-tamarins/mindset-go-2-0/"><a href="https://etab.ac-reunion.fr/clg-tamarins/mindset-go-2-0/" title="MindSet Go! 2.0"><img loading="lazy" decoding="async" width="106" height="150" src="https://etab.ac-reunion.fr/clg-tamarins/wp-content/uploads/sites/56/2023/06/mind_set_go_2-106x150.jpg" class="attachment-post-thumbnail size-post-thumbnail wp-post-image" alt="" srcset="https://etab.ac-reunion.fr/clg-tamarins/wp-content/uploads/sites/56/2023/06/mind_set_go_2-106x150.jpg 106w, https://etab.ac-reunion.fr/clg-tamarins/wp-content/uploads/sites/56/2023/06/mind_set_go_2-212x300.jpg 212w, https://etab.ac-reunion.fr/clg-tamarins/wp-content/uploads/sites/56/2023/06/mind_set_go_2-724x1024.jpg 724w, https://etab.ac-reunion.fr/clg-tamarins/wp-content/uploads/sites/56/2023/06/mind_set_go_2-768x1086.jpg 768w, https://etab.ac-reunion.fr/clg-tamarins/wp-content/uploads/sites/56/2023/06/mind_set_go_2-1086x1536.jpg 1086w, https://etab.ac-reunion.fr/clg-tamarins/wp-content/uploads/sites/56/2023/06/mind_set_go_2-1448x2048.jpg 1448w, https://etab.ac-reunion.fr/clg-tamarins/wp-content/uploads/sites/56/2023/06/mind_set_go_2-scaled.jpg 1810w" sizes="auto, (max-width: 106px) 100vw, 106px" /></a></a>
				
				<h2 class="su-post-title"><a href="https://etab.ac-reunion.fr/clg-tamarins/mindset-go-2-0/">MindSet Go! 2.0</a></h2>

				<div class="su-post-meta">
					Publié: 30 juin 2023				</div>

				<div class="su-post-excerpt">
					<p>Lien de téléchargement ci-dessous: fiche mindset GO! 2.0</p>
<p class="continue-reading-button"> <a class="continue-reading-link" href="https://etab.ac-reunion.fr/clg-tamarins/mindset-go-2-0/">Continuer à lire<i class="crycon-right-dir"></i></a></p>
				</div>

				
			</div>

		
	
</div>

<p>&nbsp;</p>

<p>&nbsp;</p>
<p class="continue-reading-button"> <a class="continue-reading-link" href="https://etab.ac-reunion.fr/clg-tamarins/mindset-go-2-0/">Continuer à lire<i class="crycon-right-dir"></i></a></p>
