{"id":8754,"date":"2023-10-09T08:42:36","date_gmt":"2023-10-09T04:42:36","guid":{"rendered":"https:\/\/etab.ac-reunion.fr\/clg-tamarins\/?page_id=8754"},"modified":"2024-07-10T10:34:44","modified_gmt":"2024-07-10T06:34:44","slug":"cordees-de-la-reussite","status":"publish","type":"page","link":"https:\/\/etab.ac-reunion.fr\/clg-tamarins\/cordees-de-la-reussite\/","title":{"rendered":"Cord\u00e9es de la R\u00e9ussite"},"content":{"rendered":"<p><img loading=\"lazy\" decoding=\"async\" class=\"alignnone size-full wp-image-9311\" src=\"https:\/\/etab.ac-reunion.fr\/clg-tamarins\/wp-content\/uploads\/sites\/56\/2024\/07\/CORDEES-DE-LA-REUSSITE-Presentation-du-dispositif-CORDEES-DE-LA-REUSSITE-Presentation-du-dispositif_modif.jpg\" alt=\"\" width=\"1240\" height=\"1754\" srcset=\"https:\/\/etab.ac-reunion.fr\/clg-tamarins\/wp-content\/uploads\/sites\/56\/2024\/07\/CORDEES-DE-LA-REUSSITE-Presentation-du-dispositif-CORDEES-DE-LA-REUSSITE-Presentation-du-dispositif_modif.jpg 1240w, https:\/\/etab.ac-reunion.fr\/clg-tamarins\/wp-content\/uploads\/sites\/56\/2024\/07\/CORDEES-DE-LA-REUSSITE-Presentation-du-dispositif-CORDEES-DE-LA-REUSSITE-Presentation-du-dispositif_modif-212x300.jpg 212w, https:\/\/etab.ac-reunion.fr\/clg-tamarins\/wp-content\/uploads\/sites\/56\/2024\/07\/CORDEES-DE-LA-REUSSITE-Presentation-du-dispositif-CORDEES-DE-LA-REUSSITE-Presentation-du-dispositif_modif-724x1024.jpg 724w, https:\/\/etab.ac-reunion.fr\/clg-tamarins\/wp-content\/uploads\/sites\/56\/2024\/07\/CORDEES-DE-LA-REUSSITE-Presentation-du-dispositif-CORDEES-DE-LA-REUSSITE-Presentation-du-dispositif_modif-768x1086.jpg 768w, https:\/\/etab.ac-reunion.fr\/clg-tamarins\/wp-content\/uploads\/sites\/56\/2024\/07\/CORDEES-DE-LA-REUSSITE-Presentation-du-dispositif-CORDEES-DE-LA-REUSSITE-Presentation-du-dispositif_modif-1086x1536.jpg 1086w, https:\/\/etab.ac-reunion.fr\/clg-tamarins\/wp-content\/uploads\/sites\/56\/2024\/07\/CORDEES-DE-LA-REUSSITE-Presentation-du-dispositif-CORDEES-DE-LA-REUSSITE-Presentation-du-dispositif_modif-106x150.jpg 106w\" sizes=\"auto, (max-width: 1240px) 100vw, 1240px\" \/><\/p>\n\n\n<div class=\"su-posts su-posts-default-loop \">\n\n\t\n\t\t\t\t\t\n\t\t\t\n\t\t\t<div id=\"su-post-9562\" class=\"su-post \">\n\n\t\t\t\t\t\t\t\t\t<a class=\"su-post-thumbnail\" href=\"https:\/\/etab.ac-reunion.fr\/clg-tamarins\/actualite-des-cordees-de-la-reussite-2024-2025\/\"><a href=\"https:\/\/etab.ac-reunion.fr\/clg-tamarins\/actualite-des-cordees-de-la-reussite-2024-2025\/\" title=\"Actualit\u00e9 des Cord\u00e9es de la R\u00e9ussite 2024\/2025\"><img loading=\"lazy\" decoding=\"async\" width=\"106\" height=\"150\" src=\"https:\/\/etab.ac-reunion.fr\/clg-tamarins\/wp-content\/uploads\/sites\/56\/2025\/06\/doc10913820250626085140_001-106x150.jpg\" class=\"attachment-post-thumbnail size-post-thumbnail wp-post-image\" alt=\"\" srcset=\"https:\/\/etab.ac-reunion.fr\/clg-tamarins\/wp-content\/uploads\/sites\/56\/2025\/06\/doc10913820250626085140_001-106x150.jpg 106w, https:\/\/etab.ac-reunion.fr\/clg-tamarins\/wp-content\/uploads\/sites\/56\/2025\/06\/doc10913820250626085140_001-212x300.jpg 212w, https:\/\/etab.ac-reunion.fr\/clg-tamarins\/wp-content\/uploads\/sites\/56\/2025\/06\/doc10913820250626085140_001-724x1024.jpg 724w, https:\/\/etab.ac-reunion.fr\/clg-tamarins\/wp-content\/uploads\/sites\/56\/2025\/06\/doc10913820250626085140_001-768x1086.jpg 768w, https:\/\/etab.ac-reunion.fr\/clg-tamarins\/wp-content\/uploads\/sites\/56\/2025\/06\/doc10913820250626085140_001-1086x1536.jpg 1086w, https:\/\/etab.ac-reunion.fr\/clg-tamarins\/wp-content\/uploads\/sites\/56\/2025\/06\/doc10913820250626085140_001-1448x2048.jpg 1448w, https:\/\/etab.ac-reunion.fr\/clg-tamarins\/wp-content\/uploads\/sites\/56\/2025\/06\/doc10913820250626085140_001-scaled.jpg 1810w\" sizes=\"auto, (max-width: 106px) 100vw, 106px\" \/><\/a><\/a>\n\t\t\t\t\n\t\t\t\t<h2 class=\"su-post-title\"><a href=\"https:\/\/etab.ac-reunion.fr\/clg-tamarins\/actualite-des-cordees-de-la-reussite-2024-2025\/\">Actualit\u00e9 des Cord\u00e9es de la R\u00e9ussite 2024\/2025<\/a><\/h2>\n\n\t\t\t\t<div class=\"su-post-meta\">\n\t\t\t\t\tPubli\u00e9: 26 juin 2025\t\t\t\t<\/div>\n\n\t\t\t\t<div class=\"su-post-excerpt\">\n\t\t\t\t\t<p class=\"continue-reading-button\"> <a class=\"continue-reading-link\" href=\"https:\/\/etab.ac-reunion.fr\/clg-tamarins\/actualite-des-cordees-de-la-reussite-2024-2025\/\">Continuer \u00e0 lire<i class=\"crycon-right-dir\"><\/i><\/a><\/p>\n\t\t\t\t<\/div>\n\n\t\t\t\t\n\t\t\t<\/div>\n\n\t\t\t\t\t\n\t\t\t\n\t\t\t<div id=\"su-post-9292\" class=\"su-post \">\n\n\t\t\t\t\t\t\t\t\t<a class=\"su-post-thumbnail\" href=\"https:\/\/etab.ac-reunion.fr\/clg-tamarins\/actualite-des-cordees-de-la-reussite-2023-2024\/\"><a href=\"https:\/\/etab.ac-reunion.fr\/clg-tamarins\/actualite-des-cordees-de-la-reussite-2023-2024\/\" title=\"Actualit\u00e9 des Cord\u00e9es de la R\u00e9ussite 2023\/2024\"><img loading=\"lazy\" decoding=\"async\" width=\"106\" height=\"150\" src=\"https:\/\/etab.ac-reunion.fr\/clg-tamarins\/wp-content\/uploads\/sites\/56\/2024\/07\/Article-2-Cordees-Article-2-Cordees2-106x150.jpg\" class=\"attachment-post-thumbnail size-post-thumbnail wp-post-image\" alt=\"\" srcset=\"https:\/\/etab.ac-reunion.fr\/clg-tamarins\/wp-content\/uploads\/sites\/56\/2024\/07\/Article-2-Cordees-Article-2-Cordees2-106x150.jpg 106w, https:\/\/etab.ac-reunion.fr\/clg-tamarins\/wp-content\/uploads\/sites\/56\/2024\/07\/Article-2-Cordees-Article-2-Cordees2-212x300.jpg 212w, https:\/\/etab.ac-reunion.fr\/clg-tamarins\/wp-content\/uploads\/sites\/56\/2024\/07\/Article-2-Cordees-Article-2-Cordees2-724x1024.jpg 724w, https:\/\/etab.ac-reunion.fr\/clg-tamarins\/wp-content\/uploads\/sites\/56\/2024\/07\/Article-2-Cordees-Article-2-Cordees2-768x1086.jpg 768w, https:\/\/etab.ac-reunion.fr\/clg-tamarins\/wp-content\/uploads\/sites\/56\/2024\/07\/Article-2-Cordees-Article-2-Cordees2-1086x1536.jpg 1086w, https:\/\/etab.ac-reunion.fr\/clg-tamarins\/wp-content\/uploads\/sites\/56\/2024\/07\/Article-2-Cordees-Article-2-Cordees2.jpg 1240w\" sizes=\"auto, (max-width: 106px) 100vw, 106px\" \/><\/a><\/a>\n\t\t\t\t\n\t\t\t\t<h2 class=\"su-post-title\"><a href=\"https:\/\/etab.ac-reunion.fr\/clg-tamarins\/actualite-des-cordees-de-la-reussite-2023-2024\/\">Actualit\u00e9 des Cord\u00e9es de la R\u00e9ussite 2023\/2024<\/a><\/h2>\n\n\t\t\t\t<div class=\"su-post-meta\">\n\t\t\t\t\tPubli\u00e9: 10 juillet 2024\t\t\t\t<\/div>\n\n\t\t\t\t<div class=\"su-post-excerpt\">\n\t\t\t\t\t<p class=\"continue-reading-button\"> <a class=\"continue-reading-link\" href=\"https:\/\/etab.ac-reunion.fr\/clg-tamarins\/actualite-des-cordees-de-la-reussite-2023-2024\/\">Continuer \u00e0 lire<i class=\"crycon-right-dir\"><\/i><\/a><\/p>\n\t\t\t\t<\/div>\n\n\t\t\t\t\n\t\t\t<\/div>\n\n\t\t\t\t\t\n\t\t\t\n\t\t\t<div id=\"su-post-8739\" class=\"su-post \">\n\n\t\t\t\t\t\t\t\t\t<a class=\"su-post-thumbnail\" href=\"https:\/\/etab.ac-reunion.fr\/clg-tamarins\/les-cordees-de-la-reussite-ansamb\/\"><a href=\"https:\/\/etab.ac-reunion.fr\/clg-tamarins\/les-cordees-de-la-reussite-ansamb\/\" title=\"Les Cord\u00e9es de la R\u00e9ussite : ANSAMB\"><img loading=\"lazy\" decoding=\"async\" width=\"150\" height=\"38\" src=\"https:\/\/etab.ac-reunion.fr\/clg-tamarins\/wp-content\/uploads\/sites\/56\/2023\/10\/cordees-de-la-reussite-ansamb1-150x38.png\" class=\"attachment-post-thumbnail size-post-thumbnail wp-post-image\" alt=\"\" srcset=\"https:\/\/etab.ac-reunion.fr\/clg-tamarins\/wp-content\/uploads\/sites\/56\/2023\/10\/cordees-de-la-reussite-ansamb1-150x38.png 150w, https:\/\/etab.ac-reunion.fr\/clg-tamarins\/wp-content\/uploads\/sites\/56\/2023\/10\/cordees-de-la-reussite-ansamb1-300x76.png 300w, https:\/\/etab.ac-reunion.fr\/clg-tamarins\/wp-content\/uploads\/sites\/56\/2023\/10\/cordees-de-la-reussite-ansamb1.png 319w\" sizes=\"auto, (max-width: 150px) 100vw, 150px\" \/><\/a><\/a>\n\t\t\t\t\n\t\t\t\t<h2 class=\"su-post-title\"><a href=\"https:\/\/etab.ac-reunion.fr\/clg-tamarins\/les-cordees-de-la-reussite-ansamb\/\">Les Cord\u00e9es de la R\u00e9ussite : ANSAMB<\/a><\/h2>\n\n\t\t\t\t<div class=\"su-post-meta\">\n\t\t\t\t\tPubli\u00e9: 5 octobre 2023\t\t\t\t<\/div>\n\n\t\t\t\t<div class=\"su-post-excerpt\">\n\t\t\t\t\t<p class=\"continue-reading-button\"> <a class=\"continue-reading-link\" href=\"https:\/\/etab.ac-reunion.fr\/clg-tamarins\/les-cordees-de-la-reussite-ansamb\/\">Continuer \u00e0 lire<i class=\"crycon-right-dir\"><\/i><\/a><\/p>\n\t\t\t\t<\/div>\n\n\t\t\t\t\n\t\t\t<\/div>\n\n\t\t\n\t\n<\/div>\n\n","protected":false},"excerpt":{"rendered":"<p class=\"continue-reading-button\"> <a class=\"continue-reading-link\" href=\"https:\/\/etab.ac-reunion.fr\/clg-tamarins\/les-cordees-de-la-reussite-ansamb\/\">Continuer \u00e0 lire<i class=\"crycon-right-dir\"><\/i><\/a><\/p>\n","protected":false},"author":30567,"featured_media":0,"parent":0,"menu_order":0,"comment_status":"closed","ping_status":"closed","template":"","meta":{"footnotes":""},"class_list":["post-8754","page","type-page","status-publish","hentry"],"_links":{"self":[{"href":"https:\/\/etab.ac-reunion.fr\/clg-tamarins\/wp-json\/wp\/v2\/pages\/8754","targetHints":{"allow":["GET"]}}],"collection":[{"href":"https:\/\/etab.ac-reunion.fr\/clg-tamarins\/wp-json\/wp\/v2\/pages"}],"about":[{"href":"https:\/\/etab.ac-reunion.fr\/clg-tamarins\/wp-json\/wp\/v2\/types\/page"}],"author":[{"embeddable":true,"href":"https:\/\/etab.ac-reunion.fr\/clg-tamarins\/wp-json\/wp\/v2\/users\/30567"}],"replies":[{"embeddable":true,"href":"https:\/\/etab.ac-reunion.fr\/clg-tamarins\/wp-json\/wp\/v2\/comments?post=8754"}],"version-history":[{"count":5,"href":"https:\/\/etab.ac-reunion.fr\/clg-tamarins\/wp-json\/wp\/v2\/pages\/8754\/revisions"}],"predecessor-version":[{"id":9312,"href":"https:\/\/etab.ac-reunion.fr\/clg-tamarins\/wp-json\/wp\/v2\/pages\/8754\/revisions\/9312"}],"wp:attachment":[{"href":"https:\/\/etab.ac-reunion.fr\/clg-tamarins\/wp-json\/wp\/v2\/media?parent=8754"}],"curies":[{"name":"wp","href":"https:\/\/api.w.org\/{rel}","templated":true}]}}