{"id":4294,"date":"2023-09-13T18:57:33","date_gmt":"2023-09-13T14:57:33","guid":{"rendered":"https:\/\/etab.ac-reunion.fr\/clg-terrain-fayard\/?page_id=4294"},"modified":"2024-09-13T10:09:34","modified_gmt":"2024-09-13T06:09:34","slug":"co","status":"publish","type":"page","link":"https:\/\/etab.ac-reunion.fr\/clg-terrain-fayard\/co\/","title":{"rendered":"Se connecter \u00e0 Educonnect"},"content":{"rendered":"\n<ul class=\"wp-block-list\">\n<li>Nouveau tutoriel t\u00e9l\u00e9chargeable : Se connecter \u00e0 Educonnect avec FRANCE CONNECT<\/li>\n<\/ul>\n\n\n\n<div data-wp-interactive=\"core\/file\" class=\"wp-block-file\"><object data-wp-bind--hidden=\"!state.hasPdfPreview\" hidden class=\"wp-block-file__embed\" data=\"https:\/\/etab.ac-reunion.fr\/clg-terrain-fayard\/wp-content\/uploads\/sites\/51\/2024\/09\/Se-connecter-a-Educonnect-via-France-Connect.pdf\" type=\"application\/pdf\" style=\"width:100%;height:600px\" aria-label=\"Contenu embarqu\u00e9 Se connecter a Educonnect via France Connect.\"><\/object><a id=\"wp-block-file--media-b93329ec-01ff-40b6-8179-49d9aa6be011\" href=\"https:\/\/etab.ac-reunion.fr\/clg-terrain-fayard\/wp-content\/uploads\/sites\/51\/2024\/09\/Se-connecter-a-Educonnect-via-France-Connect.pdf\">Se connecter a Educonnect via France Connect<\/a><a href=\"https:\/\/etab.ac-reunion.fr\/clg-terrain-fayard\/wp-content\/uploads\/sites\/51\/2024\/09\/Se-connecter-a-Educonnect-via-France-Connect.pdf\" class=\"wp-block-file__button wp-element-button\" download aria-describedby=\"wp-block-file--media-b93329ec-01ff-40b6-8179-49d9aa6be011\">T\u00e9l\u00e9charger<\/a><\/div>\n\n\n\n<p>Merci \u00e0 l&rsquo;AED TICE du coll\u00e8ge, M. SAMELOR Willy pour la conception du TUTORIEL.<\/p>\n","protected":false},"excerpt":{"rendered":"<p>Merci \u00e0 l&rsquo;AED TICE du coll\u00e8ge, M. SAMELOR Willy pour la conception du TUTORIEL.<\/p>\n<p> <a class=\"continue-reading-link\" href=\"https:\/\/etab.ac-reunion.fr\/clg-terrain-fayard\/co\/\"><span>Lire plus<\/span><i class=\"crycon-right-dir\"><\/i><\/a> <\/p>\n","protected":false},"author":12914,"featured_media":0,"parent":0,"menu_order":0,"comment_status":"closed","ping_status":"closed","template":"","meta":{"footnotes":""},"class_list":["post-4294","page","type-page","status-publish","hentry"],"_links":{"self":[{"href":"https:\/\/etab.ac-reunion.fr\/clg-terrain-fayard\/wp-json\/wp\/v2\/pages\/4294","targetHints":{"allow":["GET"]}}],"collection":[{"href":"https:\/\/etab.ac-reunion.fr\/clg-terrain-fayard\/wp-json\/wp\/v2\/pages"}],"about":[{"href":"https:\/\/etab.ac-reunion.fr\/clg-terrain-fayard\/wp-json\/wp\/v2\/types\/page"}],"author":[{"embeddable":true,"href":"https:\/\/etab.ac-reunion.fr\/clg-terrain-fayard\/wp-json\/wp\/v2\/users\/12914"}],"replies":[{"embeddable":true,"href":"https:\/\/etab.ac-reunion.fr\/clg-terrain-fayard\/wp-json\/wp\/v2\/comments?post=4294"}],"version-history":[{"count":14,"href":"https:\/\/etab.ac-reunion.fr\/clg-terrain-fayard\/wp-json\/wp\/v2\/pages\/4294\/revisions"}],"predecessor-version":[{"id":4995,"href":"https:\/\/etab.ac-reunion.fr\/clg-terrain-fayard\/wp-json\/wp\/v2\/pages\/4294\/revisions\/4995"}],"wp:attachment":[{"href":"https:\/\/etab.ac-reunion.fr\/clg-terrain-fayard\/wp-json\/wp\/v2\/media?parent=4294"}],"curies":[{"name":"wp","href":"https:\/\/api.w.org\/{rel}","templated":true}]}}