{"id":5031,"date":"2024-09-15T08:36:51","date_gmt":"2024-09-15T04:36:51","guid":{"rendered":"https:\/\/etab.ac-reunion.fr\/clg-terrain-fayard\/?page_id=5031"},"modified":"2025-12-02T10:22:41","modified_gmt":"2025-12-02T06:22:41","slug":"presentation-vie-scolaire","status":"publish","type":"page","link":"https:\/\/etab.ac-reunion.fr\/clg-terrain-fayard\/presentation-vie-scolaire\/","title":{"rendered":"La vie scolaire"},"content":{"rendered":"\n<p><strong>Quel est son r\u00f4le&nbsp;?<\/strong><\/p>\n\n\n\n<p>Le service vie scolaire du coll\u00e8ge s\u2019attache \u00e0 placer les \u00e9l\u00e8ves dans les meilleures conditions de r\u00e9ussites individuelle et collective et d\u2019\u00e9panouissement personnel. C\u2019est un point central de l\u2019\u00e9tablissement qui assure la surveillance et le bon d\u00e9roulement des activit\u00e9s. Les moments pass\u00e9s en dehors de la classe sont particuli\u00e8rement importants&nbsp;: r\u00e9cr\u00e9ations, intercours, pause m\u00e9ridienne, entr\u00e9e et sorties, heures de permanences\u2026<\/p>\n\n\n\n<p><strong>Quels sont les personnels qui la composent&nbsp;?<\/strong><\/p>\n\n\n\n<p><em>Le conseiller principal d\u2019\u00e9ducation<\/em>, sous l\u2019autorit\u00e9 du chef d\u2019\u00e9tablissement, est charg\u00e9 de l\u2019organisation du service et coordonne les activit\u00e9s des assistants(es) d\u2019\u00e9ducation qui veillent tout particuli\u00e8rement \u00e0 la surveillance et au contr\u00f4le des absences.<\/p>\n\n\n\n<p><strong>O\u00f9 et quand dois-je m\u2019adresser \u00e0 la vie scolaire&nbsp;?<\/strong><\/p>\n\n\n\n<p><strong>\u2013<\/strong> Le bureau de la vie scolaire se trouve sous le pr\u00e9au du b\u00e2timent B.<\/p>\n\n\n\n<p><strong>\u2013<\/strong> Deux CPE sont pr\u00e9sents dans le coll\u00e8ge. Ils se r\u00e9partissent les niveaux de classe de la mani\u00e8re suivante&nbsp;:<\/p>\n\n\n\n<p><strong>\u2013<\/strong>\u00a0<strong>Mme GRONDIN <\/strong>s\u2019occupe du niveau 5<strong>\u00e8me<\/strong> et 3<strong>\u00e8me<\/strong>.<br><strong>\u2013<\/strong>\u00a0<strong>Mme DUCHEMANN<\/strong> est en charge du niveau 6<strong>\u00e8me<\/strong> et 4<strong>\u00e8me<\/strong>.<\/p>\n\n\n\n<p>Un panneau d\u2019affichage dans la cour indique les informations utiles (absences de professeurs, activit\u00e9s et vie coll\u00e9gienne\u2026)<\/p>\n\n\n\n<p><strong>Quelles sont les missions de la vie scolaire&nbsp;?<\/strong><\/p>\n\n\n\n<p><strong>\u2013<\/strong>&nbsp;\u00ab&nbsp;Garantir le respect des r\u00e8gles de vie et de droit au sein de l\u2019\u00e9tablissement par une politique \u00e9ducative qui cible l\u2019apprentissage de la citoyennet\u00e9 et le d\u00e9veloppement de l\u2019autonomie des \u00e9l\u00e8ves&nbsp;\u00bb<\/p>\n\n\n\n<p>Exemple&nbsp;: suivi des absences et appels des parents, contr\u00f4les des entr\u00e9es et sorties, s\u00e9curit\u00e9 des mouvements, permanences, oublis de carnet de correspondance, communication des informations relatives \u00e0 la scolarit\u00e9, \u00e9lection et formation des d\u00e9l\u00e9gu\u00e9s de classe, projets relatifs \u00e0 la citoyennet\u00e9\u2026<\/p>\n\n\n\n<p><strong>\u2013<\/strong>&nbsp;\u00ab&nbsp;Lutter contre toutes les formes de d\u00e9crochage scolaire (absent\u00e9isme, d\u00e9motivation, violences) par une action concert\u00e9e avec l\u2019ensemble des personnels et un renforcement des liens avec les parents d\u2019\u00e9l\u00e8ves&nbsp;\u00bb<\/p>\n\n\n\n<p><strong>Exemple&nbsp;:<\/strong>&nbsp;entretien CPE\/enseignants, dialogue avec les familles, travail en partenariat avec le service m\u00e9dico-social, actions \u00e9ducatives de pr\u00e9vention\u2026<\/p>\n\n\n\n<p><strong>\u2013<\/strong>&nbsp;La vie scolaire est aussi un acteur-cl\u00e9 pour assurer le respect du r\u00e8glement int\u00e9rieur&nbsp;: elle tient le registre des sanctions scolaires et est associ\u00e9e aux d\u00e9cisions prises par la Direction concernant les sanctions disciplinaires<\/p>\n\n\n\n<p><strong>Les Assistants d&rsquo;\u00e9ducation.<\/strong><\/p>\n\n\n\n<figure class=\"wp-block-gallery has-nested-images columns-default is-cropped wp-block-gallery-1 is-layout-flex wp-block-gallery-is-layout-flex\">\n<figure data-wp-context=\"{&quot;imageId&quot;:&quot;69de33ff9fa5b&quot;}\" data-wp-interactive=\"core\/image\" data-wp-key=\"69de33ff9fa5b\" class=\"wp-block-image size-large is-style-default wp-lightbox-container\"><img loading=\"lazy\" decoding=\"async\" width=\"2560\" height=\"1920\" data-wp-class--hide=\"state.isContentHidden\" data-wp-class--show=\"state.isContentVisible\" data-wp-init=\"callbacks.setButtonStyles\" data-wp-on--click=\"actions.showLightbox\" data-wp-on--load=\"callbacks.setButtonStyles\" data-wp-on-window--resize=\"callbacks.setButtonStyles\" data-id=\"5079\" src=\"https:\/\/etab.ac-reunion.fr\/clg-terrain-fayard\/wp-content\/uploads\/sites\/51\/2024\/09\/P1000414-scaled.jpg\" alt=\"\" class=\"wp-image-5079\" \/><button\n\t\t\tclass=\"lightbox-trigger\"\n\t\t\ttype=\"button\"\n\t\t\taria-haspopup=\"dialog\"\n\t\t\taria-label=\"Agrandir\"\n\t\t\tdata-wp-init=\"callbacks.initTriggerButton\"\n\t\t\tdata-wp-on--click=\"actions.showLightbox\"\n\t\t\tdata-wp-style--right=\"state.imageButtonRight\"\n\t\t\tdata-wp-style--top=\"state.imageButtonTop\"\n\t\t>\n\t\t\t<svg xmlns=\"http:\/\/www.w3.org\/2000\/svg\" width=\"12\" height=\"12\" fill=\"none\" viewBox=\"0 0 12 12\">\n\t\t\t\t<path fill=\"#fff\" d=\"M2 0a2 2 0 0 0-2 2v2h1.5V2a.5.5 0 0 1 .5-.5h2V0H2Zm2 10.5H2a.5.5 0 0 1-.5-.5V8H0v2a2 2 0 0 0 2 2h2v-1.5ZM8 12v-1.5h2a.5.5 0 0 0 .5-.5V8H12v2a2 2 0 0 1-2 2H8Zm2-12a2 2 0 0 1 2 2v2h-1.5V2a.5.5 0 0 0-.5-.5H8V0h2Z\" \/>\n\t\t\t<\/svg>\n\t\t<\/button><\/figure>\n\n\n\n<figure data-wp-context=\"{&quot;imageId&quot;:&quot;69de33ffa0012&quot;}\" data-wp-interactive=\"core\/image\" data-wp-key=\"69de33ffa0012\" class=\"wp-block-image size-large is-style-default wp-lightbox-container\"><img loading=\"lazy\" decoding=\"async\" width=\"2560\" height=\"1920\" data-wp-class--hide=\"state.isContentHidden\" data-wp-class--show=\"state.isContentVisible\" data-wp-init=\"callbacks.setButtonStyles\" data-wp-on--click=\"actions.showLightbox\" data-wp-on--load=\"callbacks.setButtonStyles\" data-wp-on-window--resize=\"callbacks.setButtonStyles\" data-id=\"5078\" src=\"https:\/\/etab.ac-reunion.fr\/clg-terrain-fayard\/wp-content\/uploads\/sites\/51\/2024\/09\/P1000413-scaled.jpg\" alt=\"\" class=\"wp-image-5078\" \/><button\n\t\t\tclass=\"lightbox-trigger\"\n\t\t\ttype=\"button\"\n\t\t\taria-haspopup=\"dialog\"\n\t\t\taria-label=\"Agrandir\"\n\t\t\tdata-wp-init=\"callbacks.initTriggerButton\"\n\t\t\tdata-wp-on--click=\"actions.showLightbox\"\n\t\t\tdata-wp-style--right=\"state.imageButtonRight\"\n\t\t\tdata-wp-style--top=\"state.imageButtonTop\"\n\t\t>\n\t\t\t<svg xmlns=\"http:\/\/www.w3.org\/2000\/svg\" width=\"12\" height=\"12\" fill=\"none\" viewBox=\"0 0 12 12\">\n\t\t\t\t<path fill=\"#fff\" d=\"M2 0a2 2 0 0 0-2 2v2h1.5V2a.5.5 0 0 1 .5-.5h2V0H2Zm2 10.5H2a.5.5 0 0 1-.5-.5V8H0v2a2 2 0 0 0 2 2h2v-1.5ZM8 12v-1.5h2a.5.5 0 0 0 .5-.5V8H12v2a2 2 0 0 1-2 2H8Zm2-12a2 2 0 0 1 2 2v2h-1.5V2a.5.5 0 0 0-.5-.5H8V0h2Z\" \/>\n\t\t\t<\/svg>\n\t\t<\/button><\/figure>\n\n\n\n<figure data-wp-context=\"{&quot;imageId&quot;:&quot;69de33ffa0654&quot;}\" data-wp-interactive=\"core\/image\" data-wp-key=\"69de33ffa0654\" class=\"wp-block-image size-full is-style-default wp-lightbox-container\"><img decoding=\"async\" data-wp-class--hide=\"state.isContentHidden\" data-wp-class--show=\"state.isContentVisible\" data-wp-init=\"callbacks.setButtonStyles\" data-wp-on--click=\"actions.showLightbox\" data-wp-on--load=\"callbacks.setButtonStyles\" data-wp-on-window--resize=\"callbacks.setButtonStyles\" data-id=\"5077\" src=\"https:\/\/etab.ac-reunion.fr\/clg-terrain-fayard\/wp-content\/uploads\/sites\/51\/2024\/09\/P1000412-scaled-e1726468034945.jpg\" alt=\"\" class=\"wp-image-5077\" \/><button\n\t\t\tclass=\"lightbox-trigger\"\n\t\t\ttype=\"button\"\n\t\t\taria-haspopup=\"dialog\"\n\t\t\taria-label=\"Agrandir\"\n\t\t\tdata-wp-init=\"callbacks.initTriggerButton\"\n\t\t\tdata-wp-on--click=\"actions.showLightbox\"\n\t\t\tdata-wp-style--right=\"state.imageButtonRight\"\n\t\t\tdata-wp-style--top=\"state.imageButtonTop\"\n\t\t>\n\t\t\t<svg xmlns=\"http:\/\/www.w3.org\/2000\/svg\" width=\"12\" height=\"12\" fill=\"none\" viewBox=\"0 0 12 12\">\n\t\t\t\t<path fill=\"#fff\" d=\"M2 0a2 2 0 0 0-2 2v2h1.5V2a.5.5 0 0 1 .5-.5h2V0H2Zm2 10.5H2a.5.5 0 0 1-.5-.5V8H0v2a2 2 0 0 0 2 2h2v-1.5ZM8 12v-1.5h2a.5.5 0 0 0 .5-.5V8H12v2a2 2 0 0 1-2 2H8Zm2-12a2 2 0 0 1 2 2v2h-1.5V2a.5.5 0 0 0-.5-.5H8V0h2Z\" \/>\n\t\t\t<\/svg>\n\t\t<\/button><\/figure>\n\n\n\n<figure data-wp-context=\"{&quot;imageId&quot;:&quot;69de33ffa0c5b&quot;}\" data-wp-interactive=\"core\/image\" data-wp-key=\"69de33ffa0c5b\" class=\"wp-block-image size-full wp-lightbox-container\"><img loading=\"lazy\" decoding=\"async\" width=\"2560\" height=\"1920\" data-wp-class--hide=\"state.isContentHidden\" data-wp-class--show=\"state.isContentVisible\" data-wp-init=\"callbacks.setButtonStyles\" data-wp-on--click=\"actions.showLightbox\" data-wp-on--load=\"callbacks.setButtonStyles\" data-wp-on-window--resize=\"callbacks.setButtonStyles\" data-id=\"5266\" src=\"https:\/\/etab.ac-reunion.fr\/clg-terrain-fayard\/wp-content\/uploads\/sites\/51\/2024\/09\/P1000453-scaled.jpg\" alt=\"\" class=\"wp-image-5266\" srcset=\"https:\/\/etab.ac-reunion.fr\/clg-terrain-fayard\/wp-content\/uploads\/sites\/51\/2024\/09\/P1000453-scaled.jpg 2560w, https:\/\/etab.ac-reunion.fr\/clg-terrain-fayard\/wp-content\/uploads\/sites\/51\/2024\/09\/P1000453-267x200.jpg 267w, https:\/\/etab.ac-reunion.fr\/clg-terrain-fayard\/wp-content\/uploads\/sites\/51\/2024\/09\/P1000453-533x400.jpg 533w, https:\/\/etab.ac-reunion.fr\/clg-terrain-fayard\/wp-content\/uploads\/sites\/51\/2024\/09\/P1000453-768x576.jpg 768w, https:\/\/etab.ac-reunion.fr\/clg-terrain-fayard\/wp-content\/uploads\/sites\/51\/2024\/09\/P1000453-1536x1152.jpg 1536w, https:\/\/etab.ac-reunion.fr\/clg-terrain-fayard\/wp-content\/uploads\/sites\/51\/2024\/09\/P1000453-2048x1536.jpg 2048w, https:\/\/etab.ac-reunion.fr\/clg-terrain-fayard\/wp-content\/uploads\/sites\/51\/2024\/09\/P1000453-150x113.jpg 150w\" sizes=\"auto, (max-width: 2560px) 100vw, 2560px\" \/><button\n\t\t\tclass=\"lightbox-trigger\"\n\t\t\ttype=\"button\"\n\t\t\taria-haspopup=\"dialog\"\n\t\t\taria-label=\"Agrandir\"\n\t\t\tdata-wp-init=\"callbacks.initTriggerButton\"\n\t\t\tdata-wp-on--click=\"actions.showLightbox\"\n\t\t\tdata-wp-style--right=\"state.imageButtonRight\"\n\t\t\tdata-wp-style--top=\"state.imageButtonTop\"\n\t\t>\n\t\t\t<svg xmlns=\"http:\/\/www.w3.org\/2000\/svg\" width=\"12\" height=\"12\" fill=\"none\" viewBox=\"0 0 12 12\">\n\t\t\t\t<path fill=\"#fff\" d=\"M2 0a2 2 0 0 0-2 2v2h1.5V2a.5.5 0 0 1 .5-.5h2V0H2Zm2 10.5H2a.5.5 0 0 1-.5-.5V8H0v2a2 2 0 0 0 2 2h2v-1.5ZM8 12v-1.5h2a.5.5 0 0 0 .5-.5V8H12v2a2 2 0 0 1-2 2H8Zm2-12a2 2 0 0 1 2 2v2h-1.5V2a.5.5 0 0 0-.5-.5H8V0h2Z\" \/>\n\t\t\t<\/svg>\n\t\t<\/button><\/figure>\n\n\n\n<figure data-wp-context=\"{&quot;imageId&quot;:&quot;69de33ffa120c&quot;}\" data-wp-interactive=\"core\/image\" data-wp-key=\"69de33ffa120c\" class=\"wp-block-image size-large wp-lightbox-container\"><img decoding=\"async\" data-wp-class--hide=\"state.isContentHidden\" data-wp-class--show=\"state.isContentVisible\" data-wp-init=\"callbacks.setButtonStyles\" data-wp-on--click=\"actions.showLightbox\" data-wp-on--load=\"callbacks.setButtonStyles\" data-wp-on-window--resize=\"callbacks.setButtonStyles\" data-id=\"5267\" src=\"https:\/\/etab.ac-reunion.fr\/clg-terrain-fayard\/wp-content\/uploads\/sites\/51\/2024\/09\/P1000456-scaled-e1726642870811.jpg\" alt=\"\" class=\"wp-image-5267\" \/><button\n\t\t\tclass=\"lightbox-trigger\"\n\t\t\ttype=\"button\"\n\t\t\taria-haspopup=\"dialog\"\n\t\t\taria-label=\"Agrandir\"\n\t\t\tdata-wp-init=\"callbacks.initTriggerButton\"\n\t\t\tdata-wp-on--click=\"actions.showLightbox\"\n\t\t\tdata-wp-style--right=\"state.imageButtonRight\"\n\t\t\tdata-wp-style--top=\"state.imageButtonTop\"\n\t\t>\n\t\t\t<svg xmlns=\"http:\/\/www.w3.org\/2000\/svg\" width=\"12\" height=\"12\" fill=\"none\" viewBox=\"0 0 12 12\">\n\t\t\t\t<path fill=\"#fff\" d=\"M2 0a2 2 0 0 0-2 2v2h1.5V2a.5.5 0 0 1 .5-.5h2V0H2Zm2 10.5H2a.5.5 0 0 1-.5-.5V8H0v2a2 2 0 0 0 2 2h2v-1.5ZM8 12v-1.5h2a.5.5 0 0 0 .5-.5V8H12v2a2 2 0 0 1-2 2H8Zm2-12a2 2 0 0 1 2 2v2h-1.5V2a.5.5 0 0 0-.5-.5H8V0h2Z\" \/>\n\t\t\t<\/svg>\n\t\t<\/button><\/figure>\n\n\n\n<figure data-wp-context=\"{&quot;imageId&quot;:&quot;69de33ffa172d&quot;}\" data-wp-interactive=\"core\/image\" data-wp-key=\"69de33ffa172d\" class=\"wp-block-image size-full is-style-default wp-lightbox-container\"><img decoding=\"async\" data-wp-class--hide=\"state.isContentHidden\" data-wp-class--show=\"state.isContentVisible\" data-wp-init=\"callbacks.setButtonStyles\" data-wp-on--click=\"actions.showLightbox\" data-wp-on--load=\"callbacks.setButtonStyles\" data-wp-on-window--resize=\"callbacks.setButtonStyles\" data-id=\"5076\" src=\"https:\/\/etab.ac-reunion.fr\/clg-terrain-fayard\/wp-content\/uploads\/sites\/51\/2024\/09\/P1000409-scaled-e1726468047374.jpg\" alt=\"\" class=\"wp-image-5076\" \/><button\n\t\t\tclass=\"lightbox-trigger\"\n\t\t\ttype=\"button\"\n\t\t\taria-haspopup=\"dialog\"\n\t\t\taria-label=\"Agrandir\"\n\t\t\tdata-wp-init=\"callbacks.initTriggerButton\"\n\t\t\tdata-wp-on--click=\"actions.showLightbox\"\n\t\t\tdata-wp-style--right=\"state.imageButtonRight\"\n\t\t\tdata-wp-style--top=\"state.imageButtonTop\"\n\t\t>\n\t\t\t<svg xmlns=\"http:\/\/www.w3.org\/2000\/svg\" width=\"12\" height=\"12\" fill=\"none\" viewBox=\"0 0 12 12\">\n\t\t\t\t<path fill=\"#fff\" d=\"M2 0a2 2 0 0 0-2 2v2h1.5V2a.5.5 0 0 1 .5-.5h2V0H2Zm2 10.5H2a.5.5 0 0 1-.5-.5V8H0v2a2 2 0 0 0 2 2h2v-1.5ZM8 12v-1.5h2a.5.5 0 0 0 .5-.5V8H12v2a2 2 0 0 1-2 2H8Zm2-12a2 2 0 0 1 2 2v2h-1.5V2a.5.5 0 0 0-.5-.5H8V0h2Z\" \/>\n\t\t\t<\/svg>\n\t\t<\/button><\/figure>\n<\/figure>\n\n\n\n<p><\/p>\n","protected":false},"excerpt":{"rendered":"<p>Quel est son r\u00f4le&nbsp;? Le service vie scolaire du coll\u00e8ge s\u2019attache \u00e0 placer les \u00e9l\u00e8ves dans les meilleures conditions de r\u00e9ussites individuelle et collective et d\u2019\u00e9panouissement personnel. C\u2019est un point central de l\u2019\u00e9tablissement qui assure la surveillance et le bon d\u00e9roulement des activit\u00e9s. Les moments pass\u00e9s en dehors de la classe sont particuli\u00e8rement importants&nbsp;: r\u00e9cr\u00e9ations, intercours, pause m\u00e9ridienne, entr\u00e9e et sorties, heures de permanences\u2026 Quels sont les personnels qui la composent&nbsp;? Le conseiller principal d\u2019\u00e9ducation, sous l\u2019autorit\u00e9 du chef d\u2019\u00e9tablissement, est charg\u00e9 de l\u2019organisation du service et coordonne les activit\u00e9s des assistants(es) d\u2019\u00e9ducation qui veillent tout particuli\u00e8rement \u00e0 la surveillance&#8230;<\/p>\n<p> <a class=\"continue-reading-link\" href=\"https:\/\/etab.ac-reunion.fr\/clg-terrain-fayard\/presentation-vie-scolaire\/\"><span>Lire plus<\/span><i class=\"crycon-right-dir\"><\/i><\/a> <\/p>\n","protected":false},"author":12914,"featured_media":0,"parent":0,"menu_order":0,"comment_status":"closed","ping_status":"closed","template":"","meta":{"footnotes":""},"class_list":["post-5031","page","type-page","status-publish","hentry"],"_links":{"self":[{"href":"https:\/\/etab.ac-reunion.fr\/clg-terrain-fayard\/wp-json\/wp\/v2\/pages\/5031","targetHints":{"allow":["GET"]}}],"collection":[{"href":"https:\/\/etab.ac-reunion.fr\/clg-terrain-fayard\/wp-json\/wp\/v2\/pages"}],"about":[{"href":"https:\/\/etab.ac-reunion.fr\/clg-terrain-fayard\/wp-json\/wp\/v2\/types\/page"}],"author":[{"embeddable":true,"href":"https:\/\/etab.ac-reunion.fr\/clg-terrain-fayard\/wp-json\/wp\/v2\/users\/12914"}],"replies":[{"embeddable":true,"href":"https:\/\/etab.ac-reunion.fr\/clg-terrain-fayard\/wp-json\/wp\/v2\/comments?post=5031"}],"version-history":[{"count":30,"href":"https:\/\/etab.ac-reunion.fr\/clg-terrain-fayard\/wp-json\/wp\/v2\/pages\/5031\/revisions"}],"predecessor-version":[{"id":7686,"href":"https:\/\/etab.ac-reunion.fr\/clg-terrain-fayard\/wp-json\/wp\/v2\/pages\/5031\/revisions\/7686"}],"wp:attachment":[{"href":"https:\/\/etab.ac-reunion.fr\/clg-terrain-fayard\/wp-json\/wp\/v2\/media?parent=5031"}],"curies":[{"name":"wp","href":"https:\/\/api.w.org\/{rel}","templated":true}]}}