{"id":5218,"date":"2024-09-16T19:23:46","date_gmt":"2024-09-16T15:23:46","guid":{"rendered":"https:\/\/etab.ac-reunion.fr\/clg-terrain-fayard\/?page_id=5218"},"modified":"2026-01-27T15:56:23","modified_gmt":"2026-01-27T11:56:23","slug":"le-psy-en","status":"publish","type":"page","link":"https:\/\/etab.ac-reunion.fr\/clg-terrain-fayard\/le-psy-en\/","title":{"rendered":"LE PSY-EN (Le psychologue de l&rsquo;\u00e9ducation nationale)"},"content":{"rendered":"\n<h2 class=\"wp-block-heading\" id=\"edugouv-summary-item-0\">Mission : contribuer au parcours de r\u00e9ussite des \u00e9l\u00e8ves<\/h2>\n\n\n\n<p>Les psychologues de l\u2019\u00c9ducation nationale exercent leur m\u00e9tier<strong>&nbsp;dans le respect des principes d\u00e9ontologiques et \u00e9thiques de la profession r\u00e9glement\u00e9e de psychologue<\/strong>. Ils mobilisent leur expertise au service de la&nbsp;<strong>prise en compte du d\u00e9veloppement psychologique, cognitif et social des \u00e9l\u00e8ves<\/strong>&nbsp;pour assurer leur parcours de r\u00e9ussite. Ils apportent aux familles ainsi qu\u2019aux \u00e9quipes p\u00e9dagogiques et \u00e9ducatives un \u00e9clairage sp\u00e9cifique sur les \u00e9l\u00e8ves. Lorsque les circonstances l&rsquo;exigent, ils participent aux initiatives mises en place dans le cadre de gestion des situations de crise. Ils contribuent ainsi \u00e0&nbsp;<strong>favoriser une approche bienveillante de l\u2019\u00c9cole<\/strong>.<\/p>\n\n\n\n<p><strong>PERMANENCE :<\/strong><\/p>\n\n\n\n<p>Lundi : 13h30-16h<\/p>\n\n\n\n<p>Mardi : 13h30-16h0<\/p>\n\n\n\n<p>Mercredi : 8h00-12h00<\/p>\n\n\n\n<p class=\"has-medium-font-size\"><strong>Pour les demandes de rdv, contacter la vie scolaire ou Le Psy-EN durant ses heures de permanence.<\/strong><\/p>\n\n\n\n<p class=\"has-black-color has-vivid-red-background-color has-text-color has-background has-link-color wp-elements-10ef7a64ce45031710ecf4f2b49a0716\">Ressources<\/p>\n\n\n\n<p><strong>\u00ab\u00a0S&rsquo;orienter apr\u00e8s la 3\u00e8me\u00a0\u00bb<\/strong><\/p>\n\n\n\n<p><a href=\"https:\/\/padlet.com\/psyenciostbenoit\/s-orienter-apr-s-la-3-me-iolz5w62kdr95nlv\">https:\/\/padlet.com\/psyenciostbenoit\/s-orienter-apr-s-la-3-me-iolz5w62kdr95nlv<\/a><\/p>\n\n\n\n<p><strong>\u00ab\u00a0Mon orientation au lyc\u00e9e g\u00e9n\u00e9ral et technologique\u00a0\u00bb<\/strong><br><a href=\"https:\/\/padlet.com\/psyenciostbenoit\/monorientationaulyceegeneralettechnologique\" target=\"_blank\" rel=\"noreferrer noopener\">https:\/\/padlet.com\/psyenciostbenoit\/monorientationaulyceegeneralettechnologique<\/a><br><\/p>\n\n\n\n<p><strong>\u00ab\u00a0Mon orientation au lyc\u00e9e pro\u00a0\u00bb<\/strong><\/p>\n\n\n\n<p><a href=\"https:\/\/padlet.com\/psyenciostbenoit\/MONORIENTATIONAULYCEEPROFESSIONNEL\">https:\/\/padlet.com\/psyenciostbenoit\/MONORIENTATIONAULYCEEPROFESSIONNEL<\/a><\/p>\n\n\n\n<p><\/p>\n","protected":false},"excerpt":{"rendered":"<p>Mission : contribuer au parcours de r\u00e9ussite des \u00e9l\u00e8ves Les psychologues de l\u2019\u00c9ducation nationale exercent leur m\u00e9tier&nbsp;dans le respect des principes d\u00e9ontologiques et \u00e9thiques de la profession r\u00e9glement\u00e9e de psychologue. Ils mobilisent leur expertise au service de la&nbsp;prise en compte du d\u00e9veloppement psychologique, cognitif et social des \u00e9l\u00e8ves&nbsp;pour assurer leur parcours de r\u00e9ussite. Ils apportent aux familles ainsi qu\u2019aux \u00e9quipes p\u00e9dagogiques et \u00e9ducatives un \u00e9clairage sp\u00e9cifique sur les \u00e9l\u00e8ves. Lorsque les circonstances l&rsquo;exigent, ils participent aux initiatives mises en place dans le cadre de gestion des situations de crise. Ils contribuent ainsi \u00e0&nbsp;favoriser une approche bienveillante de l\u2019\u00c9cole. PERMANENCE :&#8230;<\/p>\n<p> <a class=\"continue-reading-link\" href=\"https:\/\/etab.ac-reunion.fr\/clg-terrain-fayard\/le-psy-en\/\"><span>Lire plus<\/span><i class=\"crycon-right-dir\"><\/i><\/a> <\/p>\n","protected":false},"author":12914,"featured_media":0,"parent":0,"menu_order":0,"comment_status":"closed","ping_status":"closed","template":"","meta":{"footnotes":""},"class_list":["post-5218","page","type-page","status-publish","hentry"],"_links":{"self":[{"href":"https:\/\/etab.ac-reunion.fr\/clg-terrain-fayard\/wp-json\/wp\/v2\/pages\/5218","targetHints":{"allow":["GET"]}}],"collection":[{"href":"https:\/\/etab.ac-reunion.fr\/clg-terrain-fayard\/wp-json\/wp\/v2\/pages"}],"about":[{"href":"https:\/\/etab.ac-reunion.fr\/clg-terrain-fayard\/wp-json\/wp\/v2\/types\/page"}],"author":[{"embeddable":true,"href":"https:\/\/etab.ac-reunion.fr\/clg-terrain-fayard\/wp-json\/wp\/v2\/users\/12914"}],"replies":[{"embeddable":true,"href":"https:\/\/etab.ac-reunion.fr\/clg-terrain-fayard\/wp-json\/wp\/v2\/comments?post=5218"}],"version-history":[{"count":8,"href":"https:\/\/etab.ac-reunion.fr\/clg-terrain-fayard\/wp-json\/wp\/v2\/pages\/5218\/revisions"}],"predecessor-version":[{"id":7910,"href":"https:\/\/etab.ac-reunion.fr\/clg-terrain-fayard\/wp-json\/wp\/v2\/pages\/5218\/revisions\/7910"}],"wp:attachment":[{"href":"https:\/\/etab.ac-reunion.fr\/clg-terrain-fayard\/wp-json\/wp\/v2\/media?parent=5218"}],"curies":[{"name":"wp","href":"https:\/\/api.w.org\/{rel}","templated":true}]}}