{"id":7678,"date":"2025-12-05T10:13:45","date_gmt":"2025-12-05T06:13:45","guid":{"rendered":"https:\/\/etab.ac-reunion.fr\/clg-terrain-fayard\/?page_id=7678"},"modified":"2025-12-15T16:54:18","modified_gmt":"2025-12-15T12:54:18","slug":"presentation-de-letablissement","status":"publish","type":"page","link":"https:\/\/etab.ac-reunion.fr\/clg-terrain-fayard\/presentation-de-letablissement\/","title":{"rendered":"Pr\u00e9sentation de l&rsquo;\u00e9tablissement"},"content":{"rendered":"\n<h2 class=\"wp-block-heading\"><strong>Pr\u00e9sentation du Coll\u00e8ge Terrain Fayard<\/strong><\/h2>\n\n\n\n<p>Le Coll\u00e8ge Terrain Fayard accueille chaque ann\u00e9e des \u00e9l\u00e8ves issus de la commune et de ses alentours dans un cadre propice aux apprentissages, \u00e0 l\u2019\u00e9panouissement personnel et \u00e0 la construction de l\u2019autonomie. \u00c9tablissement public de l\u2019\u00c9ducation nationale, il s\u2019engage \u00e0 offrir \u00e0 tous les \u00e9l\u00e8ves des conditions d\u2019\u00e9tude favorisant la r\u00e9ussite, la curiosit\u00e9 intellectuelle et le respect de chacun.<\/p>\n\n\n\n<p>Situ\u00e9 au c\u0153ur d\u2019un environnement calme et accessible, le coll\u00e8ge dispose d\u2019infrastructures p\u00e9dagogiques adapt\u00e9es aux besoins des \u00e9l\u00e8ves : salles sp\u00e9cialis\u00e9es, laboratoires, CDI, installations sportives, espaces num\u00e9riques\u2026 Chaque \u00e9l\u00e8ve b\u00e9n\u00e9ficie d\u2019un accompagnement attentif et structur\u00e9 gr\u00e2ce \u00e0 une \u00e9quipe \u00e9ducative et p\u00e9dagogique investie et soucieuse de garantir un climat scolaire serein.<\/p>\n\n\n\n<p>Attach\u00e9 aux valeurs de la R\u00e9publique et au principe d\u2019\u00e9galit\u00e9 des chances, le Coll\u00e8ge Terrain Fayard d\u00e9veloppe des actions vari\u00e9es pour soutenir l\u2019ambition scolaire : dispositifs d\u2019aide personnalis\u00e9e, projets interdisciplinaires, ouverture culturelle et artistique, pr\u00e9vention et citoyennet\u00e9. L\u2019\u00e9tablissement collabore \u00e9troitement avec les familles, la collectivit\u00e9 locale et les partenaires institutionnels pour proposer un parcours \u00e9ducatif coh\u00e9rent et exigeant.<\/p>\n\n\n\n<p>Le coll\u00e8ge s\u2019appuie \u00e9galement sur un projet d\u2019\u00e9tablissement structur\u00e9, d\u00e9finissant ses priorit\u00e9s p\u00e9dagogiques et \u00e9ducatives pour plusieurs ann\u00e9es. Ce document guide les actions mises en \u0153uvre afin d\u2019accompagner les \u00e9l\u00e8ves dans leurs apprentissages, leur bien-\u00eatre et leur construction en tant que futurs citoyens responsables.<\/p>\n\n\n\n<p>En r\u00e9unissant exigence, bienveillance et coop\u00e9ration entre tous les acteurs, le Coll\u00e8ge Terrain Fayard a pour ambition de permettre \u00e0 chaque \u00e9l\u00e8ve de progresser, de s\u2019\u00e9panouir et de pr\u00e9parer sereinement son avenir.<br><br><\/p>\n\n\n\n<figure class=\"wp-block-image size-large\"><a href=\"https:\/\/etab.ac-reunion.fr\/clg-terrain-fayard\/wp-content\/uploads\/sites\/51\/2025\/12\/image_2025-12-15_163312477.png\"><img loading=\"lazy\" decoding=\"async\" width=\"637\" height=\"400\" src=\"https:\/\/etab.ac-reunion.fr\/clg-terrain-fayard\/wp-content\/uploads\/sites\/51\/2025\/12\/image_2025-12-15_163312477-637x400.png\" alt=\"\" class=\"wp-image-7805\" srcset=\"https:\/\/etab.ac-reunion.fr\/clg-terrain-fayard\/wp-content\/uploads\/sites\/51\/2025\/12\/image_2025-12-15_163312477-637x400.png 637w, https:\/\/etab.ac-reunion.fr\/clg-terrain-fayard\/wp-content\/uploads\/sites\/51\/2025\/12\/image_2025-12-15_163312477-319x200.png 319w, https:\/\/etab.ac-reunion.fr\/clg-terrain-fayard\/wp-content\/uploads\/sites\/51\/2025\/12\/image_2025-12-15_163312477-768x482.png 768w, https:\/\/etab.ac-reunion.fr\/clg-terrain-fayard\/wp-content\/uploads\/sites\/51\/2025\/12\/image_2025-12-15_163312477-150x94.png 150w, https:\/\/etab.ac-reunion.fr\/clg-terrain-fayard\/wp-content\/uploads\/sites\/51\/2025\/12\/image_2025-12-15_163312477.png 1338w\" sizes=\"auto, (max-width: 637px) 100vw, 637px\" \/><\/a><\/figure>\n\n\n\n<p><\/p>\n","protected":false},"excerpt":{"rendered":"<p>Pr\u00e9sentation du Coll\u00e8ge Terrain Fayard Le Coll\u00e8ge Terrain Fayard accueille chaque ann\u00e9e des \u00e9l\u00e8ves issus de la commune et de ses alentours dans un cadre propice aux apprentissages, \u00e0 l\u2019\u00e9panouissement personnel et \u00e0 la construction de l\u2019autonomie. \u00c9tablissement public de l\u2019\u00c9ducation nationale, il s\u2019engage \u00e0 offrir \u00e0 tous les \u00e9l\u00e8ves des conditions d\u2019\u00e9tude favorisant la r\u00e9ussite, la curiosit\u00e9 intellectuelle et le respect de chacun. Situ\u00e9 au c\u0153ur d\u2019un environnement calme et accessible, le coll\u00e8ge dispose d\u2019infrastructures p\u00e9dagogiques adapt\u00e9es aux besoins des \u00e9l\u00e8ves : salles sp\u00e9cialis\u00e9es, laboratoires, CDI, installations sportives, espaces num\u00e9riques\u2026 Chaque \u00e9l\u00e8ve b\u00e9n\u00e9ficie d\u2019un accompagnement attentif et structur\u00e9 gr\u00e2ce&#8230;<\/p>\n<p> <a class=\"continue-reading-link\" href=\"https:\/\/etab.ac-reunion.fr\/clg-terrain-fayard\/presentation-de-letablissement\/\"><span>Lire plus<\/span><i class=\"crycon-right-dir\"><\/i><\/a> <\/p>\n","protected":false},"author":38667,"featured_media":0,"parent":0,"menu_order":0,"comment_status":"closed","ping_status":"closed","template":"","meta":{"footnotes":""},"class_list":["post-7678","page","type-page","status-publish","hentry"],"_links":{"self":[{"href":"https:\/\/etab.ac-reunion.fr\/clg-terrain-fayard\/wp-json\/wp\/v2\/pages\/7678","targetHints":{"allow":["GET"]}}],"collection":[{"href":"https:\/\/etab.ac-reunion.fr\/clg-terrain-fayard\/wp-json\/wp\/v2\/pages"}],"about":[{"href":"https:\/\/etab.ac-reunion.fr\/clg-terrain-fayard\/wp-json\/wp\/v2\/types\/page"}],"author":[{"embeddable":true,"href":"https:\/\/etab.ac-reunion.fr\/clg-terrain-fayard\/wp-json\/wp\/v2\/users\/38667"}],"replies":[{"embeddable":true,"href":"https:\/\/etab.ac-reunion.fr\/clg-terrain-fayard\/wp-json\/wp\/v2\/comments?post=7678"}],"version-history":[{"count":4,"href":"https:\/\/etab.ac-reunion.fr\/clg-terrain-fayard\/wp-json\/wp\/v2\/pages\/7678\/revisions"}],"predecessor-version":[{"id":7820,"href":"https:\/\/etab.ac-reunion.fr\/clg-terrain-fayard\/wp-json\/wp\/v2\/pages\/7678\/revisions\/7820"}],"wp:attachment":[{"href":"https:\/\/etab.ac-reunion.fr\/clg-terrain-fayard\/wp-json\/wp\/v2\/media?parent=7678"}],"curies":[{"name":"wp","href":"https:\/\/api.w.org\/{rel}","templated":true}]}}