{"id":7727,"date":"2025-12-07T15:51:44","date_gmt":"2025-12-07T11:51:44","guid":{"rendered":"https:\/\/etab.ac-reunion.fr\/clg-terrain-fayard\/?page_id=7727"},"modified":"2025-12-07T15:51:45","modified_gmt":"2025-12-07T11:51:45","slug":"liens-utiles-pour-lorientation","status":"publish","type":"page","link":"https:\/\/etab.ac-reunion.fr\/clg-terrain-fayard\/liens-utiles-pour-lorientation\/","title":{"rendered":"Liens utiles pour l&rsquo;orientation"},"content":{"rendered":"\n<p>D\u00e9couverte de la classe <a href=\"https:\/\/www.onisep.fr\/orientation\/le-college\/la-3-prepa-metiers\">Pr\u00e9pa-M\u00e9tier<\/a><\/p>\n\n\n\n<p><a href=\"https:\/\/www.onisep.fr\/metier\/quiz-quels-metiers-selon-mes-gouts\">Quiz Onisep sur mes go\u00fbts &amp; mon futur m\u00e9tier<\/a><\/p>\n\n\n\n<p>Qu&rsquo;est-ce qu&rsquo;est <a href=\"https:\/\/www.onisep.fr\/formation\/apres-la-3-la-voie-professionnelle\/qu-est-ce-que-la-voie-professionnelle\">la voie professionnelle<\/a> au lyc\u00e9e<\/p>\n\n\n\n<p>Qu&rsquo;est-ce qu&rsquo;est <a href=\"http:\/\/Qu'est-ce qu'est la voie professionnelle au lyc\u00e9e\">la voie g\u00e9n\u00e9rale &amp; technologique<\/a> au lyc\u00e9e<\/p>\n\n\n\n<p><\/p>\n","protected":false},"excerpt":{"rendered":"<p>D\u00e9couverte de la classe Pr\u00e9pa-M\u00e9tier Quiz Onisep sur mes go\u00fbts &amp; mon futur m\u00e9tier Qu&rsquo;est-ce qu&rsquo;est la voie professionnelle au lyc\u00e9e Qu&rsquo;est-ce qu&rsquo;est la voie g\u00e9n\u00e9rale &amp; technologique au lyc\u00e9e<\/p>\n<p> <a class=\"continue-reading-link\" href=\"https:\/\/etab.ac-reunion.fr\/clg-terrain-fayard\/liens-utiles-pour-lorientation\/\"><span>Lire plus<\/span><i class=\"crycon-right-dir\"><\/i><\/a> <\/p>\n","protected":false},"author":38667,"featured_media":0,"parent":0,"menu_order":0,"comment_status":"closed","ping_status":"closed","template":"","meta":{"footnotes":""},"class_list":["post-7727","page","type-page","status-publish","hentry"],"_links":{"self":[{"href":"https:\/\/etab.ac-reunion.fr\/clg-terrain-fayard\/wp-json\/wp\/v2\/pages\/7727","targetHints":{"allow":["GET"]}}],"collection":[{"href":"https:\/\/etab.ac-reunion.fr\/clg-terrain-fayard\/wp-json\/wp\/v2\/pages"}],"about":[{"href":"https:\/\/etab.ac-reunion.fr\/clg-terrain-fayard\/wp-json\/wp\/v2\/types\/page"}],"author":[{"embeddable":true,"href":"https:\/\/etab.ac-reunion.fr\/clg-terrain-fayard\/wp-json\/wp\/v2\/users\/38667"}],"replies":[{"embeddable":true,"href":"https:\/\/etab.ac-reunion.fr\/clg-terrain-fayard\/wp-json\/wp\/v2\/comments?post=7727"}],"version-history":[{"count":1,"href":"https:\/\/etab.ac-reunion.fr\/clg-terrain-fayard\/wp-json\/wp\/v2\/pages\/7727\/revisions"}],"predecessor-version":[{"id":7730,"href":"https:\/\/etab.ac-reunion.fr\/clg-terrain-fayard\/wp-json\/wp\/v2\/pages\/7727\/revisions\/7730"}],"wp:attachment":[{"href":"https:\/\/etab.ac-reunion.fr\/clg-terrain-fayard\/wp-json\/wp\/v2\/media?parent=7727"}],"curies":[{"name":"wp","href":"https:\/\/api.w.org\/{rel}","templated":true}]}}