{"id":2279,"date":"2022-12-08T18:33:32","date_gmt":"2022-12-08T14:33:32","guid":{"rendered":"https:\/\/etab.ac-reunion.fr\/clg-terrain-fleury\/?page_id=2279"},"modified":"2022-12-08T18:33:32","modified_gmt":"2022-12-08T14:33:32","slug":"le-mot-de-la-directrice-2022-2023","status":"publish","type":"page","link":"https:\/\/etab.ac-reunion.fr\/clg-terrain-fleury\/le-mot-de-la-directrice-2022-2023\/","title":{"rendered":"Le mot de la Directrice 2022-2023"},"content":{"rendered":"\n<p class=\"has-text-align-left\">Bonjour \u00e0 tous,<br>Voil\u00e0 6 ann\u00e9es que je coordonne l\u2019\u00e9quipe p\u00e9dagogique de la SEGPA du Coll\u00e8ge Terrain Fleury.<br>De nouveaux professeurs nous ont rejoints \u00e0 cette rentr\u00e9e scolaire apportant avec eux de nouvelles pratiques : J\u2019observe des cours qui se d\u00e9roulent en ext\u00e9rieur, des apprentissages qui mettent le corps en mouvement et des \u00e9l\u00e8ves \u00e0 l\u2019\u00e9coute qui semblent prendre du plaisir !<br>L\u2019effectif, \u00e0 ce jour, a atteint les 110 \u00e9l\u00e8ves pour environ 112 places.<br>4 \u00e9l\u00e8ves b\u00e9n\u00e9ficient d\u2019une inclusion totale au coll\u00e8ge g\u00e9n\u00e9ral : 2 en 5\u00e8me, 1 en 4\u00e8me et 1 en 3\u00e8me<br>pr\u00e9pa m\u00e9tiers.<br>Le travail de tous les partenaires, internes et externes, demande de l\u2019\u00e9coute et de la disponibilit\u00e9, souvent de la r\u00e9activit\u00e9 pour construire les projets individuels des coll\u00e9giens de SEGPA et trouver les r\u00e9ponses les mieux adapt\u00e9es \u00e0 leurs besoins \u00e9ducatifs particuliers.<br>Nous continuerons \u00e0 communiquer via le site du coll\u00e8ge sur les diff\u00e9rents projets que portent les enseignants. Mais voici d\u00e9j\u00e0 une pr\u00e9sentation de quelques actions lanc\u00e9es ou reconduites cette ann\u00e9e :<br><strong>En 3\u00e8me<\/strong><br>L\u2019Association Entreprendre Pour Apprendre accompagne pour la 3\u00e8me ann\u00e9e cons\u00e9cutive un groupe d\u2019\u00e9l\u00e8ves de 3\u00e8me encadr\u00e9 par Mme Sophie PAYET. Par la cr\u00e9ation de leur mini-entreprise, les \u00e9l\u00e8ves d\u00e9couvrent le monde de l\u2019entreprise, s\u2019exercent au travail d\u2019\u00e9quipe, au sens des responsabilit\u00e9s tout en faisant preuve de cr\u00e9ativit\u00e9. M. ESSOB et M. GIRAULT, PLP Habitat sont parties prenantes du projet. Les \u00e9l\u00e8ves de 4\u00e8me engag\u00e9s dans cette aventure l\u2019ann\u00e9e derni\u00e8re ont \u00e9t\u00e9 valoris\u00e9s, \u00e0 cette rentr\u00e9e scolaire, par une sortie au Parc Aventure ACROROC de St Pierre. Ils ont pu se confronter \u00e0 leurs peurs, apprendre \u00e0 surmonter des obstacles et trouver des solutions aux probl\u00e8mes rencontr\u00e9s.<br><strong>En 3\u00e8me CARMIN<\/strong><br>Les \u00e9l\u00e8ves de cette classe apprendront \u00e0 mieux g\u00e9rer les \u00e9motions li\u00e9es \u00e0 diff\u00e9rentes sensations gr\u00e2ce \u00e0 un projet de Mme MICHEL, professeure d\u2019EPS. A travers les activit\u00e9s de cross training, les arts du cirque, l\u2019escalade, le basket-ball, ils pourront acqu\u00e9rir une meilleure confiance en eux. Cette progression sur l\u2019ann\u00e9e scolaire sera accompagn\u00e9e ponctuellement par 2 intervenants ext\u00e9rieurs, moniteurs de plong\u00e9e, qui conduiront le groupe en fin d\u2019ann\u00e9e scolaire \u00e0 r\u00e9aliser un bapt\u00eame de plong\u00e9e.<br><strong>En 4\u00e8me<\/strong><br>Les \u00e9l\u00e8ves de 4\u00e8me AMBRE encadr\u00e9s par Mme LAKEHAL, professeure d\u2019Arts Plastiques du coll\u00e8ge, s\u2019ouvriront \u00e0 diff\u00e9rents modes d\u2019expressions en partant 2 jours au mois de juin 2023 pour l\u2019\u00ab itin\u00e9raire sur la route du Volcan \u00bb. Ils seront plong\u00e9s dans un environnement propice \u00e0 l\u2019imaginaire et la cr\u00e9ativit\u00e9. Cet itin\u00e9raire sera l\u2019objet d\u2019une enqu\u00eate sur les lieux et leurs histoires qui m\u00e8nent \u00e0 la route du Volcan, l\u2019identification des diff\u00e9rentes roches, l\u2019histoire de la naissance du volcan \u00e0 la cit\u00e9 du volcan, la d\u00e9couverte des diff\u00e9rents crat\u00e8res\u2026Mme BARDEL, professeure des \u00e9coles sp\u00e9cialis\u00e9e, r\u00e9f\u00e9rente des 4\u00e8mes est impliqu\u00e9e dans ce projet qui fait appel \u00e0 la ma\u00eetrise de la langue. La classe de 6\u00e8me\/ 5\u00e8meJACARANDA y est aussi associ\u00e9e.<br><strong>En 6\u00e8me et 5\u00e8me<\/strong><br>Dans le prolongement du spectacle auquel ont assist\u00e9 les \u00e9l\u00e8ves de 6\u00e8me et 5\u00e8me l\u2019ann\u00e9e derni\u00e8re au th\u00e9\u00e2tre Luc Donat, une com\u00e9die musicale \u00ab Le joueur de fl\u00fbte de Saint Hamelin-les-bains \u00bb (d\u2019apr\u00e8s la l\u00e9gende du Joueur de fl\u00fbte de Hamelin), Mme LAPORTE DAVIN, professeure des \u00e9coles, embarque ses \u00e9l\u00e8ves dans l\u2019expression th\u00e9\u00e2trale ! L\u00e9a SZKARADEK, actrice, attach\u00e9e au Conservatoire \u00e0 Rayonnement R\u00e9gional de La R\u00e9union\/le labo th\u00e9\u00e2tre, intervient tout au long de l\u2019ann\u00e9e au coll\u00e8ge aupr\u00e8s des 3 classes de 6\u00e8me et 5\u00e8me.<br>Red\u00e9marrage \u00e9galement du club de Scrabble Duplicate avec Mme LAPORTE DAVIN et Bruno POINTEAU d\u00e9l\u00e9gu\u00e9 d\u00e9partemental du scrabble scolaire. Cette ann\u00e9e peut-\u00eatre l\u2019action sera partag\u00e9e avec l\u2019\u00e9cole Antoine Lucas qui souhaite nous rejoindre dans cette pratique.<br><strong>En 5\u00e8me<\/strong><br>Mme SINIMALE, PLP Lettres-anglais avec l\u2019appui de l\u2019Association IRI (Initiative pour la Res-tauration Ecologique des milieux Insulaires) engage ses \u00e9l\u00e8ves dans une sensibilisation \u00e0 la probl\u00e9matique des esp\u00e8ces envahissantes. En valorisant la discipline souvent \u00ab mal aim\u00e9e \u00bb des \u00e9l\u00e8ves, elle va les amener \u00e0 conduire une d\u00e9marche d\u2019investigation, en d\u00e9crivant, questionnant leurs observations. Les \u00e9l\u00e8ves se rendront sur le Chantier de restauration de La Plaine des Gr\u00e8gues \u00e0 St Joseph.<br>C\u00f4t\u00e9 HAS : Apr\u00e8s \u00ab le Tea Coin caf\u00e9 \u00bb en 2020\/21, \u00ab le Bubble Art \u00bb en 2021-2022 un nouveau concept pour une nouvelle ambiance \u00ab Le D\u00e9lice \u00bb, \u00e9merge cette ann\u00e9e ! Les \u00e9l\u00e8ves de 3\u00e8me SEGPA encadr\u00e9s par leur professeure, Mme CHARLES, mettent en pratique leurs apprentissages pr\u00e9professionnels.<br>A cette heure, d\u2019autres r\u00e9flexions sont en cours pour d\u2019autres actions qui visent toujours l\u2019acquisition de comp\u00e9tences pour les \u00e9l\u00e8ves et leur engagement dans les diff\u00e9rents parcours citoyen, avenir, artistique et culturel et de sant\u00e9.<br><\/p>\n\n\n\n<p class=\"has-text-align-right\">Bonne continuation \u00e0 tous !<br>Nathalie BARDOT<\/p>\n","protected":false},"excerpt":{"rendered":"<p>Bonjour \u00e0 tous,Voil\u00e0 6 ann\u00e9es que je coordonne l\u2019\u00e9quipe p\u00e9dagogique de la SEGPA du Coll\u00e8ge Terrain Fleury.De nouveaux professeurs nous ont rejoints \u00e0 cette rentr\u00e9e scolaire apportant avec eux de nouvelles pratiques : J\u2019observe des cours qui se d\u00e9roulent en ext\u00e9rieur, des apprentissages qui mettent le corps en mouvement et\u2026<\/p>\n<p class=\"continue-reading-button\"> <a class=\"continue-reading-link\" href=\"https:\/\/etab.ac-reunion.fr\/clg-terrain-fleury\/le-mot-de-la-directrice-2022-2023\/\">Lire la suite<i class=\"crycon-right-dir\"><\/i><\/a><\/p>\n","protected":false},"author":21090,"featured_media":0,"parent":0,"menu_order":0,"comment_status":"closed","ping_status":"closed","template":"","meta":{"footnotes":""},"class_list":["post-2279","page","type-page","status-publish","hentry"],"_links":{"self":[{"href":"https:\/\/etab.ac-reunion.fr\/clg-terrain-fleury\/wp-json\/wp\/v2\/pages\/2279","targetHints":{"allow":["GET"]}}],"collection":[{"href":"https:\/\/etab.ac-reunion.fr\/clg-terrain-fleury\/wp-json\/wp\/v2\/pages"}],"about":[{"href":"https:\/\/etab.ac-reunion.fr\/clg-terrain-fleury\/wp-json\/wp\/v2\/types\/page"}],"author":[{"embeddable":true,"href":"https:\/\/etab.ac-reunion.fr\/clg-terrain-fleury\/wp-json\/wp\/v2\/users\/21090"}],"replies":[{"embeddable":true,"href":"https:\/\/etab.ac-reunion.fr\/clg-terrain-fleury\/wp-json\/wp\/v2\/comments?post=2279"}],"version-history":[{"count":1,"href":"https:\/\/etab.ac-reunion.fr\/clg-terrain-fleury\/wp-json\/wp\/v2\/pages\/2279\/revisions"}],"predecessor-version":[{"id":2280,"href":"https:\/\/etab.ac-reunion.fr\/clg-terrain-fleury\/wp-json\/wp\/v2\/pages\/2279\/revisions\/2280"}],"wp:attachment":[{"href":"https:\/\/etab.ac-reunion.fr\/clg-terrain-fleury\/wp-json\/wp\/v2\/media?parent=2279"}],"curies":[{"name":"wp","href":"https:\/\/api.w.org\/{rel}","templated":true}]}}