{"id":835,"date":"2019-05-04T18:23:58","date_gmt":"2019-05-04T14:23:58","guid":{"rendered":"http:\/\/college-terrain-fleury.ac-reunion.fr\/?page_id=835"},"modified":"2019-05-04T18:23:58","modified_gmt":"2019-05-04T14:23:58","slug":"les-parents-delegues","status":"publish","type":"page","link":"https:\/\/etab.ac-reunion.fr\/clg-terrain-fleury\/les-parents-delegues\/","title":{"rendered":"Les parents d\u00e9l\u00e9gu\u00e9s"},"content":{"rendered":"\n<p>Le statut du parent d\u00e9l\u00e9gu\u00e9 se structure d\u2019une part sur leur participation dans les instances et la vie de l\u2019\u00e9cole ou l\u2019\u00e9tablissement scolaire, d\u2019autre part sur la reconnaissance de leur engagement comme parents d\u2019\u00e9l\u00e8ves d\u00e9l\u00e9gu\u00e9s.<\/p>\n\n\n\n<ul class=\"wp-block-list\"><li><a href=\"https:\/\/www.education.gouv.fr\/cid116164\/les-parents-delegues.html#Faciliter_les_relations_Ecole-famille\">Faciliter les relations \u00c9cole-famille<\/a><\/li><li><a href=\"https:\/\/www.education.gouv.fr\/cid116164\/les-parents-delegues.html#Faciliter_la_participation_des_parents_delegues_dans_les_instances_nationales_academiques_et_departementales_CSE_CAEN_CDEN_etc\">Faciliter la participation des parents d\u00e9l\u00e9gu\u00e9s dans les instances nationales, acad\u00e9miques et d\u00e9partementales<\/a><\/li><li><a href=\"https:\/\/www.education.gouv.fr\/cid116164\/les-parents-delegues.html#Faciliter_la_participation_des_parents_delegues_a_la_vie_de_l_ecole_ou_de_l_etablissement_scolaire\">Faciliter la participation des parents d\u00e9l\u00e9gu\u00e9s \u00e0 la vie de l\u2019\u00e9cole ou de l\u2019\u00e9tablissement scolaire<\/a><\/li><li><a href=\"https:\/\/www.education.gouv.fr\/cid116164\/les-parents-delegues.html#Reconnaitre_l_engagement_de_tous_les_parents_delegues\">Reconna\u00eetre l\u2019engagement de tous les parents d\u00e9l\u00e9gu\u00e9s<\/a><\/li><\/ul>\n\n\n\n<p>Source: Education Nationale<\/p>\n","protected":false},"excerpt":{"rendered":"<p>Le statut du parent d\u00e9l\u00e9gu\u00e9 se structure d\u2019une part sur leur participation dans les instances et la vie de l\u2019\u00e9cole ou l\u2019\u00e9tablissement scolaire, d\u2019autre part sur la reconnaissance de leur engagement comme parents d\u2019\u00e9l\u00e8ves d\u00e9l\u00e9gu\u00e9s. Faciliter les relations \u00c9cole-famille Faciliter la participation des parents d\u00e9l\u00e9gu\u00e9s dans les instances nationales, acad\u00e9miques\u2026<\/p>\n<p class=\"continue-reading-button\"> <a class=\"continue-reading-link\" href=\"https:\/\/etab.ac-reunion.fr\/clg-terrain-fleury\/les-parents-delegues\/\">Lire la suite<i class=\"crycon-right-dir\"><\/i><\/a><\/p>\n","protected":false},"author":21090,"featured_media":0,"parent":0,"menu_order":0,"comment_status":"closed","ping_status":"closed","template":"","meta":{"footnotes":""},"class_list":["post-835","page","type-page","status-publish","hentry"],"_links":{"self":[{"href":"https:\/\/etab.ac-reunion.fr\/clg-terrain-fleury\/wp-json\/wp\/v2\/pages\/835","targetHints":{"allow":["GET"]}}],"collection":[{"href":"https:\/\/etab.ac-reunion.fr\/clg-terrain-fleury\/wp-json\/wp\/v2\/pages"}],"about":[{"href":"https:\/\/etab.ac-reunion.fr\/clg-terrain-fleury\/wp-json\/wp\/v2\/types\/page"}],"author":[{"embeddable":true,"href":"https:\/\/etab.ac-reunion.fr\/clg-terrain-fleury\/wp-json\/wp\/v2\/users\/21090"}],"replies":[{"embeddable":true,"href":"https:\/\/etab.ac-reunion.fr\/clg-terrain-fleury\/wp-json\/wp\/v2\/comments?post=835"}],"version-history":[{"count":1,"href":"https:\/\/etab.ac-reunion.fr\/clg-terrain-fleury\/wp-json\/wp\/v2\/pages\/835\/revisions"}],"predecessor-version":[{"id":836,"href":"https:\/\/etab.ac-reunion.fr\/clg-terrain-fleury\/wp-json\/wp\/v2\/pages\/835\/revisions\/836"}],"wp:attachment":[{"href":"https:\/\/etab.ac-reunion.fr\/clg-terrain-fleury\/wp-json\/wp\/v2\/media?parent=835"}],"curies":[{"name":"wp","href":"https:\/\/api.w.org\/{rel}","templated":true}]}}