{"id":4672,"date":"2023-01-31T17:20:00","date_gmt":"2023-01-31T13:20:00","guid":{"rendered":"https:\/\/etab.ac-reunion.fr\/clg-theresien-cadet\/?page_id=4672"},"modified":"2023-02-16T14:37:48","modified_gmt":"2023-02-16T10:37:48","slug":"les-rendez-vous-de-lorientation","status":"publish","type":"page","link":"https:\/\/etab.ac-reunion.fr\/clg-theresien-cadet\/orientation-post-3eme\/les-rendez-vous-de-lorientation\/","title":{"rendered":"Les rendez-vous de l&rsquo;orientation"},"content":{"rendered":"<p><a href=\"https:\/\/www.onisep.fr\/equipes-educatives\/L-orientation-dans-l-etablissement-et-en-CIO\/les-metiers-en-direct\" target=\"_blank\" rel=\"noopener\"><span style=\"color: #0000ff\"><em><strong>Les rencontres virtuelles de l&rsquo;Onisep<\/strong><\/em><\/span><\/a><\/p>\n<p><a href=\"https:\/\/www.onisep.fr\/equipes-educatives\/L-orientation-dans-l-etablissement-et-en-CIO\/les-metiers-en-direct\" target=\"_blank\" rel=\"noopener\"><img loading=\"lazy\" decoding=\"async\" class=\"alignnone wp-image-4700 size-medium\" src=\"https:\/\/etab.ac-reunion.fr\/clg-theresien-cadet\/wp-content\/uploads\/sites\/125\/2023\/02\/Capture-decran-2023-02-01-160156-300x217.png\" alt=\"\" width=\"300\" height=\"217\" srcset=\"https:\/\/etab.ac-reunion.fr\/clg-theresien-cadet\/wp-content\/uploads\/sites\/125\/2023\/02\/Capture-decran-2023-02-01-160156-300x217.png 300w, https:\/\/etab.ac-reunion.fr\/clg-theresien-cadet\/wp-content\/uploads\/sites\/125\/2023\/02\/Capture-decran-2023-02-01-160156-75x54.png 75w, https:\/\/etab.ac-reunion.fr\/clg-theresien-cadet\/wp-content\/uploads\/sites\/125\/2023\/02\/Capture-decran-2023-02-01-160156.png 725w\" sizes=\"auto, (max-width: 300px) 100vw, 300px\" \/><\/a><\/p>\n<p><em><strong><span style=\"color: #0000ff\">Les rencontres en direct aux coll\u00e8ge<\/span><\/strong><\/em><\/p>\n<p><strong>Mercredi 1er f\u00e9vrier 2023<\/strong><\/p>\n<p><strong>Rencontre avec :<\/strong><\/p>\n<p>Mme PACCA, pu\u00e9ricultrice.<\/p>\n<p>M. RAMAROLABY Julio et son coll\u00e8gue Ali, tous deux techniciens en t\u00e9l\u00e9phonie.<\/p>\n<p><strong>Vendredi 3 f\u00e9vrier<\/strong><\/p>\n<p>Rencontre avec M. DOZI\u00c8RE, gendarme<\/p>\n<p><strong>Lundi 6 f\u00e9vrier 2023<\/strong><\/p>\n<p><strong>Rencontre avec :<\/strong><\/p>\n<p>Mme ROBERT, journaliste radio\/t\u00e9l\u00e9visuel et deux techniciens,<\/p>\n<p>Augustin, technico-commercial \u00e0 la R\u00e9union<\/p>\n<p><strong>Mercredi 8 f\u00e9vrier 2023<\/strong><\/p>\n<p><strong>Rencontre avec :<\/strong><\/p>\n<p>Mme TURPIN, pr\u00e9paratrice en pharmacie<\/p>\n<p><strong>Jeudi 16 f\u00e9vrier 2023<\/strong><\/p>\n<p><strong>Rencontre avec :<\/strong><\/p>\n<p>M. MAILLOT, \u00e9lectricien<\/p>\n<p><strong>Lundi 20 f\u00e9vrier 2023<\/strong><\/p>\n<p><strong>Rencontre avec :<\/strong><\/p>\n<p>M. BOYER, p\u00e2tissier<\/p>\n<p><strong>Vendredi 3 mars 2023<\/strong><\/p>\n<p>M. RODIER, p\u00e9pini\u00e9riste<\/p>\n<p><strong>Mardi 7 mars 2023<\/strong><\/p>\n<p><strong>Rencontre avec :<\/strong><\/p>\n<p>Mme REDON, infirmi\u00e8re<\/p>\n<p><strong>Mercredi 8 mars 2023<\/strong><\/p>\n<p><strong>Rencontre avec :<\/strong><\/p>\n<p>&#8211; Deux professeurs des \u00e9coles<\/p>\n<p>&#8211; M. Michel ENGUHARD, les m\u00e9tiers de l&rsquo;h\u00f4tellerie<\/p>\n<p>&nbsp;<\/p>\n<p>&nbsp;<\/p>\n<p>&nbsp;<\/p>\n","protected":false},"excerpt":{"rendered":"<p>Les rencontres virtuelles de l&rsquo;Onisep Les rencontres en direct aux coll\u00e8ge Mercredi 1er f\u00e9vrier 2023 Rencontre avec : Mme PACCA, pu\u00e9ricultrice. M. RAMAROLABY Julio et son coll\u00e8gue Ali, tous deux techniciens en t\u00e9l\u00e9phonie. Vendredi 3 f\u00e9vrier Rencontre avec M. DOZI\u00c8RE, gendarme Lundi 6 f\u00e9vrier 2023 Rencontre avec : Mme ROBERT, journaliste radio\/t\u00e9l\u00e9visuel et deux techniciens, [&hellip;]<\/p>\n","protected":false},"author":32577,"featured_media":0,"parent":4532,"menu_order":0,"comment_status":"closed","ping_status":"closed","template":"","meta":{"footnotes":""},"class_list":["post-4672","page","type-page","status-publish","hentry"],"_links":{"self":[{"href":"https:\/\/etab.ac-reunion.fr\/clg-theresien-cadet\/wp-json\/wp\/v2\/pages\/4672","targetHints":{"allow":["GET"]}}],"collection":[{"href":"https:\/\/etab.ac-reunion.fr\/clg-theresien-cadet\/wp-json\/wp\/v2\/pages"}],"about":[{"href":"https:\/\/etab.ac-reunion.fr\/clg-theresien-cadet\/wp-json\/wp\/v2\/types\/page"}],"author":[{"embeddable":true,"href":"https:\/\/etab.ac-reunion.fr\/clg-theresien-cadet\/wp-json\/wp\/v2\/users\/32577"}],"replies":[{"embeddable":true,"href":"https:\/\/etab.ac-reunion.fr\/clg-theresien-cadet\/wp-json\/wp\/v2\/comments?post=4672"}],"version-history":[{"count":13,"href":"https:\/\/etab.ac-reunion.fr\/clg-theresien-cadet\/wp-json\/wp\/v2\/pages\/4672\/revisions"}],"predecessor-version":[{"id":4711,"href":"https:\/\/etab.ac-reunion.fr\/clg-theresien-cadet\/wp-json\/wp\/v2\/pages\/4672\/revisions\/4711"}],"up":[{"embeddable":true,"href":"https:\/\/etab.ac-reunion.fr\/clg-theresien-cadet\/wp-json\/wp\/v2\/pages\/4532"}],"wp:attachment":[{"href":"https:\/\/etab.ac-reunion.fr\/clg-theresien-cadet\/wp-json\/wp\/v2\/media?parent=4672"}],"curies":[{"name":"wp","href":"https:\/\/api.w.org\/{rel}","templated":true}]}}