{"id":189,"date":"2015-06-19T11:05:29","date_gmt":"2015-06-19T10:05:29","guid":{"rendered":"http:\/\/college-titan.ac-reunion.fr\/?page_id=189"},"modified":"2025-09-22T09:16:47","modified_gmt":"2025-09-22T05:16:47","slug":"le-personnel","status":"publish","type":"page","link":"https:\/\/etab.ac-reunion.fr\/clg-titan\/le-personnel\/","title":{"rendered":"Le personnel"},"content":{"rendered":"<p><strong>L&rsquo;organigramme du coll\u00e8ge.<\/strong><\/p>\n<p><em>L&rsquo;administration.<\/em><\/p>\n<ul>\n<li>La <a href=\"https:\/\/etab.ac-reunion.fr\/clg-titan\/wp-content\/uploads\/sites\/72\/2025\/09\/structure-administrative.pdf\" target=\"_blank\" rel=\"noopener\">structure administrative<\/a><\/li>\n<\/ul>\n<p><em>Les professeurs.<\/em><\/p>\n<ul>\n<li>Par <a href=\"https:\/\/etab.ac-reunion.fr\/clg-titan\/wp-content\/uploads\/sites\/72\/2025\/09\/professeurs.pdf\" target=\"_blank\" rel=\"noopener\">mati\u00e8res<\/a><\/li>\n<li>Le <a href=\"https:\/\/etab.ac-reunion.fr\/clg-titan\/wp-content\/uploads\/sites\/72\/2025\/09\/equipe-6e.pdf\" target=\"_blank\" rel=\"noopener\">\u00e9quipes de 6\u00e8me<\/a><\/li>\n<li>Les <a href=\"https:\/\/etab.ac-reunion.fr\/clg-titan\/wp-content\/uploads\/sites\/72\/2025\/09\/equipe-5e.pdf\" target=\"_blank\" rel=\"noopener\">\u00e9quipes de 5\u00e8me<\/a><\/li>\n<li>Les <a href=\"https:\/\/etab.ac-reunion.fr\/clg-titan\/wp-content\/uploads\/sites\/72\/2025\/09\/equipe-4e.pdf\" target=\"_blank\" rel=\"noopener\">\u00e9quipes de 4\u00e8me<\/a><\/li>\n<li>Les <a href=\"https:\/\/etab.ac-reunion.fr\/clg-titan\/wp-content\/uploads\/sites\/72\/2025\/09\/equipe-3e.pdf\" target=\"_blank\" rel=\"noopener\">\u00e9quipes de 3\u00e8me<\/a><\/li>\n<\/ul>\n\n\n<div data-wp-interactive=\"core\/file\" class=\"wp-block-file\"><object data-wp-bind--hidden=\"!state.hasPdfPreview\" hidden class=\"wp-block-file__embed\" data=\"https:\/\/etab.ac-reunion.fr\/clg-titan\/wp-content\/uploads\/sites\/72\/2025\/09\/personnel-ouvrier.pdf\" type=\"application\/pdf\" style=\"width:100%;height:600px\" aria-label=\"Contenu embarqu\u00e9 personnel ouvrier.\"><\/object><a id=\"wp-block-file--media-5abfaa2c-bde8-4be1-933c-27b489eaacba\" href=\"https:\/\/etab.ac-reunion.fr\/clg-titan\/wp-content\/uploads\/sites\/72\/2025\/09\/personnel-ouvrier.pdf\">personnel ouvrier<\/a><a href=\"https:\/\/etab.ac-reunion.fr\/clg-titan\/wp-content\/uploads\/sites\/72\/2025\/09\/personnel-ouvrier.pdf\" class=\"wp-block-file__button wp-element-button\" download aria-describedby=\"wp-block-file--media-5abfaa2c-bde8-4be1-933c-27b489eaacba\">T\u00e9l\u00e9charger<\/a><\/div>\n","protected":false},"excerpt":{"rendered":"<p>L&rsquo;organigramme du coll\u00e8ge. L&rsquo;administration. La structure administrative Les professeurs. Par mati\u00e8res Le \u00e9quipes de 6\u00e8me Les \u00e9quipes de 5\u00e8me Les \u00e9quipes de 4\u00e8me Les \u00e9quipes de 3\u00e8me<\/p>\n","protected":false},"author":7693,"featured_media":0,"parent":0,"menu_order":0,"comment_status":"closed","ping_status":"closed","template":"","meta":{"_et_pb_use_builder":"off","_et_pb_old_content":"<p><strong>L'organigramme du coll\u00e8ge.<\/strong><\/p>\n<p><em>L'administration.<\/em><\/p>\n<ul>\n<li>La structure <a href=\"https:\/\/etab.ac-reunion.fr\/clg-titan\/wp-content\/uploads\/sites\/72\/2019\/10\/struct-admin-2019-20.pdf\" target=\"_blank\" rel=\"noopener noreferrer\">administrative <\/a><\/li>\n<\/ul>\n<p><em>Les professeurs.<\/em><\/p>\n<ul>\n<li>Par <a href=\"https:\/\/etab.ac-reunion.fr\/clg-titan\/wp-content\/uploads\/sites\/72\/2019\/10\/profs2019-20.pdf\" target=\"_blank\" rel=\"noopener noreferrer\">mati\u00e8res <\/a><\/li>\n<li>Les \u00e9quipes de <a href=\"https:\/\/etab.ac-reunion.fr\/clg-titan\/wp-content\/uploads\/sites\/72\/2019\/10\/equipe-6-2019-20.pdf\" target=\"_blank\" rel=\"noopener noreferrer\">6\u00e8me<\/a><\/li>\n<li>Les \u00e9quipes de <a href=\"https:\/\/etab.ac-reunion.fr\/clg-titan\/wp-content\/uploads\/sites\/72\/2019\/10\/equipe-5-2019-20.pdf\" target=\"_blank\" rel=\"noopener noreferrer\">5\u00e8me <\/a><\/li>\n<li>Les \u00e9quipes de <a href=\"https:\/\/etab.ac-reunion.fr\/clg-titan\/wp-content\/uploads\/sites\/72\/2019\/10\/equipe-4-2019-20.pdf\" target=\"_blank\" rel=\"noopener noreferrer\">4\u00e8me<\/a><\/li>\n<li>Les \u00e9quipes de <a href=\"https:\/\/etab.ac-reunion.fr\/clg-titan\/wp-content\/uploads\/sites\/72\/2019\/10\/equipe-3-2019-20.pdf\" target=\"_blank\" rel=\"noopener noreferrer\">3\u00e8me<\/a><\/li>\n<\/ul>\n<p>\u00a0<\/p>\n\n<!-- wp:paragraph -->\n<p><\/p>\n<!-- \/wp:paragraph -->","_et_gb_content_width":"","footnotes":""},"class_list":["post-189","page","type-page","status-publish","hentry"],"_links":{"self":[{"href":"https:\/\/etab.ac-reunion.fr\/clg-titan\/wp-json\/wp\/v2\/pages\/189","targetHints":{"allow":["GET"]}}],"collection":[{"href":"https:\/\/etab.ac-reunion.fr\/clg-titan\/wp-json\/wp\/v2\/pages"}],"about":[{"href":"https:\/\/etab.ac-reunion.fr\/clg-titan\/wp-json\/wp\/v2\/types\/page"}],"author":[{"embeddable":true,"href":"https:\/\/etab.ac-reunion.fr\/clg-titan\/wp-json\/wp\/v2\/users\/7693"}],"replies":[{"embeddable":true,"href":"https:\/\/etab.ac-reunion.fr\/clg-titan\/wp-json\/wp\/v2\/comments?post=189"}],"version-history":[{"count":48,"href":"https:\/\/etab.ac-reunion.fr\/clg-titan\/wp-json\/wp\/v2\/pages\/189\/revisions"}],"predecessor-version":[{"id":6181,"href":"https:\/\/etab.ac-reunion.fr\/clg-titan\/wp-json\/wp\/v2\/pages\/189\/revisions\/6181"}],"wp:attachment":[{"href":"https:\/\/etab.ac-reunion.fr\/clg-titan\/wp-json\/wp\/v2\/media?parent=189"}],"curies":[{"name":"wp","href":"https:\/\/api.w.org\/{rel}","templated":true}]}}