{"id":960,"date":"2016-06-25T13:59:25","date_gmt":"2016-06-25T12:59:25","guid":{"rendered":"http:\/\/college-titan.ac-reunion.fr\/?page_id=960"},"modified":"2017-12-16T06:27:57","modified_gmt":"2017-12-16T05:27:57","slug":"les-jeudis-de-titan","status":"publish","type":"page","link":"https:\/\/etab.ac-reunion.fr\/clg-titan\/actionseducatives\/les-jeudis-de-titan\/","title":{"rendered":"Les Jeudis de Titan"},"content":{"rendered":"<p><span style=\"font-weight: 400\">Depuis la rentr\u00e9e 2016, notre coll\u00e8ge a mis en place un cycle de conf\u00e9rences intitul\u00e9 \u00ab Les jeudis de Titan \u00bb.<\/span><\/p>\n<p><span style=\"font-weight: 400\">Il a lieu sur le cr\u00e9neau de 12h50 \u00e0 13h50, en salle Agora (E201) et s\u2019adresse aux \u00e9l\u00e8ves volontaires et demi-pensionnaires, sur inscription \u00e0 la vie scolaire.<\/span><\/p>\n<p><span style=\"font-weight: 400\">3 th\u00e9matiques ont \u00e9t\u00e9 retenues : <\/span><\/p>\n<ul>\n<li style=\"font-weight: 400\"><span style=\"font-weight: 400\">la passion d&rsquo;un m\u00e9tier<\/span><\/li>\n<li style=\"font-weight: 400\"><span style=\"font-weight: 400\">la passion d&rsquo;une ville\u00a0ou\u00a0un pays<\/span><\/li>\n<li style=\"font-weight: 400\"><span style=\"font-weight: 400\">la passion d&rsquo;une \u0153uvre ou d&rsquo;un mythe<\/span><\/li>\n<\/ul>\n<p><span style=\"font-weight: 400\">L\u2019objectif est de d\u00e9velopper la curiosit\u00e9 intellectuelle et la culture g\u00e9n\u00e9rale de nos \u00e9l\u00e8ves.<\/span><\/p>\n<p>&nbsp;<\/p>\n<p>Vous trouverez ci-dessous le d\u00e9tail\u00a0des conf\u00e9rences pr\u00e9vues, au fur et \u00e0 mesure de leur programmation.<\/p>\n<p style=\"text-align: center\"><strong>2017-2018<\/strong><\/p>\n<ol>\n<li>Jeudi 7\/09\/2017 : la passion du m\u00e9tier de cuisinier &#8211; M. Camlindia, chef de la cuisine centrale de Titan<\/li>\n<li>Jeudi 14\/09\/2017 : la\u00a0passion du m\u00e9tier de journaliste &#8211; M. Bernard, journaliste au <em>Quotidien<\/em><\/li>\n<li>Jeudi 28\/09\/2017 : la\u00a0passion du m\u00e9tier de marin militaire &#8211; M. Lallemand<\/li>\n<li>Jeudi 30\/11\/2017 : la\u00a0passion du m\u00e9tier de peintre<\/li>\n<li>Jeudi 14\/12\/2017 : la\u00a0passion de La R\u00e9union &#8211; Dany\u00e8le Waro<\/li>\n<\/ol>\n<p style=\"text-align: center\"><strong>2016-2017<\/strong><\/p>\n<ol>\n<li>Jeudi 15\/09\/2016 : la passion d&rsquo;un m\u00e9tier &#8211; <strong>policier<\/strong> &#8211; par M. Dijoux (<strong>ANNUL\u00c9)<\/strong><\/li>\n<li>Jeudi 22\/09\/2016 : la passion d&rsquo;un pays &#8211; l<strong>a Nouvelle-Z\u00e9lande<\/strong> &#8211; par Mme Le Louarn<\/li>\n<li>Jeudi\u00a0 29\/09\/2016 : la passion d&rsquo;un mythe &#8211; <strong>Orph\u00e9e<\/strong> &#8211; par Mme Turpin<\/li>\n<li>Jeudi 3\/11\/2016 : la passion de l&rsquo;art &#8211; par Evan et S\u00e9bastien<\/li>\n<li>Jeudi 17\/11\/2016 : la passion d&rsquo;un m\u00e9tier &#8211; <strong>p\u00e2tissier<\/strong> &#8211; par Y. H\u00e9brard<\/li>\n<li>Jeudi 24\/11\/2016 : \u00a0<strong>Tromelin<\/strong> &#8211; r\u00e9serv\u00e9 aux \u00e9l\u00e8ves du parcours d&rsquo;excellence<\/li>\n<\/ol>\n","protected":false},"excerpt":{"rendered":"<p>Cycle de conf\u00e9rences pour les \u00e9l\u00e8ves.<\/p>\n","protected":false},"author":7997,"featured_media":1117,"parent":2,"menu_order":1,"comment_status":"closed","ping_status":"closed","template":"","meta":{"_et_pb_use_builder":"","_et_pb_old_content":"","_et_gb_content_width":"","footnotes":""},"class_list":["post-960","page","type-page","status-publish","has-post-thumbnail","hentry"],"_links":{"self":[{"href":"https:\/\/etab.ac-reunion.fr\/clg-titan\/wp-json\/wp\/v2\/pages\/960","targetHints":{"allow":["GET"]}}],"collection":[{"href":"https:\/\/etab.ac-reunion.fr\/clg-titan\/wp-json\/wp\/v2\/pages"}],"about":[{"href":"https:\/\/etab.ac-reunion.fr\/clg-titan\/wp-json\/wp\/v2\/types\/page"}],"author":[{"embeddable":true,"href":"https:\/\/etab.ac-reunion.fr\/clg-titan\/wp-json\/wp\/v2\/users\/7997"}],"replies":[{"embeddable":true,"href":"https:\/\/etab.ac-reunion.fr\/clg-titan\/wp-json\/wp\/v2\/comments?post=960"}],"version-history":[{"count":11,"href":"https:\/\/etab.ac-reunion.fr\/clg-titan\/wp-json\/wp\/v2\/pages\/960\/revisions"}],"predecessor-version":[{"id":3270,"href":"https:\/\/etab.ac-reunion.fr\/clg-titan\/wp-json\/wp\/v2\/pages\/960\/revisions\/3270"}],"up":[{"embeddable":true,"href":"https:\/\/etab.ac-reunion.fr\/clg-titan\/wp-json\/wp\/v2\/pages\/2"}],"wp:featuredmedia":[{"embeddable":true,"href":"https:\/\/etab.ac-reunion.fr\/clg-titan\/wp-json\/wp\/v2\/media\/1117"}],"wp:attachment":[{"href":"https:\/\/etab.ac-reunion.fr\/clg-titan\/wp-json\/wp\/v2\/media?parent=960"}],"curies":[{"name":"wp","href":"https:\/\/api.w.org\/{rel}","templated":true}]}}

<p><span style="font-weight: 400">Depuis la rentrée 2016, notre collège a mis en place un cycle de conférences intitulé « Les jeudis de Titan ».</span></p>
<p><span style="font-weight: 400">Il a lieu sur le créneau de 12h50 à 13h50, en salle Agora (E201) et s’adresse aux élèves volontaires et demi-pensionnaires, sur inscription à la vie scolaire.</span></p>
<p><span style="font-weight: 400">3 thématiques ont été retenues : </span></p>
<ul>
<li style="font-weight: 400"><span style="font-weight: 400">la passion d&rsquo;un métier</span></li>
<li style="font-weight: 400"><span style="font-weight: 400">la passion d&rsquo;une ville ou un pays</span></li>
<li style="font-weight: 400"><span style="font-weight: 400">la passion d&rsquo;une œuvre ou d&rsquo;un mythe</span></li>
</ul>
<p><span style="font-weight: 400">L’objectif est de développer la curiosité intellectuelle et la culture générale de nos élèves.</span></p>
<p>&nbsp;</p>
<p>Vous trouverez ci-dessous le détail des conférences prévues, au fur et à mesure de leur programmation.</p>
<p style="text-align: center"><strong>2017-2018</strong></p>
<ol>
<li>Jeudi 7/09/2017 : la passion du métier de cuisinier &#8211; M. Camlindia, chef de la cuisine centrale de Titan</li>
<li>Jeudi 14/09/2017 : la passion du métier de journaliste &#8211; M. Bernard, journaliste au <em>Quotidien</em></li>
<li>Jeudi 28/09/2017 : la passion du métier de marin militaire &#8211; M. Lallemand</li>
<li>Jeudi 30/11/2017 : la passion du métier de peintre</li>
<li>Jeudi 14/12/2017 : la passion de La Réunion &#8211; Danyèle Waro</li>
</ol>
<p style="text-align: center"><strong>2016-2017</strong></p>
<ol>
<li>Jeudi 15/09/2016 : la passion d&rsquo;un métier &#8211; <strong>policier</strong> &#8211; par M. Dijoux (<strong>ANNULÉ)</strong></li>
<li>Jeudi 22/09/2016 : la passion d&rsquo;un pays &#8211; l<strong>a Nouvelle-Zélande</strong> &#8211; par Mme Le Louarn</li>
<li>Jeudi  29/09/2016 : la passion d&rsquo;un mythe &#8211; <strong>Orphée</strong> &#8211; par Mme Turpin</li>
<li>Jeudi 3/11/2016 : la passion de l&rsquo;art &#8211; par Evan et Sébastien</li>
<li>Jeudi 17/11/2016 : la passion d&rsquo;un métier &#8211; <strong>pâtissier</strong> &#8211; par Y. Hébrard</li>
<li>Jeudi 24/11/2016 :  <strong>Tromelin</strong> &#8211; réservé aux élèves du parcours d&rsquo;excellence</li>
</ol>

<p>Cycle de conférences pour les élèves.</p>
