{"id":2710,"date":"2019-08-31T04:44:55","date_gmt":"2019-08-31T00:44:55","guid":{"rendered":"http:\/\/college-trois-bassins.ac-reunion.fr\/?page_id=2710"},"modified":"2023-08-21T04:54:08","modified_gmt":"2023-08-21T00:54:08","slug":"bourse-2019-2020","status":"publish","type":"page","link":"https:\/\/etab.ac-reunion.fr\/clg-trois-bassins\/bourse-2019-2020\/","title":{"rendered":"Bourse 2023-2024"},"content":{"rendered":"\n<p><strong>Retrouvez toutes les informations sur les modalit\u00e9s d&rsquo;attribution, le montant et le calendrier des demandes de bourses de coll\u00e8ge et de lyc\u00e9e : <a href=\"https:\/\/www.education.gouv.fr\/les-bourses-de-college-et-de-lycee-326728\" target=\"_blank\" rel=\"noreferrer noopener\">Bourses ann\u00e9e 2023-2024<\/a><\/strong><\/p>\n","protected":false},"excerpt":{"rendered":"<p>Retrouvez toutes les informations sur les modalit\u00e9s d&rsquo;attribution, le montant et le calendrier des demandes de bourses de coll\u00e8ge et de lyc\u00e9e : Bourses ann\u00e9e 2023-2024<\/p>\n<p> <a class=\"continue-reading-link\" href=\"https:\/\/etab.ac-reunion.fr\/clg-trois-bassins\/bourse-2019-2020\/\"><span>Continue reading<\/span><i class=\"crycon-right-dir\"><\/i><\/a> <\/p>\n","protected":false},"author":12222,"featured_media":2732,"parent":0,"menu_order":0,"comment_status":"closed","ping_status":"closed","template":"","meta":{"footnotes":""},"class_list":["post-2710","page","type-page","status-publish","has-post-thumbnail","hentry"],"_links":{"self":[{"href":"https:\/\/etab.ac-reunion.fr\/clg-trois-bassins\/wp-json\/wp\/v2\/pages\/2710","targetHints":{"allow":["GET"]}}],"collection":[{"href":"https:\/\/etab.ac-reunion.fr\/clg-trois-bassins\/wp-json\/wp\/v2\/pages"}],"about":[{"href":"https:\/\/etab.ac-reunion.fr\/clg-trois-bassins\/wp-json\/wp\/v2\/types\/page"}],"author":[{"embeddable":true,"href":"https:\/\/etab.ac-reunion.fr\/clg-trois-bassins\/wp-json\/wp\/v2\/users\/12222"}],"replies":[{"embeddable":true,"href":"https:\/\/etab.ac-reunion.fr\/clg-trois-bassins\/wp-json\/wp\/v2\/comments?post=2710"}],"version-history":[{"count":19,"href":"https:\/\/etab.ac-reunion.fr\/clg-trois-bassins\/wp-json\/wp\/v2\/pages\/2710\/revisions"}],"predecessor-version":[{"id":4041,"href":"https:\/\/etab.ac-reunion.fr\/clg-trois-bassins\/wp-json\/wp\/v2\/pages\/2710\/revisions\/4041"}],"wp:featuredmedia":[{"embeddable":true,"href":"https:\/\/etab.ac-reunion.fr\/clg-trois-bassins\/wp-json\/wp\/v2\/media\/2732"}],"wp:attachment":[{"href":"https:\/\/etab.ac-reunion.fr\/clg-trois-bassins\/wp-json\/wp\/v2\/media?parent=2710"}],"curies":[{"name":"wp","href":"https:\/\/api.w.org\/{rel}","templated":true}]}}