{"id":1061,"date":"2023-11-04T08:18:30","date_gmt":"2023-11-04T04:18:30","guid":{"rendered":"https:\/\/etab.ac-reunion.fr\/clg-trois-mares\/?page_id=1061"},"modified":"2023-11-29T17:21:31","modified_gmt":"2023-11-29T13:21:31","slug":"incroyables-talents-%f0%9f%8e%a4%f0%9f%a5%81%f0%9f%a9%b0","status":"publish","type":"page","link":"https:\/\/etab.ac-reunion.fr\/clg-trois-mares\/incroyables-talents-%f0%9f%8e%a4%f0%9f%a5%81%f0%9f%a9%b0\/","title":{"rendered":"INCROYABLES TALENTS \ud83c\udfa4\ud83e\udd41\ud83e\ude70"},"content":{"rendered":"\n<p class=\"has-large-font-size\"><strong>Nos jeunes ont du talent !<\/strong><\/p>\n\n\n\n<p class=\"has-large-font-size\">Cette ann\u00e9e, le personnel volontaire organise un concours afin de r\u00e9v\u00e9ler le potentiel de nos \u00e9l\u00e8ves dans diff\u00e9rents domaines artistiques, tels le chant, la danse, la musique ou m\u00eame le dessin.<\/p>\n\n\n\n<p class=\"has-large-font-size\">Un beau projet \u00e0 suivre de pr\u00e8s !<\/p>\n\n\n\n<div style=\"height:53px\" aria-hidden=\"true\" class=\"wp-block-spacer\"><\/div>\n\n\n\n<figure class=\"wp-block-image size-full\"><img loading=\"lazy\" decoding=\"async\" width=\"2560\" height=\"2386\" src=\"https:\/\/etab.ac-reunion.fr\/clg-trois-mares\/wp-content\/uploads\/sites\/149\/2023\/11\/IMG_9134-scaled.jpg\" alt=\"\" class=\"wp-image-1610\" srcset=\"https:\/\/etab.ac-reunion.fr\/clg-trois-mares\/wp-content\/uploads\/sites\/149\/2023\/11\/IMG_9134-scaled.jpg 2560w, https:\/\/etab.ac-reunion.fr\/clg-trois-mares\/wp-content\/uploads\/sites\/149\/2023\/11\/IMG_9134-300x280.jpg 300w, https:\/\/etab.ac-reunion.fr\/clg-trois-mares\/wp-content\/uploads\/sites\/149\/2023\/11\/IMG_9134-1024x955.jpg 1024w, https:\/\/etab.ac-reunion.fr\/clg-trois-mares\/wp-content\/uploads\/sites\/149\/2023\/11\/IMG_9134-768x716.jpg 768w, https:\/\/etab.ac-reunion.fr\/clg-trois-mares\/wp-content\/uploads\/sites\/149\/2023\/11\/IMG_9134-1536x1432.jpg 1536w, https:\/\/etab.ac-reunion.fr\/clg-trois-mares\/wp-content\/uploads\/sites\/149\/2023\/11\/IMG_9134-2048x1909.jpg 2048w, https:\/\/etab.ac-reunion.fr\/clg-trois-mares\/wp-content\/uploads\/sites\/149\/2023\/11\/IMG_9134-215x200.jpg 215w\" sizes=\"auto, (max-width: 2560px) 100vw, 2560px\" \/><\/figure>\n\n\n\n<div class=\"h5p-iframe-wrapper\"><iframe id=\"h5p-iframe-6\" class=\"h5p-iframe\" data-content-id=\"6\" style=\"height:1px\" src=\"about:blank\" frameBorder=\"0\" scrolling=\"no\" title=\"Agenda annuel\"><\/iframe><\/div>\n","protected":false},"excerpt":{"rendered":"<p>Nos jeunes ont du talent ! Cette ann\u00e9e, le personnel volontaire organise un concours afin de r\u00e9v\u00e9ler le potentiel de nos \u00e9l\u00e8ves dans diff\u00e9rents domaines artistiques, tels le chant, la danse, la musique ou m\u00eame le dessin. Un beau projet \u00e0 suivre de pr\u00e8s !<\/p>\n","protected":false},"author":35005,"featured_media":0,"parent":0,"menu_order":0,"comment_status":"closed","ping_status":"closed","template":"","meta":{"footnotes":""},"class_list":["post-1061","page","type-page","status-publish","hentry"],"_links":{"self":[{"href":"https:\/\/etab.ac-reunion.fr\/clg-trois-mares\/wp-json\/wp\/v2\/pages\/1061","targetHints":{"allow":["GET"]}}],"collection":[{"href":"https:\/\/etab.ac-reunion.fr\/clg-trois-mares\/wp-json\/wp\/v2\/pages"}],"about":[{"href":"https:\/\/etab.ac-reunion.fr\/clg-trois-mares\/wp-json\/wp\/v2\/types\/page"}],"author":[{"embeddable":true,"href":"https:\/\/etab.ac-reunion.fr\/clg-trois-mares\/wp-json\/wp\/v2\/users\/35005"}],"replies":[{"embeddable":true,"href":"https:\/\/etab.ac-reunion.fr\/clg-trois-mares\/wp-json\/wp\/v2\/comments?post=1061"}],"version-history":[{"count":4,"href":"https:\/\/etab.ac-reunion.fr\/clg-trois-mares\/wp-json\/wp\/v2\/pages\/1061\/revisions"}],"predecessor-version":[{"id":1615,"href":"https:\/\/etab.ac-reunion.fr\/clg-trois-mares\/wp-json\/wp\/v2\/pages\/1061\/revisions\/1615"}],"wp:attachment":[{"href":"https:\/\/etab.ac-reunion.fr\/clg-trois-mares\/wp-json\/wp\/v2\/media?parent=1061"}],"curies":[{"name":"wp","href":"https:\/\/api.w.org\/{rel}","templated":true}]}}