{"id":1073,"date":"2023-11-04T08:21:55","date_gmt":"2023-11-04T04:21:55","guid":{"rendered":"https:\/\/etab.ac-reunion.fr\/clg-trois-mares\/?page_id=1073"},"modified":"2025-08-24T08:12:55","modified_gmt":"2025-08-24T04:12:55","slug":"presentation","status":"publish","type":"page","link":"https:\/\/etab.ac-reunion.fr\/clg-trois-mares\/presentation\/","title":{"rendered":"Pr\u00e9sentation du coll\u00e8ge"},"content":{"rendered":"\n<p>Le coll\u00e8ge de Trois Mares a \u00e9t\u00e9 ouvert le <strong><mark style=\"background-color:#fff\" class=\"has-inline-color has-accent-1-color\">15 septembre 1975<\/mark><\/strong>. Il f\u00eatera son 50\u00e8me anniversaire en 2025.<\/p>\n\n\n\n<p>Situ\u00e9 \u00e0 600 m\u00e8tres d\u2019altitude sur une superficie de 2,7 hectares dans la commune du TAMPON, il offre le calme et la fra\u00eecheur propices \u00e0 des \u00e9tudes studieuses.<\/p>\n\n\n\n<div style=\"height:50px\" aria-hidden=\"true\" class=\"wp-block-spacer\"><\/div>\n\n\n\n<div class=\"wp-block-media-text is-stacked-on-mobile is-image-fill-element\" style=\"grid-template-columns:59% auto\"><figure class=\"wp-block-media-text__media\"><img loading=\"lazy\" decoding=\"async\" width=\"1024\" height=\"927\" src=\"https:\/\/etab.ac-reunion.fr\/clg-trois-mares\/wp-content\/uploads\/sites\/149\/2023\/11\/Illustration_sans_titre-2-1024x927.jpg\" alt=\"\" class=\"wp-image-1267 size-full\" style=\"object-position:50% 50%\" srcset=\"https:\/\/etab.ac-reunion.fr\/clg-trois-mares\/wp-content\/uploads\/sites\/149\/2023\/11\/Illustration_sans_titre-2-1024x927.jpg 1024w, https:\/\/etab.ac-reunion.fr\/clg-trois-mares\/wp-content\/uploads\/sites\/149\/2023\/11\/Illustration_sans_titre-2-300x271.jpg 300w, https:\/\/etab.ac-reunion.fr\/clg-trois-mares\/wp-content\/uploads\/sites\/149\/2023\/11\/Illustration_sans_titre-2-768x695.jpg 768w, https:\/\/etab.ac-reunion.fr\/clg-trois-mares\/wp-content\/uploads\/sites\/149\/2023\/11\/Illustration_sans_titre-2-221x200.jpg 221w, https:\/\/etab.ac-reunion.fr\/clg-trois-mares\/wp-content\/uploads\/sites\/149\/2023\/11\/Illustration_sans_titre-2.jpg 1104w\" sizes=\"auto, (max-width: 1024px) 100vw, 1024px\" \/><\/figure><div class=\"wp-block-media-text__content\">\n<p>Cet \u00e9tablissement public, qui accueille <strong><mark style=\"background-color:#fff\" class=\"has-inline-color has-accent-1-color\">917 \u00e9l\u00e8ves<\/mark><\/strong> \u00e0 la rentr\u00e9e 2024, fait partie de l&rsquo;acad\u00e9mie de La R\u00e9union.<\/p>\n\n\n\n<p> Les repas sont pr\u00e9par\u00e9s sur place. Le fonctionnement du r\u00e9fectoire se fait sous la forme d\u2019un self service.<\/p>\n\n\n\n<p><mark style=\"background-color:#fff\" class=\"has-inline-color has-accent-1-color\"><strong>Il comprend <\/strong>:<\/mark><\/p>\n\n\n\n<ul class=\"wp-block-list\">\n<li>le coll\u00e8ge proprement dit, situ\u00e9 au 75 rue Montaigne<\/li>\n<\/ul>\n\n\n\n<ul class=\"wp-block-list\">\n<li>et une Section d\u2019Enseignement G\u00e9n\u00e9ral et Professionnel Adapt\u00e9 (SEGPA), situ\u00e9e au 99 chemin St\u00e9phane.<\/li>\n<\/ul>\n\n\n\n<p><strong>Les options qui y sont propos\u00e9es :<\/strong><\/p>\n\n\n\n<ul class=\"wp-block-list\">\n<li>LV1 Anglais, Allemand, Espagnol<\/li>\n\n\n\n<li>LV2 Espagnol, Allemand, Chinois<\/li>\n\n\n\n<li>Latin<\/li>\n\n\n\n<li>Atelier Anglais (option en 3<sup>\u00e8me<\/sup>)<\/li>\n\n\n\n<li>3<sup>\u00e8me<\/sup> pr\u00e9pa-m\u00e9tiers<\/li>\n\n\n\n<li>Section sportive (volleyball)<\/li>\n\n\n\n<li>Chorale<\/li>\n<\/ul>\n<\/div><\/div>\n\n\n\n<div style=\"height:50px\" aria-hidden=\"true\" class=\"wp-block-spacer\"><\/div>\n\n\n\n<hr class=\"wp-block-separator has-alpha-channel-opacity is-style-default\" \/>\n\n\n\n<div style=\"height:50px\" aria-hidden=\"true\" class=\"wp-block-spacer\"><\/div>\n\n\n\n<div class=\"wp-block-columns is-layout-flex wp-container-core-columns-is-layout-9d6595d7 wp-block-columns-is-layout-flex\">\n<div class=\"wp-block-column has-background is-layout-flow wp-block-column-is-layout-flow\" style=\"background-color:#235ea633\">\n<div style=\"height:18px\" aria-hidden=\"true\" class=\"wp-block-spacer\"><\/div>\n\n\n\n<p class=\"has-text-align-left\"><strong>Le secteur de recrutement <\/strong>de l\u2019\u00e9tablissement regroupe les \u00e9coles primaires mixtes du secteur de TAMPON II :<\/p>\n\n\n\n<ul class=\"wp-block-list\">\n<li>BRAS DE PONTHO<\/li>\n\n\n\n<li>IRIS HOAREAU<\/li>\n\n\n\n<li>DASSY<\/li>\n<\/ul>\n<\/div>\n\n\n\n<div class=\"wp-block-column has-background is-layout-flow wp-block-column-is-layout-flow\" style=\"background-color:#235ea670\">\n<div style=\"height:18px\" aria-hidden=\"true\" class=\"wp-block-spacer\"><\/div>\n\n\n\n<p class=\"has-text-align-center\"><strong>La carte scolaire<\/strong> permet de sectoriser les \u00e9tablissements scolaires     en fonction d&rsquo;un secteur g\u00e9ographique.<\/p>\n\n\n\n<p class=\"has-text-align-center\">Pour savoir si votre lieu de r\u00e9sidence est reli\u00e9 au Coll\u00e8ge de Trois Mares &#8230;<\/p>\n\n\n\n<div class=\"wp-block-buttons is-content-justification-center is-layout-flex wp-container-core-buttons-is-layout-16018d1d wp-block-buttons-is-layout-flex\">\n<div class=\"wp-block-button\"><a class=\"wp-block-button__link wp-element-button\" href=\"https:\/\/portail.ac-reunion.fr\/case\/#\/case\/recherche\/commune\/97422?\" target=\"_blank\" rel=\"noreferrer noopener\">cliquez ici<\/a><\/div>\n<\/div>\n\n\n\n<div style=\"height:18px\" aria-hidden=\"true\" class=\"wp-block-spacer\"><\/div>\n<\/div>\n<\/div>\n","protected":false},"excerpt":{"rendered":"<p>Le coll\u00e8ge de Trois Mares a \u00e9t\u00e9 ouvert le 15 septembre 1975. Il f\u00eatera son 50\u00e8me anniversaire en 2025. Situ\u00e9 \u00e0 600 m\u00e8tres d\u2019altitude sur une superficie de 2,7 hectares dans la commune du TAMPON, il offre le calme et la fra\u00eecheur propices \u00e0 des \u00e9tudes studieuses. Le secteur de &hellip;<\/p>\n","protected":false},"author":35005,"featured_media":0,"parent":0,"menu_order":0,"comment_status":"closed","ping_status":"closed","template":"","meta":{"footnotes":""},"class_list":["post-1073","page","type-page","status-publish","hentry"],"_links":{"self":[{"href":"https:\/\/etab.ac-reunion.fr\/clg-trois-mares\/wp-json\/wp\/v2\/pages\/1073","targetHints":{"allow":["GET"]}}],"collection":[{"href":"https:\/\/etab.ac-reunion.fr\/clg-trois-mares\/wp-json\/wp\/v2\/pages"}],"about":[{"href":"https:\/\/etab.ac-reunion.fr\/clg-trois-mares\/wp-json\/wp\/v2\/types\/page"}],"author":[{"embeddable":true,"href":"https:\/\/etab.ac-reunion.fr\/clg-trois-mares\/wp-json\/wp\/v2\/users\/35005"}],"replies":[{"embeddable":true,"href":"https:\/\/etab.ac-reunion.fr\/clg-trois-mares\/wp-json\/wp\/v2\/comments?post=1073"}],"version-history":[{"count":13,"href":"https:\/\/etab.ac-reunion.fr\/clg-trois-mares\/wp-json\/wp\/v2\/pages\/1073\/revisions"}],"predecessor-version":[{"id":2554,"href":"https:\/\/etab.ac-reunion.fr\/clg-trois-mares\/wp-json\/wp\/v2\/pages\/1073\/revisions\/2554"}],"wp:attachment":[{"href":"https:\/\/etab.ac-reunion.fr\/clg-trois-mares\/wp-json\/wp\/v2\/media?parent=1073"}],"curies":[{"name":"wp","href":"https:\/\/api.w.org\/{rel}","templated":true}]}}