{"id":1089,"date":"2023-11-04T08:26:13","date_gmt":"2023-11-04T04:26:13","guid":{"rendered":"https:\/\/etab.ac-reunion.fr\/clg-trois-mares\/?page_id=1089"},"modified":"2023-12-04T18:45:58","modified_gmt":"2023-12-04T14:45:58","slug":"mot-de-la-principale","status":"publish","type":"page","link":"https:\/\/etab.ac-reunion.fr\/clg-trois-mares\/mot-de-la-principale\/","title":{"rendered":"Mot de la Principale"},"content":{"rendered":"<div class=\"wp-block-image\">\n<figure class=\"aligncenter size-full is-resized\" id=\"block-0467ce87-2b24-486e-9f74-9218c12f625d\"><img loading=\"lazy\" decoding=\"async\" width=\"696\" height=\"693\" src=\"https:\/\/etab.ac-reunion.fr\/clg-trois-mares\/wp-content\/uploads\/sites\/149\/2023\/11\/ech_scol_allemagne.png\" alt=\"\" class=\"wp-image-1264\" style=\"width:303px;height:303px\" srcset=\"https:\/\/etab.ac-reunion.fr\/clg-trois-mares\/wp-content\/uploads\/sites\/149\/2023\/11\/ech_scol_allemagne.png 696w, https:\/\/etab.ac-reunion.fr\/clg-trois-mares\/wp-content\/uploads\/sites\/149\/2023\/11\/ech_scol_allemagne-300x300.png 300w, https:\/\/etab.ac-reunion.fr\/clg-trois-mares\/wp-content\/uploads\/sites\/149\/2023\/11\/ech_scol_allemagne-150x150.png 150w, https:\/\/etab.ac-reunion.fr\/clg-trois-mares\/wp-content\/uploads\/sites\/149\/2023\/11\/ech_scol_allemagne-201x200.png 201w\" sizes=\"auto, (max-width: 696px) 100vw, 696px\" \/><\/figure>\n<\/div>\n\n\n<div style=\"height:89px\" aria-hidden=\"true\" class=\"wp-block-spacer\"><\/div>\n\n\n\n<p>Je vous souhaite la bienvenue sur le site internet du Coll\u00e8ge de TROIS MARES.<\/p>\n\n\n\n<p>Ce site est destin\u00e9 \u00e0 tous les membres de la Communaut\u00e9 \u00e9ducative&nbsp;: \u00e9l\u00e8ves, parents, professeurs, personnels, ainsi qu\u2019\u00e0 tous ceux qui souhaitent conna\u00eetre la structure, l\u2019organisation et la vie de notre coll\u00e8ge.<\/p>\n\n\n\n<p>Une nouvelle arborescence qui va vous permettre une navigation fluide et rapide.&nbsp;<\/p>\n\n\n\n<p>Cette ann\u00e9e, notre \u00e9tablissement accueille 953 \u00e9l\u00e8ves r\u00e9partis sur 39 divisions (9 classes en 4<sup>\u00e8me<\/sup>, et 10 classes en 6<sup>\u00e8me<\/sup>, 5<sup>\u00e8me<\/sup>, 3\u00e8me). Le coll\u00e8ge h\u00e9berge une SEGPA et 2 ULIS.<\/p>\n\n\n\n<p>Selon le niveau, les enjeux seront diff\u00e9rents&nbsp;:<\/p>\n\n\n\n<ul class=\"wp-block-list\">\n<li>Pour la classe de 6<sup>\u00e8me<\/sup>, l\u2019objectif est de consolider les apprentissages des \u00e9l\u00e8ves , pour qu\u2019ils puissent se projeter avec confiance dans leur scolarit\u00e9 au coll\u00e8ge. Il s\u2019agit de renforcer la ma\u00eetrise des savoirs fondamentaux, d\u2019approfondir leurs connaissances et de leur permettre l\u2019autonomie dans leur travail.<\/li>\n\n\n\n<li>Pour la 5<sup>\u00e8me<\/sup>&nbsp;et la 4<sup>\u00e8me ,&nbsp;<\/sup>l\u2019objectif est d\u2019\u00e9largir et d\u2019approfondir ses savoirs et savoir-faire.<\/li>\n\n\n\n<li>La classe de 3<sup>\u00e8me<\/sup>, palier d&rsquo;orientation, est celle des premi\u00e8res d\u00e9couvertes professionnelles \u2013 avec le stage d\u2019observation en entreprise. L&rsquo;objectif est l\u2019acquisition de comp\u00e9tences n\u00e9cessaires pour sa poursuite d\u2019\u00e9tudes au lyc\u00e9e. C\u2019est une ann\u00e9e importante en terme d\u2019orientation. Le dipl\u00f4me national du brevet des coll\u00e8ges ponctue cette fin d\u2019ann\u00e9e.<\/li>\n<\/ul>\n\n\n\n<p>La r\u00e9ussite de tous nos \u00e9l\u00e8ves est une priorit\u00e9 absolue, partag\u00e9e par tous les membres de notre \u00e9quipe.<\/p>\n\n\n\n<p>Former l\u2019\u00e9l\u00e8ve \u00e0 devenir un citoyen de demain, le conduire vers le lyc\u00e9e est notre engagement, par&nbsp;<strong><mark style=\"background-color:#ffffff\" class=\"has-inline-color has-accent-1-color\">la responsabilit\u00e9 et le travail<\/mark><\/strong>, valeurs fortes et primordiales pour acqu\u00e9rir autonomie et \u00e9panouissement personnel. Cela implique une exigence d\u2019efforts, d\u2019assiduit\u00e9, de respect et d\u2019engagement.<\/p>\n\n\n\n<p>Au nom de toute l\u2019\u00e9quipe du coll\u00e8ge, je souhaite \u00e0 nos coll\u00e9giens et \u00e0 toute la communaut\u00e9 \u00e9ducative une belle ann\u00e9e scolaire.<\/p>\n\n\n\n<div style=\"height:24px\" aria-hidden=\"true\" class=\"wp-block-spacer\"><\/div>\n\n\n\n<div class=\"wp-block-columns is-layout-flex wp-container-core-columns-is-layout-9d6595d7 wp-block-columns-is-layout-flex\">\n<div class=\"wp-block-column is-layout-flow wp-block-column-is-layout-flow\"><\/div>\n\n\n\n<div class=\"wp-block-column is-layout-flow wp-block-column-is-layout-flow\">\n<p>La Principale<\/p>\n\n\n\n<p>Nadine LAMOLY<\/p>\n<\/div>\n<\/div>\n","protected":false},"excerpt":{"rendered":"<p>Je vous souhaite la bienvenue sur le site internet du Coll\u00e8ge de TROIS MARES. Ce site est destin\u00e9 \u00e0 tous les membres de la Communaut\u00e9 \u00e9ducative&nbsp;: \u00e9l\u00e8ves, parents, professeurs, personnels, ainsi qu\u2019\u00e0 tous ceux qui souhaitent conna\u00eetre la structure, l\u2019organisation et la vie de notre coll\u00e8ge. Une nouvelle arborescence qui &hellip;<\/p>\n","protected":false},"author":35005,"featured_media":0,"parent":0,"menu_order":0,"comment_status":"closed","ping_status":"closed","template":"","meta":{"footnotes":""},"class_list":["post-1089","page","type-page","status-publish","hentry"],"_links":{"self":[{"href":"https:\/\/etab.ac-reunion.fr\/clg-trois-mares\/wp-json\/wp\/v2\/pages\/1089","targetHints":{"allow":["GET"]}}],"collection":[{"href":"https:\/\/etab.ac-reunion.fr\/clg-trois-mares\/wp-json\/wp\/v2\/pages"}],"about":[{"href":"https:\/\/etab.ac-reunion.fr\/clg-trois-mares\/wp-json\/wp\/v2\/types\/page"}],"author":[{"embeddable":true,"href":"https:\/\/etab.ac-reunion.fr\/clg-trois-mares\/wp-json\/wp\/v2\/users\/35005"}],"replies":[{"embeddable":true,"href":"https:\/\/etab.ac-reunion.fr\/clg-trois-mares\/wp-json\/wp\/v2\/comments?post=1089"}],"version-history":[{"count":12,"href":"https:\/\/etab.ac-reunion.fr\/clg-trois-mares\/wp-json\/wp\/v2\/pages\/1089\/revisions"}],"predecessor-version":[{"id":1766,"href":"https:\/\/etab.ac-reunion.fr\/clg-trois-mares\/wp-json\/wp\/v2\/pages\/1089\/revisions\/1766"}],"wp:attachment":[{"href":"https:\/\/etab.ac-reunion.fr\/clg-trois-mares\/wp-json\/wp\/v2\/media?parent=1089"}],"curies":[{"name":"wp","href":"https:\/\/api.w.org\/{rel}","templated":true}]}}