{"id":1439,"date":"2023-11-05T12:32:58","date_gmt":"2023-11-05T08:32:58","guid":{"rendered":"https:\/\/etab.ac-reunion.fr\/clg-trois-mares\/?page_id=1439"},"modified":"2023-11-29T17:55:26","modified_gmt":"2023-11-29T13:55:26","slug":"mi-aime-mon-muse","status":"publish","type":"page","link":"https:\/\/etab.ac-reunion.fr\/clg-trois-mares\/mi-aime-mon-muse\/","title":{"rendered":"Mi aime mon mus\u00e9"},"content":{"rendered":"\n<p class=\"has-large-font-size\">Intervention de Mr Le Pimpec pr\u00e9sident de&nbsp;<strong>\u00ab mi aime mon mus\u00e9 \u00bb,&nbsp;<\/strong>le&nbsp;<strong>2 octobre 2023<\/strong>. 4 classes de 3\u00e8me ( 301, 302, 303, 304) ont pu participer \u00e0 une intervention sur l\u2019armement lors de la Premi\u00e8re Guerre Mondiale. Apr\u00e8s un bref rappel sur les dangers des armes et sur les chiffres alarmants des violences intra-familiales \u00e0 la R\u00e9union , Mr Le Pimpec a expliqu\u00e9 aux \u00e9l\u00e8ves, l\u2019histoire sur les uniformes, les armes, les canons, les objets fabriqu\u00e9s par les poilus et a rendu vivant le cours fait en classe. Les \u00e9l\u00e8ves ont \u00e9galement pu manipuler les armes, les gourdes, les lames&#8230;.<br>En f\u00e9vrier, les 4 autres classes de 3\u00e8me pourront participer \u00e0 la deuxi\u00e8me intervention sur les armes de la Deuxi\u00e8me Guerre Mondiale.<\/p>\n","protected":false},"excerpt":{"rendered":"<p>Intervention de Mr Le Pimpec pr\u00e9sident de&nbsp;\u00ab mi aime mon mus\u00e9 \u00bb,&nbsp;le&nbsp;2 octobre 2023. 4 classes de 3\u00e8me ( 301, 302, 303, 304) ont pu participer \u00e0 une intervention sur l\u2019armement lors de la Premi\u00e8re Guerre Mondiale. Apr\u00e8s un bref rappel sur les dangers des armes et sur les chiffres &hellip;<\/p>\n","protected":false},"author":35005,"featured_media":0,"parent":0,"menu_order":0,"comment_status":"closed","ping_status":"closed","template":"","meta":{"footnotes":""},"class_list":["post-1439","page","type-page","status-publish","hentry"],"_links":{"self":[{"href":"https:\/\/etab.ac-reunion.fr\/clg-trois-mares\/wp-json\/wp\/v2\/pages\/1439","targetHints":{"allow":["GET"]}}],"collection":[{"href":"https:\/\/etab.ac-reunion.fr\/clg-trois-mares\/wp-json\/wp\/v2\/pages"}],"about":[{"href":"https:\/\/etab.ac-reunion.fr\/clg-trois-mares\/wp-json\/wp\/v2\/types\/page"}],"author":[{"embeddable":true,"href":"https:\/\/etab.ac-reunion.fr\/clg-trois-mares\/wp-json\/wp\/v2\/users\/35005"}],"replies":[{"embeddable":true,"href":"https:\/\/etab.ac-reunion.fr\/clg-trois-mares\/wp-json\/wp\/v2\/comments?post=1439"}],"version-history":[{"count":3,"href":"https:\/\/etab.ac-reunion.fr\/clg-trois-mares\/wp-json\/wp\/v2\/pages\/1439\/revisions"}],"predecessor-version":[{"id":1627,"href":"https:\/\/etab.ac-reunion.fr\/clg-trois-mares\/wp-json\/wp\/v2\/pages\/1439\/revisions\/1627"}],"wp:attachment":[{"href":"https:\/\/etab.ac-reunion.fr\/clg-trois-mares\/wp-json\/wp\/v2\/media?parent=1439"}],"curies":[{"name":"wp","href":"https:\/\/api.w.org\/{rel}","templated":true}]}}