{"id":1560,"date":"2023-11-17T22:12:33","date_gmt":"2023-11-17T18:12:33","guid":{"rendered":"https:\/\/etab.ac-reunion.fr\/clg-trois-mares\/?page_id=1560"},"modified":"2023-11-29T17:53:29","modified_gmt":"2023-11-29T13:53:29","slug":"petit-dejeuner-pour-les-eleves-de-6eme","status":"publish","type":"page","link":"https:\/\/etab.ac-reunion.fr\/clg-trois-mares\/petit-dejeuner-pour-les-eleves-de-6eme\/","title":{"rendered":"Petit d\u00e9jeuner pour les \u00e9l\u00e8ves de 6\u00e8me"},"content":{"rendered":"\n<p class=\"has-large-font-size\">Dans le cadre du parcours Sant\u00e9, un petit d\u00e9jeuner a \u00e9t\u00e9 offert \u00e0 tous les \u00e9l\u00e8ves de 6\u00e8me afin de les sensibiliser \u00e0 l&rsquo;\u00e9quilibre alimentaire et \u00e0 l&rsquo;importance du \u00ab\u00a0manger, bouger\u00a0\u00bb.<\/p>\n\n\n\n<figure class=\"wp-block-gallery has-nested-images columns-4 is-cropped wp-block-gallery-1 is-layout-flex wp-block-gallery-is-layout-flex\">\n<figure class=\"wp-block-image size-full\"><img loading=\"lazy\" decoding=\"async\" width=\"945\" height=\"1260\" data-id=\"1564\" src=\"https:\/\/etab.ac-reunion.fr\/clg-trois-mares\/wp-content\/uploads\/sites\/149\/2023\/11\/6ed538d4-8338-4dd1-8776-778ddb458e0e-edited.jpg\" alt=\"\" class=\"wp-image-1564\" srcset=\"https:\/\/etab.ac-reunion.fr\/clg-trois-mares\/wp-content\/uploads\/sites\/149\/2023\/11\/6ed538d4-8338-4dd1-8776-778ddb458e0e-edited.jpg 945w, https:\/\/etab.ac-reunion.fr\/clg-trois-mares\/wp-content\/uploads\/sites\/149\/2023\/11\/6ed538d4-8338-4dd1-8776-778ddb458e0e-edited-225x300.jpg 225w, https:\/\/etab.ac-reunion.fr\/clg-trois-mares\/wp-content\/uploads\/sites\/149\/2023\/11\/6ed538d4-8338-4dd1-8776-778ddb458e0e-edited-768x1024.jpg 768w, https:\/\/etab.ac-reunion.fr\/clg-trois-mares\/wp-content\/uploads\/sites\/149\/2023\/11\/6ed538d4-8338-4dd1-8776-778ddb458e0e-edited-150x200.jpg 150w\" sizes=\"auto, (max-width: 945px) 100vw, 945px\" \/><\/figure>\n\n\n\n<figure class=\"wp-block-image size-full\"><img loading=\"lazy\" decoding=\"async\" width=\"1200\" height=\"1600\" data-id=\"1562\" src=\"https:\/\/etab.ac-reunion.fr\/clg-trois-mares\/wp-content\/uploads\/sites\/149\/2023\/11\/c4dc5d0a-82ec-4c52-82e8-f31df9639aa8.jpg\" alt=\"\" class=\"wp-image-1562\" srcset=\"https:\/\/etab.ac-reunion.fr\/clg-trois-mares\/wp-content\/uploads\/sites\/149\/2023\/11\/c4dc5d0a-82ec-4c52-82e8-f31df9639aa8.jpg 1200w, https:\/\/etab.ac-reunion.fr\/clg-trois-mares\/wp-content\/uploads\/sites\/149\/2023\/11\/c4dc5d0a-82ec-4c52-82e8-f31df9639aa8-225x300.jpg 225w, https:\/\/etab.ac-reunion.fr\/clg-trois-mares\/wp-content\/uploads\/sites\/149\/2023\/11\/c4dc5d0a-82ec-4c52-82e8-f31df9639aa8-768x1024.jpg 768w, https:\/\/etab.ac-reunion.fr\/clg-trois-mares\/wp-content\/uploads\/sites\/149\/2023\/11\/c4dc5d0a-82ec-4c52-82e8-f31df9639aa8-1152x1536.jpg 1152w, https:\/\/etab.ac-reunion.fr\/clg-trois-mares\/wp-content\/uploads\/sites\/149\/2023\/11\/c4dc5d0a-82ec-4c52-82e8-f31df9639aa8-150x200.jpg 150w\" sizes=\"auto, (max-width: 1200px) 100vw, 1200px\" \/><\/figure>\n\n\n\n<figure class=\"wp-block-image size-full\"><img loading=\"lazy\" decoding=\"async\" width=\"1200\" height=\"1600\" data-id=\"1563\" src=\"https:\/\/etab.ac-reunion.fr\/clg-trois-mares\/wp-content\/uploads\/sites\/149\/2023\/11\/eb2a0d5e-f5ca-4186-96b6-3c958b1ded0b.jpg\" alt=\"\" class=\"wp-image-1563\" srcset=\"https:\/\/etab.ac-reunion.fr\/clg-trois-mares\/wp-content\/uploads\/sites\/149\/2023\/11\/eb2a0d5e-f5ca-4186-96b6-3c958b1ded0b.jpg 1200w, https:\/\/etab.ac-reunion.fr\/clg-trois-mares\/wp-content\/uploads\/sites\/149\/2023\/11\/eb2a0d5e-f5ca-4186-96b6-3c958b1ded0b-225x300.jpg 225w, https:\/\/etab.ac-reunion.fr\/clg-trois-mares\/wp-content\/uploads\/sites\/149\/2023\/11\/eb2a0d5e-f5ca-4186-96b6-3c958b1ded0b-768x1024.jpg 768w, https:\/\/etab.ac-reunion.fr\/clg-trois-mares\/wp-content\/uploads\/sites\/149\/2023\/11\/eb2a0d5e-f5ca-4186-96b6-3c958b1ded0b-1152x1536.jpg 1152w, https:\/\/etab.ac-reunion.fr\/clg-trois-mares\/wp-content\/uploads\/sites\/149\/2023\/11\/eb2a0d5e-f5ca-4186-96b6-3c958b1ded0b-150x200.jpg 150w\" sizes=\"auto, (max-width: 1200px) 100vw, 1200px\" \/><\/figure>\n\n\n\n<figure class=\"wp-block-image size-full\"><img loading=\"lazy\" decoding=\"async\" width=\"1200\" height=\"1600\" data-id=\"1567\" src=\"https:\/\/etab.ac-reunion.fr\/clg-trois-mares\/wp-content\/uploads\/sites\/149\/2023\/11\/0324bf40-be8f-443e-bad8-33951ce3135b.jpg\" alt=\"\" class=\"wp-image-1567\" srcset=\"https:\/\/etab.ac-reunion.fr\/clg-trois-mares\/wp-content\/uploads\/sites\/149\/2023\/11\/0324bf40-be8f-443e-bad8-33951ce3135b.jpg 1200w, https:\/\/etab.ac-reunion.fr\/clg-trois-mares\/wp-content\/uploads\/sites\/149\/2023\/11\/0324bf40-be8f-443e-bad8-33951ce3135b-225x300.jpg 225w, https:\/\/etab.ac-reunion.fr\/clg-trois-mares\/wp-content\/uploads\/sites\/149\/2023\/11\/0324bf40-be8f-443e-bad8-33951ce3135b-768x1024.jpg 768w, https:\/\/etab.ac-reunion.fr\/clg-trois-mares\/wp-content\/uploads\/sites\/149\/2023\/11\/0324bf40-be8f-443e-bad8-33951ce3135b-1152x1536.jpg 1152w, https:\/\/etab.ac-reunion.fr\/clg-trois-mares\/wp-content\/uploads\/sites\/149\/2023\/11\/0324bf40-be8f-443e-bad8-33951ce3135b-150x200.jpg 150w\" sizes=\"auto, (max-width: 1200px) 100vw, 1200px\" \/><\/figure>\n<\/figure>\n","protected":false},"excerpt":{"rendered":"<p>Dans le cadre du parcours Sant\u00e9, un petit d\u00e9jeuner a \u00e9t\u00e9 offert \u00e0 tous les \u00e9l\u00e8ves de 6\u00e8me afin de les sensibiliser \u00e0 l&rsquo;\u00e9quilibre alimentaire et \u00e0 l&rsquo;importance du \u00ab\u00a0manger, bouger\u00a0\u00bb.<\/p>\n","protected":false},"author":35005,"featured_media":0,"parent":0,"menu_order":0,"comment_status":"closed","ping_status":"closed","template":"","meta":{"footnotes":""},"class_list":["post-1560","page","type-page","status-publish","hentry"],"_links":{"self":[{"href":"https:\/\/etab.ac-reunion.fr\/clg-trois-mares\/wp-json\/wp\/v2\/pages\/1560","targetHints":{"allow":["GET"]}}],"collection":[{"href":"https:\/\/etab.ac-reunion.fr\/clg-trois-mares\/wp-json\/wp\/v2\/pages"}],"about":[{"href":"https:\/\/etab.ac-reunion.fr\/clg-trois-mares\/wp-json\/wp\/v2\/types\/page"}],"author":[{"embeddable":true,"href":"https:\/\/etab.ac-reunion.fr\/clg-trois-mares\/wp-json\/wp\/v2\/users\/35005"}],"replies":[{"embeddable":true,"href":"https:\/\/etab.ac-reunion.fr\/clg-trois-mares\/wp-json\/wp\/v2\/comments?post=1560"}],"version-history":[{"count":3,"href":"https:\/\/etab.ac-reunion.fr\/clg-trois-mares\/wp-json\/wp\/v2\/pages\/1560\/revisions"}],"predecessor-version":[{"id":1624,"href":"https:\/\/etab.ac-reunion.fr\/clg-trois-mares\/wp-json\/wp\/v2\/pages\/1560\/revisions\/1624"}],"wp:attachment":[{"href":"https:\/\/etab.ac-reunion.fr\/clg-trois-mares\/wp-json\/wp\/v2\/media?parent=1560"}],"curies":[{"name":"wp","href":"https:\/\/api.w.org\/{rel}","templated":true}]}}