{"id":2039,"date":"2024-06-13T17:42:02","date_gmt":"2024-06-13T13:42:02","guid":{"rendered":"https:\/\/etab.ac-reunion.fr\/clg-trois-mares\/?page_id=2039"},"modified":"2024-06-14T13:53:46","modified_gmt":"2024-06-14T09:53:46","slug":"bourse-college","status":"publish","type":"page","link":"https:\/\/etab.ac-reunion.fr\/clg-trois-mares\/bourse-college\/","title":{"rendered":""},"content":{"rendered":"\n<div class=\"wp-block-media-text is-stacked-on-mobile\" style=\"grid-template-columns:30% auto\"><figure class=\"wp-block-media-text__media\"><img loading=\"lazy\" decoding=\"async\" width=\"1024\" height=\"810\" src=\"https:\/\/etab.ac-reunion.fr\/clg-trois-mares\/wp-content\/uploads\/sites\/149\/2023\/11\/Sans_titre_15-2-1024x810.png\" alt=\"\" class=\"wp-image-1305 size-full\" srcset=\"https:\/\/etab.ac-reunion.fr\/clg-trois-mares\/wp-content\/uploads\/sites\/149\/2023\/11\/Sans_titre_15-2-1024x810.png 1024w, https:\/\/etab.ac-reunion.fr\/clg-trois-mares\/wp-content\/uploads\/sites\/149\/2023\/11\/Sans_titre_15-2-300x237.png 300w, https:\/\/etab.ac-reunion.fr\/clg-trois-mares\/wp-content\/uploads\/sites\/149\/2023\/11\/Sans_titre_15-2-768x607.png 768w, https:\/\/etab.ac-reunion.fr\/clg-trois-mares\/wp-content\/uploads\/sites\/149\/2023\/11\/Sans_titre_15-2-253x200.png 253w, https:\/\/etab.ac-reunion.fr\/clg-trois-mares\/wp-content\/uploads\/sites\/149\/2023\/11\/Sans_titre_15-2.png 1028w\" sizes=\"auto, (max-width: 1024px) 100vw, 1024px\" \/><\/figure><div class=\"wp-block-media-text__content\">\n<p class=\"has-large-font-size\"><strong>Bourse de coll\u00e8ge<\/strong><\/p>\n\n\n\n<h3 class=\"wp-block-heading has-large-font-size\">Ann\u00e9e scolaire 2024-2025<\/h3>\n<\/div><\/div>\n\n\n\n<p><strong>=&gt; \u00c0 l&rsquo;attention des parents des \u00e9l\u00e8ves de 6\u00e8me, 5\u00e8me et 4\u00e8me<\/strong><\/p>\n\n\n\n<p>Faire une demande de bourse de coll\u00e8ge pour 2024-2025<\/p>\n\n\n\n<p><em>Qui peut faire une demande de bourse de coll\u00e8ge ?<\/em><\/p>\n\n\n\n<p>Le demandeur de la bourse est \u00ab\u00a0la ou les personnes qui assument la charge effective et permanente de l\u2019\u00e9l\u00e8ve au sens de la l\u00e9gislation sur les prestations familiales\u00a0\u00bb, c\u2019est la notion de m\u00e9nage (personnes vivant ensemble sous le m\u00eame toit) qui est consid\u00e9r\u00e9e :<\/p>\n\n\n\n<p>\u2022En cas de concubinage, il sera tenu compte des revenus fiscaux des 2 concubins;&nbsp;\u2022En cas de r\u00e9sidence altern\u00e9e de l\u2019\u00e9l\u00e8ve, ce ne sont plus les revenus fiscaux des deux parents de l\u2019\u00e9l\u00e8ve qui sont pris en compte mais ceux du demandeur de la bourse, ou les revenus de son m\u00e9nage recompos\u00e9.<\/p>\n\n\n\n<p>Le nombre d\u2019enfants \u00e0 charge est le nombre d\u2019enfants mineurs ou en situation de handicap et le nombre d\u2019enfants majeurs c\u00e9libataires \u00e0 charge, mentionn\u00e9 sur l\u2019avis d\u2019imposition du demandeur.<\/p>\n\n\n\n<p class=\"has-normal-font-size\"><strong>\u00c9l\u00e8ves scolaris\u00e9s en coll\u00e8ge public<\/strong><\/p>\n\n\n\n<p class=\"has-accent-1-color has-text-color has-link-color has-normal-font-size wp-elements-d2f6b4922a7d438be409aa500d26064d\"><strong>[Nouveaut\u00e9 2024 !!! ] Consentir \u00e0 l\u2019\u00e9tude automatique de son droit \u00e0 bourse<\/strong><\/p>\n\n\n\n<p>\u00c0 la rentr\u00e9e 2024, les modalit\u00e9s de d\u00e9p\u00f4t des demandes de bourse \u00e9voluent, afin d\u2019en permettre l\u2019\u00e9tude automatique. La demande de bourse de coll\u00e8ge peut se faire au moment de l\u2019inscription ou de la r\u00e9inscription de l\u2019\u00e9l\u00e8ve dans un \u00e9tablissement.<\/p>\n\n\n\n<p>En tant que parent d\u2019\u00e9l\u00e8ves,&nbsp;<strong>vous pourrez ainsi sur le dossier d&rsquo;inscription ou r\u00e9inscription pour 2024-2025 qui vous est confi\u00e9&nbsp;:<\/strong><\/p>\n\n\n\n<ul class=\"wp-block-list\">\n<li>consentir \u00e0 l\u2019\u00e9tude automatique de votre droit \u00e0 bourse, pendant la p\u00e9riode d\u2019inscription ou de \u00ab\u00a0r\u00e9inscription\u00a0\u00bb (juin \u2013 d\u00e9but juillet 2024).<\/li>\n\n\n\n<li>compl\u00e9ter vos donn\u00e9es d\u2019\u00e9tat-civil \u00e9largi (nom et pr\u00e9noms, date et lieu de naissance, ainsi que celles de votre concubin \u00e9ventuel) afin de permettre la r\u00e9cup\u00e9ration des donn\u00e9es fiscales n\u00e9cessaire \u00e0 l\u2019examen de la demande de bourse.<strong>&nbsp;Les enfants doivent figurer sur l&rsquo;avis fiscal du demandeur !<\/strong><\/li>\n\n\n\n<li>\u00eatre dispens\u00e9 de d\u00e9poser une demande de bourse \u00e0 la rentr\u00e9e scolaire 2024, et les rentr\u00e9es scolaires suivantes gr\u00e2ce \u00e0 la conservation de votre consentement. L\u2019\u00e9tude automatique du droit \u00e0 bourse sera effective pour les \u00e9tablissements publics relevant du minist\u00e8re en charge de l\u2019\u00e9ducation nationale, coll\u00e8ges et lyc\u00e9es, d\u00e8s la phase d\u2019inscription en juin 2024.<\/li>\n<\/ul>\n\n\n\n<p>En compl\u00e9ment, les modalit\u00e9s de demande de bourse, via le t\u00e9l\u00e9service bourse ou via la&nbsp;<a href=\"https:\/\/www.education.gouv.fr\/media\/195009\/download\" target=\"_blank\" rel=\"noreferrer noopener\">demande papier (Cerfa)<\/a>, sont maintenues \u00e0 la rentr\u00e9e 2024, \u00e0 destination des familles n\u2019ayant pas donn\u00e9 leur consentement au cours de l\u2019inscription des \u00e9l\u00e8ves.<\/p>\n\n\n\n<p>\u00c0 noter qu\u2019\u00e0 partir de l\u2019ann\u00e9e scolaire 2024-2025, toutes les familles souhaitant b\u00e9n\u00e9ficier d\u2019une bourse doivent d\u00e9poser une demande de bourse, quelle que soit la proc\u00e9dure choisie (consentement \u00e0 l\u2019\u00e9tude automatique du droit \u00e0 bourse en juin-juillet ou d\u00e9p\u00f4t d\u2019une demande de bourse \u00e0 la rentr\u00e9e), y compris celles ayant b\u00e9n\u00e9fici\u00e9 d\u2019une bourse pendant l\u2019ann\u00e9e scolaire 2023-2024.<\/p>\n\n\n\n<p class=\"has-text-color has-link-color has-normal-font-size wp-elements-90fa69c9c4bf503833fc611a480a6cb3\" style=\"color:#e31313\"><strong>Pour les parents n\u2019ayant pas consenti \u00e0 l\u2019\u00e9tude automatique de leur droit \u00e0 bourse :<\/strong> la demande de bourse peut se faire en ligne ou \u00e0 l\u2019aide du formulaire de demande de bourse nationale de coll\u00e8ge, t\u00e9l\u00e9chargeable ci-dessous&nbsp;<strong>\u00e0 d\u00e9poser avant le d\u00e9part en vacances d&rsquo;octobre au secr\u00e9tariat de gestion du coll\u00e8ge.<\/strong><\/p>\n\n\n\n<p><strong><a href=\"https:\/\/www.education.gouv.fr\/media\/195009\/download\">Formulaire de demande de bourse nationale de coll\u00e8ge pour l&rsquo;ann\u00e9e scolaire 2024-2025<\/a><\/strong><\/p>\n\n\n\n<p>La demande de bourse de coll\u00e8ge en ligne est accessible pour tous les coll\u00e8ges publics de toutes les acad\u00e9mies. Pour y acc\u00e9der, les parents ou responsables d&rsquo;\u00e9l\u00e8ves devront se connecter au<a href=\"https:\/\/teleservices.education.gouv.fr\/\" target=\"_blank\" rel=\"noreferrer noopener\">&nbsp;portail Scolarit\u00e9-Services<\/a>&nbsp;du <strong>1er&nbsp;septembre 2024 au 17 octobre 2024<\/strong> inclus. En tant que parent d&rsquo;\u00e9l\u00e8ves, vous pourrez ainsi :<\/p>\n\n\n\n<ul class=\"wp-block-list\">\n<li>faire une demande pour un ou plusieurs enfants scolaris\u00e9s dans le m\u00eame coll\u00e8ge public et \u00e9ligibles \u00e0 une bourse de coll\u00e8ge ;<\/li>\n\n\n\n<li>r\u00e9cup\u00e9rer directement vos donn\u00e9es fiscales n\u00e9cessaires \u00e0 l&rsquo;instruction de la demande sans joindre de pi\u00e8ces justificatives ;<\/li>\n\n\n\n<li>imprimer ou t\u00e9l\u00e9charger un accus\u00e9 de r\u00e9ception ;&nbsp;<\/li>\n\n\n\n<li>obtenir une estimation de la bourse \u00e0 la fin de la saisie.<\/li>\n<\/ul>\n\n\n\n<p>Deux possibilit\u00e9s s&rsquo;offrent \u00e0 vous pour acc\u00e9der \u00e0<a href=\"https:\/\/teleservices.education.gouv.fr\/\" target=\"_blank\" rel=\"noreferrer noopener\"> Scolarit\u00e9-Services<\/a> :<\/p>\n\n\n\n<ul class=\"wp-block-list\">\n<li>se connecter avec votre compte&nbsp;<a href=\"https:\/\/www.education.gouv.fr\/educonnect-un-compte-unique-pour-suivre-et-accompagner-la-scolarite-de-mon-enfant-7361\" target=\"_blank\" rel=\"noreferrer noopener\">EduConnect&nbsp;<\/a>;<\/li>\n\n\n\n<li>se connecter avec FranceConnect : le bouton qui permet d\u2019acc\u00e9der aux services en ligne de l&rsquo;\u00c9ducation nationale et d&rsquo;autres services publics en utilisant votre compte Impots.gouv.fr, ou votre compte de l\u2019Assurance maladie ou l\u2019identit\u00e9 num\u00e9rique, ou Mobile Connect et moi, ou msa.fr.<\/li>\n<\/ul>\n\n\n\n<p class=\"has-accent-1-color has-text-color has-link-color wp-elements-4bf78ed4b17c1176e199940eb673e062\">Des questions sur votre connexion ou les demandes de bourse de coll\u00e8ge ?<\/p>\n\n\n\n<p>Une plateforme d&rsquo;assistance nationale est mise \u00e0 votre disposition.<\/p>\n\n\n\n<p>-par t\u00e9l\u00e9phone :&nbsp;0 809 54 06 06&nbsp;(prix d&rsquo;un appel local) du lundi au vendredi de 8h \u00e0 20h<\/p>\n\n\n\n<p>-en ligne :&nbsp;<a href=\"https:\/\/assistanceteleservices.education.gouv.fr\/\" target=\"_blank\" rel=\"noreferrer noopener\">assistanceteleservices.education.gouv.fr<\/a><\/p>\n","protected":false},"excerpt":{"rendered":"<p>Bourse de coll\u00e8ge Ann\u00e9e scolaire 2024-2025 =&gt; \u00c0 l&rsquo;attention des parents des \u00e9l\u00e8ves de 6\u00e8me, 5\u00e8me et 4\u00e8me Faire une demande de bourse de coll\u00e8ge pour 2024-2025 Qui peut faire une demande de bourse de coll\u00e8ge ? Le demandeur de la bourse est \u00ab\u00a0la ou les personnes qui assument la &hellip;<\/p>\n","protected":false},"author":35005,"featured_media":0,"parent":0,"menu_order":0,"comment_status":"closed","ping_status":"closed","template":"","meta":{"footnotes":""},"class_list":["post-2039","page","type-page","status-publish","hentry"],"_links":{"self":[{"href":"https:\/\/etab.ac-reunion.fr\/clg-trois-mares\/wp-json\/wp\/v2\/pages\/2039","targetHints":{"allow":["GET"]}}],"collection":[{"href":"https:\/\/etab.ac-reunion.fr\/clg-trois-mares\/wp-json\/wp\/v2\/pages"}],"about":[{"href":"https:\/\/etab.ac-reunion.fr\/clg-trois-mares\/wp-json\/wp\/v2\/types\/page"}],"author":[{"embeddable":true,"href":"https:\/\/etab.ac-reunion.fr\/clg-trois-mares\/wp-json\/wp\/v2\/users\/35005"}],"replies":[{"embeddable":true,"href":"https:\/\/etab.ac-reunion.fr\/clg-trois-mares\/wp-json\/wp\/v2\/comments?post=2039"}],"version-history":[{"count":3,"href":"https:\/\/etab.ac-reunion.fr\/clg-trois-mares\/wp-json\/wp\/v2\/pages\/2039\/revisions"}],"predecessor-version":[{"id":2045,"href":"https:\/\/etab.ac-reunion.fr\/clg-trois-mares\/wp-json\/wp\/v2\/pages\/2039\/revisions\/2045"}],"wp:attachment":[{"href":"https:\/\/etab.ac-reunion.fr\/clg-trois-mares\/wp-json\/wp\/v2\/media?parent=2039"}],"curies":[{"name":"wp","href":"https:\/\/api.w.org\/{rel}","templated":true}]}}