{"id":2299,"date":"2024-12-03T09:13:21","date_gmt":"2024-12-03T05:13:21","guid":{"rendered":"https:\/\/etab.ac-reunion.fr\/clg-trois-mares\/?page_id=2299"},"modified":"2024-12-06T06:40:48","modified_gmt":"2024-12-06T02:40:48","slug":"sortie-a-lobservatoire-astronomique-des-makes-2","status":"publish","type":"page","link":"https:\/\/etab.ac-reunion.fr\/clg-trois-mares\/sortie-a-lobservatoire-astronomique-des-makes-2\/","title":{"rendered":"Sortie \u00e0 l&rsquo;observatoire astronomique des Makes (2024)"},"content":{"rendered":"\n<p class=\"has-large-font-size\">Deux classes du coll\u00e8ge (6\u00e8me1 et 6\u00e8me3) ont particip\u00e9 \u00e0 une sortie \u00e0 l&rsquo;observatoire d&rsquo;astronomie des Makes en novembre 2024 en compagnie de M.Ponti enseignant en SPC, Mme Kerbidy enseignante en Arts Plastiques et Mme Survil enseignante en fran\u00e7ais.<\/p>\n\n\n\n<p class=\"has-large-font-size\">Ils ont pu&nbsp;:<\/p>\n\n\n\n<p class=\"has-large-font-size\">-visiter le site de l&rsquo;observatoire,<\/p>\n\n\n\n<p class=\"has-large-font-size\">-s&rsquo;exercer \u00e0 l&rsquo;utilisation des instruments d&rsquo;observations,<\/p>\n\n\n\n<p class=\"has-large-font-size\">-observer notre \u00e9toile \u00ab&nbsp;Le Soleil&nbsp;\u00bb, quelques plan\u00e8tes, leurs satellites et des n\u00e9buleuses,<\/p>\n\n\n\n<p class=\"has-large-font-size\">-et d\u00e9couvrir des constellations et leurs mythes.<\/p>\n\n\n\n<p class=\"has-large-font-size\">Merci aux personnels de l&rsquo;observatoire pour leur accueil chaleureux.<\/p>\n\n\n<a href=\"https:\/\/etab.ac-reunion.fr\/clg-trois-mares\/wp-content\/uploads\/sites\/149\/2024\/12\/photo-sortie-6eme.pdf\" class=\"pdfemb-viewer\" style=\"\" data-width=\"max\" data-height=\"max\" data-toolbar=\"bottom\" data-toolbar-fixed=\"off\">photo-sortie-6eme<\/a>\n\n\n<div style=\"height:100px\" aria-hidden=\"true\" class=\"wp-block-spacer\"><\/div>\n\n\n\n<hr class=\"wp-block-separator has-alpha-channel-opacity\" \/>\n\n\n\n<p class=\"has-large-font-size\"><strong>Vid\u00e9o 1<\/strong>: direction du soleil<\/p>\n\n\n\n<figure class=\"wp-block-video\"><video height=\"480\" style=\"aspect-ratio: 848 \/ 480;\" width=\"848\" controls src=\"https:\/\/etab.ac-reunion.fr\/clg-trois-mares\/wp-content\/uploads\/sites\/149\/2024\/12\/VID-601-direction-du-Soleil.mp4\"><\/video><\/figure>\n\n\n\n<div style=\"height:100px\" aria-hidden=\"true\" class=\"wp-block-spacer\"><\/div>\n\n\n\n<p class=\"has-large-font-size\"><strong>Vid\u00e9o 2<\/strong>: t\u00e9lescope<\/p>\n\n\n\n<figure class=\"wp-block-video\"><video height=\"480\" style=\"aspect-ratio: 848 \/ 480;\" width=\"848\" controls src=\"https:\/\/etab.ac-reunion.fr\/clg-trois-mares\/wp-content\/uploads\/sites\/149\/2024\/12\/VID-603-telescope.mp4\"><\/video><\/figure>\n\n\n\n<div style=\"height:100px\" aria-hidden=\"true\" class=\"wp-block-spacer\"><\/div>\n\n\n\n<p class=\"has-large-font-size\"><strong>Vid\u00e9o 3<\/strong>: attention au soleil<\/p>\n\n\n\n<figure class=\"wp-block-video\"><video height=\"480\" style=\"aspect-ratio: 848 \/ 480;\" width=\"848\" controls src=\"https:\/\/etab.ac-reunion.fr\/clg-trois-mares\/wp-content\/uploads\/sites\/149\/2024\/12\/VID-603-attention-soleil.mp4\"><\/video><\/figure>\n\n\n\n<div style=\"height:100px\" aria-hidden=\"true\" class=\"wp-block-spacer\"><\/div>\n\n\n\n<p class=\"has-large-font-size\"><strong>Vid\u00e9o 4<\/strong>: visite de l&rsquo;observatoire<\/p>\n\n\n\n<figure class=\"wp-block-video\"><video height=\"850\" style=\"aspect-ratio: 478 \/ 850;\" width=\"478\" controls src=\"https:\/\/etab.ac-reunion.fr\/clg-trois-mares\/wp-content\/uploads\/sites\/149\/2024\/12\/VID-603-visite-observatoire.mp4\"><\/video><\/figure>\n","protected":false},"excerpt":{"rendered":"<p>Deux classes du coll\u00e8ge (6\u00e8me1 et 6\u00e8me3) ont particip\u00e9 \u00e0 une sortie \u00e0 l&rsquo;observatoire d&rsquo;astronomie des Makes en novembre 2024 en compagnie de M.Ponti enseignant en SPC, Mme Kerbidy enseignante en Arts Plastiques et Mme Survil enseignante en fran\u00e7ais. Ils ont pu&nbsp;: -visiter le site de l&rsquo;observatoire, -s&rsquo;exercer \u00e0 l&rsquo;utilisation &hellip;<\/p>\n","protected":false},"author":35005,"featured_media":0,"parent":0,"menu_order":0,"comment_status":"closed","ping_status":"closed","template":"","meta":{"footnotes":""},"class_list":["post-2299","page","type-page","status-publish","hentry"],"_links":{"self":[{"href":"https:\/\/etab.ac-reunion.fr\/clg-trois-mares\/wp-json\/wp\/v2\/pages\/2299","targetHints":{"allow":["GET"]}}],"collection":[{"href":"https:\/\/etab.ac-reunion.fr\/clg-trois-mares\/wp-json\/wp\/v2\/pages"}],"about":[{"href":"https:\/\/etab.ac-reunion.fr\/clg-trois-mares\/wp-json\/wp\/v2\/types\/page"}],"author":[{"embeddable":true,"href":"https:\/\/etab.ac-reunion.fr\/clg-trois-mares\/wp-json\/wp\/v2\/users\/35005"}],"replies":[{"embeddable":true,"href":"https:\/\/etab.ac-reunion.fr\/clg-trois-mares\/wp-json\/wp\/v2\/comments?post=2299"}],"version-history":[{"count":7,"href":"https:\/\/etab.ac-reunion.fr\/clg-trois-mares\/wp-json\/wp\/v2\/pages\/2299\/revisions"}],"predecessor-version":[{"id":2332,"href":"https:\/\/etab.ac-reunion.fr\/clg-trois-mares\/wp-json\/wp\/v2\/pages\/2299\/revisions\/2332"}],"wp:attachment":[{"href":"https:\/\/etab.ac-reunion.fr\/clg-trois-mares\/wp-json\/wp\/v2\/media?parent=2299"}],"curies":[{"name":"wp","href":"https:\/\/api.w.org\/{rel}","templated":true}]}}