{"id":2663,"date":"2025-11-30T06:46:27","date_gmt":"2025-11-30T02:46:27","guid":{"rendered":"https:\/\/etab.ac-reunion.fr\/clg-trois-mares\/?page_id=2663"},"modified":"2025-12-01T11:03:10","modified_gmt":"2025-12-01T07:03:10","slug":"elaboration-du-menu-de-la-cantine-par-les-eleves-de-3emes-segpa","status":"publish","type":"page","link":"https:\/\/etab.ac-reunion.fr\/clg-trois-mares\/elaboration-du-menu-de-la-cantine-par-les-eleves-de-3emes-segpa\/","title":{"rendered":"\u00c9laboration du menu de la cantine par les \u00e9l\u00e8ves de 3\u00e8mes SEGPA"},"content":{"rendered":"\n<p class=\"has-large-font-size\">Les \u00e9l\u00e8ves de la 309 et 310 de l\u2019atelier H.A.S. (Hygi\u00e8ne Alimentation Services) de la SEGPA du coll\u00e8ge de TROIS MARES ont \u00e9labor\u00e9 le menu du 1er&nbsp;au 5 d\u00e9cembre 2025. Les agents de la cuisine ont pr\u00e9par\u00e9 les repas en fonction de leur proposition et les \u00e9l\u00e8ves participeront au service.<\/p>\n\n\n<a href=\"https:\/\/etab.ac-reunion.fr\/clg-trois-mares\/wp-content\/uploads\/sites\/149\/2025\/11\/affiche-SEGPA-v2-1.pdf\" class=\"pdfemb-viewer\" style=\"\" data-width=\"max\" data-height=\"max\" data-toolbar=\"bottom\" data-toolbar-fixed=\"off\">affiche-SEGPA-v2-1<\/a>\n\n\n<div style=\"height:100px\" aria-hidden=\"true\" class=\"wp-block-spacer\"><\/div>\n\n\n\n<figure class=\"wp-block-image size-full\"><img loading=\"lazy\" decoding=\"async\" width=\"1822\" height=\"1292\" src=\"https:\/\/etab.ac-reunion.fr\/clg-trois-mares\/wp-content\/uploads\/sites\/149\/2025\/12\/Capture-decran-2025-12-01-a-10.59.31.png\" alt=\"\" class=\"wp-image-2669\" srcset=\"https:\/\/etab.ac-reunion.fr\/clg-trois-mares\/wp-content\/uploads\/sites\/149\/2025\/12\/Capture-decran-2025-12-01-a-10.59.31.png 1822w, https:\/\/etab.ac-reunion.fr\/clg-trois-mares\/wp-content\/uploads\/sites\/149\/2025\/12\/Capture-decran-2025-12-01-a-10.59.31-300x213.png 300w, https:\/\/etab.ac-reunion.fr\/clg-trois-mares\/wp-content\/uploads\/sites\/149\/2025\/12\/Capture-decran-2025-12-01-a-10.59.31-1024x726.png 1024w, https:\/\/etab.ac-reunion.fr\/clg-trois-mares\/wp-content\/uploads\/sites\/149\/2025\/12\/Capture-decran-2025-12-01-a-10.59.31-768x545.png 768w, https:\/\/etab.ac-reunion.fr\/clg-trois-mares\/wp-content\/uploads\/sites\/149\/2025\/12\/Capture-decran-2025-12-01-a-10.59.31-1536x1089.png 1536w, https:\/\/etab.ac-reunion.fr\/clg-trois-mares\/wp-content\/uploads\/sites\/149\/2025\/12\/Capture-decran-2025-12-01-a-10.59.31-282x200.png 282w\" sizes=\"auto, (max-width: 1822px) 100vw, 1822px\" \/><\/figure>\n\n\n\n<p class=\"has-text-align-center has-large-font-size\"><strong>Bon app\u00e9tit !<\/strong><\/p>\n","protected":false},"excerpt":{"rendered":"<p>Les \u00e9l\u00e8ves de la 309 et 310 de l\u2019atelier H.A.S. (Hygi\u00e8ne Alimentation Services) de la SEGPA du coll\u00e8ge de TROIS MARES ont \u00e9labor\u00e9 le menu du 1er&nbsp;au 5 d\u00e9cembre 2025. Les agents de la cuisine ont pr\u00e9par\u00e9 les repas en fonction de leur proposition et les \u00e9l\u00e8ves participeront au service. &hellip;<\/p>\n","protected":false},"author":35005,"featured_media":0,"parent":0,"menu_order":0,"comment_status":"closed","ping_status":"closed","template":"","meta":{"footnotes":""},"class_list":["post-2663","page","type-page","status-publish","hentry"],"_links":{"self":[{"href":"https:\/\/etab.ac-reunion.fr\/clg-trois-mares\/wp-json\/wp\/v2\/pages\/2663","targetHints":{"allow":["GET"]}}],"collection":[{"href":"https:\/\/etab.ac-reunion.fr\/clg-trois-mares\/wp-json\/wp\/v2\/pages"}],"about":[{"href":"https:\/\/etab.ac-reunion.fr\/clg-trois-mares\/wp-json\/wp\/v2\/types\/page"}],"author":[{"embeddable":true,"href":"https:\/\/etab.ac-reunion.fr\/clg-trois-mares\/wp-json\/wp\/v2\/users\/35005"}],"replies":[{"embeddable":true,"href":"https:\/\/etab.ac-reunion.fr\/clg-trois-mares\/wp-json\/wp\/v2\/comments?post=2663"}],"version-history":[{"count":4,"href":"https:\/\/etab.ac-reunion.fr\/clg-trois-mares\/wp-json\/wp\/v2\/pages\/2663\/revisions"}],"predecessor-version":[{"id":2673,"href":"https:\/\/etab.ac-reunion.fr\/clg-trois-mares\/wp-json\/wp\/v2\/pages\/2663\/revisions\/2673"}],"wp:attachment":[{"href":"https:\/\/etab.ac-reunion.fr\/clg-trois-mares\/wp-json\/wp\/v2\/media?parent=2663"}],"curies":[{"name":"wp","href":"https:\/\/api.w.org\/{rel}","templated":true}]}}