{"id":4499,"date":"2024-06-19T08:41:26","date_gmt":"2024-06-19T04:41:26","guid":{"rendered":"https:\/\/etab.ac-reunion.fr\/lyc-horizon\/?page_id=4499"},"modified":"2025-05-20T12:32:11","modified_gmt":"2025-05-20T08:32:11","slug":"ambition-emploi","status":"publish","type":"page","link":"https:\/\/etab.ac-reunion.fr\/lyc-albert-ramassamy\/ambition-emploi\/","title":{"rendered":"Ambition Emploi"},"content":{"rendered":"[et_pb_section fb_built=\u00a0\u00bb1&Prime; _builder_version=\u00a0\u00bb4.25.2&Prime; _module_preset=\u00a0\u00bbdefault\u00a0\u00bb global_colors_info=\u00a0\u00bb{}\u00a0\u00bb][et_pb_row _builder_version=\u00a0\u00bb4.25.2&Prime; _module_preset=\u00a0\u00bbdefault\u00a0\u00bb global_colors_info=\u00a0\u00bb{}\u00a0\u00bb][et_pb_column type=\u00a0\u00bb4_4&Prime; _builder_version=\u00a0\u00bb4.25.2&Prime; _module_preset=\u00a0\u00bbdefault\u00a0\u00bb global_colors_info=\u00a0\u00bb{}\u00a0\u00bb][et_pb_text _builder_version=\u00a0\u00bb4.25.2&Prime; _module_preset=\u00a0\u00bbdefault\u00a0\u00bb global_colors_info=\u00a0\u00bb{}\u00a0\u00bb]\n<p><span style=\"font-weight: 400\">Madame, Monsieur,\u00a0parents d&rsquo;\u00e9l\u00e8ves sortants du LP Albert Ramassamy,<\/span><\/p>\n<p><span style=\"font-weight: 400\">Le lyc\u00e9e Albert Ramassamy d\u00e9bute sa campagne de recrutement du parcours : Ambition emploi.\u00a0<\/span><\/p>\n<p><b>OBJECTIF<\/b><span style=\"font-weight: 400\"> :<\/span><\/p>\n<p><span style=\"font-weight: 400\">Accompagner chaque \u00e9l\u00e8ve sortant du lyc\u00e9e, avec ou sans dipl\u00f4me et n\u2019ayant aucun emploi, afin de l\u2019aider \u00e0 trouver une formation ou de s\u2019ins\u00e9rer dans le monde du travail. Le parcours d\u00e9bute du 1er septembre au <span>31 d\u00e9cembre 2024<\/span>.<\/span><\/p>\n<p><b>ELEVES CONCERN\u00c9S<\/b><span style=\"font-weight: 400\"> :<\/span><\/p>\n<p><span style=\"font-weight: 400\">Le parcours concerne tous les \u00e9l\u00e8ves volontaires non engag\u00e9s dans un emploi ou un parcours de formation ayant pass\u00e9, \u00e0 la derni\u00e8re session 2023\/2024, les \u00e9preuves du :<\/span><\/p>\n<ul>\n<li><span style=\"font-weight: 400\"> baccalaur\u00e9at professionnel;<\/span><\/li>\n<li><span style=\"font-weight: 400\"> certificat d\u2019aptitude professionnelle (CAP)<\/span><\/li>\n<\/ul>\n<p><span style=\"font-weight: 400\">Le dispositif concerne TOUS les \u00e9l\u00e8ves avec ou sans dipl\u00f4me.<\/span><\/p>\n<p>&nbsp;<\/p>\n<p><b>MISE EN OEUVRE<\/b><\/p>\n<p><span style=\"font-weight: 400\">Durant toute la dur\u00e9e du parcours, les jeunes sont sous statut scolaire, b\u00e9n\u00e9ficient des cong\u00e9s scolaires, la bourse (s\u2019ils sont \u00e9ligibles) et \u00e0 la gratification en p\u00e9riode de stage.\u00a0\u00a0<\/span><\/p>\n<p><span style=\"font-weight: 400\">Les jeunes sont accompagn\u00e9s par un ensemble de professeurs qui les aideront \u00e0 construire leur propre parcours menant \u00e0 un travail ou une formation.<\/span><\/p>\n<p>&nbsp;<\/p>\n<p><span style=\"font-weight: 400\">Aussi, si votre enfant est toujours sans solution jusqu\u2019au <span>31 Ao\u00fbt 2024<\/span>, nous vous conseillons de prendre contact avec le lyc\u00e9e Albert Ramassamy afin qu\u2019il\/elle ne reste pas seul(e) \u00e0 la maison et rejoigne le parcours pour l\u2019aider \u00e0 trouver une solution.<\/span><\/p>\n<p>&nbsp;<\/p>\n<p><span style=\"font-weight: 400\">Cordialement,\u00a0<\/span><\/p>\n<p><span style=\"font-weight: 400\">L\u2019\u00e9quipe Parcours Ambition Emploi<\/span><\/p>\n<p><span style=\"font-weight: 400\">LP Albert Ramassamy<\/span><\/p>\n<p>&nbsp;<\/p>\n<p><span style=\"font-weight: 400\">Adresse mail de l\u2019\u00e9tablissement :\u00a0<\/span><\/p>\n<p><span style=\"font-weight: 400\">ce.9740737h@ac-reunion.fr<\/span><\/p>\n[\/et_pb_text][\/et_pb_column][\/et_pb_row][et_pb_row _builder_version=\u00a0\u00bb4.25.2&Prime; _module_preset=\u00a0\u00bbdefault\u00a0\u00bb global_colors_info=\u00a0\u00bb{}\u00a0\u00bb][et_pb_column type=\u00a0\u00bb4_4&Prime; _builder_version=\u00a0\u00bb4.25.2&Prime; _module_preset=\u00a0\u00bbdefault\u00a0\u00bb global_colors_info=\u00a0\u00bb{}\u00a0\u00bb][et_pb_image src=\u00a0\u00bbhttps:\/\/etab.ac-reunion.fr\/lyc-albert-ramassamy\/wp-content\/uploads\/sites\/94\/2024\/06\/Ambition-Emploi-flyer-scaled.jpg\u00a0\u00bb title_text=\u00a0\u00bbAmbition Emploi &#8211; flyer\u00a0\u00bb _builder_version=\u00a0\u00bb4.25.2&Prime; _module_preset=\u00a0\u00bbdefault\u00a0\u00bb global_colors_info=\u00a0\u00bb{}\u00a0\u00bb][\/et_pb_image][\/et_pb_column][\/et_pb_row][\/et_pb_section]\n","protected":false},"excerpt":{"rendered":"<p>Madame, Monsieur,\u00a0parents d&rsquo;\u00e9l\u00e8ves sortants du LP Albert Ramassamy, Le lyc\u00e9e Albert Ramassamy d\u00e9bute sa campagne de recrutement du parcours : Ambition emploi.\u00a0 OBJECTIF : Accompagner chaque \u00e9l\u00e8ve sortant du lyc\u00e9e, [&hellip;]<\/p>\n","protected":false},"author":6925,"featured_media":0,"parent":0,"menu_order":0,"comment_status":"closed","ping_status":"closed","template":"","meta":{"_et_pb_use_builder":"on","_et_pb_old_content":"","_et_gb_content_width":"","footnotes":""},"class_list":["post-4499","page","type-page","status-publish","hentry"],"_links":{"self":[{"href":"https:\/\/etab.ac-reunion.fr\/lyc-albert-ramassamy\/wp-json\/wp\/v2\/pages\/4499","targetHints":{"allow":["GET"]}}],"collection":[{"href":"https:\/\/etab.ac-reunion.fr\/lyc-albert-ramassamy\/wp-json\/wp\/v2\/pages"}],"about":[{"href":"https:\/\/etab.ac-reunion.fr\/lyc-albert-ramassamy\/wp-json\/wp\/v2\/types\/page"}],"author":[{"embeddable":true,"href":"https:\/\/etab.ac-reunion.fr\/lyc-albert-ramassamy\/wp-json\/wp\/v2\/users\/6925"}],"replies":[{"embeddable":true,"href":"https:\/\/etab.ac-reunion.fr\/lyc-albert-ramassamy\/wp-json\/wp\/v2\/comments?post=4499"}],"version-history":[{"count":3,"href":"https:\/\/etab.ac-reunion.fr\/lyc-albert-ramassamy\/wp-json\/wp\/v2\/pages\/4499\/revisions"}],"predecessor-version":[{"id":4504,"href":"https:\/\/etab.ac-reunion.fr\/lyc-albert-ramassamy\/wp-json\/wp\/v2\/pages\/4499\/revisions\/4504"}],"wp:attachment":[{"href":"https:\/\/etab.ac-reunion.fr\/lyc-albert-ramassamy\/wp-json\/wp\/v2\/media?parent=4499"}],"curies":[{"name":"wp","href":"https:\/\/api.w.org\/{rel}","templated":true}]}}