{"id":1761,"date":"2020-02-14T17:19:30","date_gmt":"2020-02-14T13:19:30","guid":{"rendered":"http:\/\/lycee-ambroise-vollard.ac-reunion.fr\/?page_id=1761"},"modified":"2023-03-03T09:23:22","modified_gmt":"2023-03-03T05:23:22","slug":"2nde-creationculture-design-enseignement-optionnel","status":"publish","type":"page","link":"https:\/\/etab.ac-reunion.fr\/lyc-ambroise-vollard\/formations\/2nde-creationculture-design-enseignement-optionnel\/","title":{"rendered":"2nde Cr\u00e9ation&amp;Culture Design (enseignement optionnel)"},"content":{"rendered":"\n<figure class=\"wp-block-image size-large\"><img loading=\"lazy\" decoding=\"async\" width=\"1024\" height=\"768\" src=\"https:\/\/etab.ac-reunion.fr\/lyc-ambroise-vollard\/wp-content\/uploads\/sites\/138\/2020\/02\/P3010048-3-1024x768.jpg\" alt=\"\" class=\"wp-image-1763\" srcset=\"https:\/\/etab.ac-reunion.fr\/lyc-ambroise-vollard\/wp-content\/uploads\/sites\/138\/2020\/02\/P3010048-3-1024x768.jpg 1024w, https:\/\/etab.ac-reunion.fr\/lyc-ambroise-vollard\/wp-content\/uploads\/sites\/138\/2020\/02\/P3010048-3-300x225.jpg 300w, https:\/\/etab.ac-reunion.fr\/lyc-ambroise-vollard\/wp-content\/uploads\/sites\/138\/2020\/02\/P3010048-3-768x576.jpg 768w, https:\/\/etab.ac-reunion.fr\/lyc-ambroise-vollard\/wp-content\/uploads\/sites\/138\/2020\/02\/P3010048-3-1536x1152.jpg 1536w, https:\/\/etab.ac-reunion.fr\/lyc-ambroise-vollard\/wp-content\/uploads\/sites\/138\/2020\/02\/P3010048-3-2048x1536.jpg 2048w, https:\/\/etab.ac-reunion.fr\/lyc-ambroise-vollard\/wp-content\/uploads\/sites\/138\/2020\/02\/P3010048-3-150x113.jpg 150w\" sizes=\"auto, (max-width: 1024px) 100vw, 1024px\" \/><\/figure>\n\n\n\n<h4 class=\"wp-block-heading\"><strong>Pr\u00e9sentation<\/strong><\/h4>\n\n\n\n<p>La classe de  2<sup>nde<\/sup> g\u00e9n\u00e9rale et technologique C&amp;CD propose un enseignement optionnel de Cr\u00e9ation &amp; Culture Design d\u2019une dur\u00e9e de <strong>6 heures hebdomadaires<\/strong>. Les \u00e9l\u00e8ves y d\u00e9couvrent une culture et une pratique de la conception, d\u00e9veloppent leur sensibilit\u00e9, par des approches exploratoires et exp\u00e9rimentales des diff\u00e9rents champs de la cr\u00e9ation industrielle et artisanale. Cette classe vise un acc\u00e8s au cycle terminal du baccalaur\u00e9at sciences et technologies du design et des arts appliqu\u00e9s (STD2A). L\u2019effectif de la classe est limit\u00e9 \u00e0 30 personnes.<\/p>\n\n\n\n<figure class=\"wp-block-image size-large\"><img loading=\"lazy\" decoding=\"async\" width=\"1024\" height=\"721\" src=\"https:\/\/etab.ac-reunion.fr\/lyc-ambroise-vollard\/wp-content\/uploads\/sites\/138\/2020\/02\/DSC00447@-2-1024x721.jpg\" alt=\"\" class=\"wp-image-1764\" srcset=\"https:\/\/etab.ac-reunion.fr\/lyc-ambroise-vollard\/wp-content\/uploads\/sites\/138\/2020\/02\/DSC00447@-2-1024x721.jpg 1024w, https:\/\/etab.ac-reunion.fr\/lyc-ambroise-vollard\/wp-content\/uploads\/sites\/138\/2020\/02\/DSC00447@-2-300x211.jpg 300w, https:\/\/etab.ac-reunion.fr\/lyc-ambroise-vollard\/wp-content\/uploads\/sites\/138\/2020\/02\/DSC00447@-2-768x540.jpg 768w, https:\/\/etab.ac-reunion.fr\/lyc-ambroise-vollard\/wp-content\/uploads\/sites\/138\/2020\/02\/DSC00447@-2-1536x1081.jpg 1536w, https:\/\/etab.ac-reunion.fr\/lyc-ambroise-vollard\/wp-content\/uploads\/sites\/138\/2020\/02\/DSC00447@-2-2048x1441.jpg 2048w, https:\/\/etab.ac-reunion.fr\/lyc-ambroise-vollard\/wp-content\/uploads\/sites\/138\/2020\/02\/DSC00447@-2-150x106.jpg 150w\" sizes=\"auto, (max-width: 1024px) 100vw, 1024px\" \/><\/figure>\n\n\n\n<h4 class=\"wp-block-heading\"><strong>Conditions d\u2019admission<\/strong><\/h4>\n\n\n\n<p>La 2<sup>nde<\/sup> est accessible aux \u00e9l\u00e8ves issus de la classe de troisi\u00e8me de coll\u00e8ge. Il est recommand\u00e9 un excellent dossier scolaire portant sur : notes, appr\u00e9ciations \/ absent\u00e9isme, comportement et attitude au travail. La motivation, la capacit\u00e9 de travail ainsi qu\u2019une bonne connaissance de la fili\u00e8re sont essentielles \u00e0 la r\u00e9ussite.<\/p>\n\n\n\n<p>A noter que du fait de r\u00e9-orientation en fin de seconde, un acc\u00e8s direct \u00e0 la premi\u00e8re STD2A est \u00e9galement possible, (sur dossier \u00e0 retirer dans votre \u00e9tablissement) sans obligation de passage par la seconde Cr\u00e9ation et Culture Design, <strong>dans la limite des places disponibles.<\/strong><\/p>\n\n\n\n<figure class=\"wp-block-image size-large\"><img loading=\"lazy\" decoding=\"async\" width=\"1024\" height=\"727\" src=\"https:\/\/etab.ac-reunion.fr\/lyc-ambroise-vollard\/wp-content\/uploads\/sites\/138\/2020\/02\/DSC00448@-2-1024x727.jpg\" alt=\"\" class=\"wp-image-1765\" srcset=\"https:\/\/etab.ac-reunion.fr\/lyc-ambroise-vollard\/wp-content\/uploads\/sites\/138\/2020\/02\/DSC00448@-2-1024x727.jpg 1024w, https:\/\/etab.ac-reunion.fr\/lyc-ambroise-vollard\/wp-content\/uploads\/sites\/138\/2020\/02\/DSC00448@-2-300x213.jpg 300w, https:\/\/etab.ac-reunion.fr\/lyc-ambroise-vollard\/wp-content\/uploads\/sites\/138\/2020\/02\/DSC00448@-2-768x545.jpg 768w, https:\/\/etab.ac-reunion.fr\/lyc-ambroise-vollard\/wp-content\/uploads\/sites\/138\/2020\/02\/DSC00448@-2-1536x1090.jpg 1536w, https:\/\/etab.ac-reunion.fr\/lyc-ambroise-vollard\/wp-content\/uploads\/sites\/138\/2020\/02\/DSC00448@-2-2048x1453.jpg 2048w, https:\/\/etab.ac-reunion.fr\/lyc-ambroise-vollard\/wp-content\/uploads\/sites\/138\/2020\/02\/DSC00448@-2-150x106.jpg 150w\" sizes=\"auto, (max-width: 1024px) 100vw, 1024px\" \/><\/figure>\n\n\n\n<h4 class=\"wp-block-heading\"><strong>Marche \u00e0 suivre<\/strong><\/h4>\n\n\n\n<p>-Lors des v\u0153ux d&rsquo;orientation normalement au second trimestre demander la 2nde <strong>option CCD<\/strong> au lyc\u00e9e Ambroise Vollard.<\/p>\n\n\n\n<p>&#8211; Venir nous rendre visite \u00e0 l\u2019occasion de nos Journ\u00e9e Portes Ouvertes, traditionnellement d\u00e9but mars pour rencontre les professeurs et les \u00e9l\u00e8ves de la section, appr\u00e9cier le contenu de la formation, qui permet apr\u00e8s le bac de se sp\u00e9cialiser dans le design d\u2019objet, le design d\u2019espace, le design de mode, le design graphique.<\/p>\n\n\n\n<figure class=\"wp-block-image size-large\"><img loading=\"lazy\" decoding=\"async\" width=\"768\" height=\"1024\" src=\"https:\/\/etab.ac-reunion.fr\/lyc-ambroise-vollard\/wp-content\/uploads\/sites\/138\/2020\/02\/DSC01063@-2-768x1024.jpg\" alt=\"\" class=\"wp-image-1766\" srcset=\"https:\/\/etab.ac-reunion.fr\/lyc-ambroise-vollard\/wp-content\/uploads\/sites\/138\/2020\/02\/DSC01063@-2-768x1024.jpg 768w, https:\/\/etab.ac-reunion.fr\/lyc-ambroise-vollard\/wp-content\/uploads\/sites\/138\/2020\/02\/DSC01063@-2-225x300.jpg 225w, https:\/\/etab.ac-reunion.fr\/lyc-ambroise-vollard\/wp-content\/uploads\/sites\/138\/2020\/02\/DSC01063@-2-1152x1536.jpg 1152w, https:\/\/etab.ac-reunion.fr\/lyc-ambroise-vollard\/wp-content\/uploads\/sites\/138\/2020\/02\/DSC01063@-2-1536x2048.jpg 1536w, https:\/\/etab.ac-reunion.fr\/lyc-ambroise-vollard\/wp-content\/uploads\/sites\/138\/2020\/02\/DSC01063@-2-113x150.jpg 113w, https:\/\/etab.ac-reunion.fr\/lyc-ambroise-vollard\/wp-content\/uploads\/sites\/138\/2020\/02\/DSC01063@-2-scaled.jpg 1920w\" sizes=\"auto, (max-width: 768px) 100vw, 768px\" \/><\/figure>\n\n\n\n<h4 class=\"wp-block-heading\"><strong>Pr\u00e9cisions<\/strong><\/h4>\n\n\n\n<p>&#8211; La vocation premi\u00e8re est de former au design et aux m\u00e9tiers d\u2019art, le dessin pratiqu\u00e9 dans cette section est donc sp\u00e9cifique et les objectifs tr\u00e8s diff\u00e9rents de ceux d\u2019arts plastiques en coll\u00e8ge.<\/p>\n\n\n\n<p>&#8211; Le Lyc\u00e9e Ambroise Vollard dispose d\u2019un internat pour accueillir les \u00e9l\u00e8ves domicili\u00e9s loin de la ville de Saint-Pierre.<\/p>\n\n\n\n<p>&#8211; La vocation premi\u00e8re est de former au design et aux m\u00e9tiers d\u2019art, le dessin pratiqu\u00e9 dans cette section est donc sp\u00e9cifique et les objectifs tr\u00e8s diff\u00e9rents de ceux d\u2019arts plastiques en coll\u00e8ge.<\/p>\n","protected":false},"excerpt":{"rendered":"<p>Pr\u00e9sentation La classe de 2nde g\u00e9n\u00e9rale et technologique C&amp;CD propose un enseignement optionnel de Cr\u00e9ation &amp; Culture Design d\u2019une dur\u00e9e de 6 heures hebdomadaires. Les \u00e9l\u00e8ves y d\u00e9couvrent une culture et une pratique de la conception, d\u00e9veloppent leur sensibilit\u00e9, par des approches exploratoires et exp\u00e9rimentales des diff\u00e9rents champs de la&#8230;<\/p>\n<p class=\"continue-reading-button\"> <a class=\"continue-reading-link\" href=\"https:\/\/etab.ac-reunion.fr\/lyc-ambroise-vollard\/formations\/2nde-creationculture-design-enseignement-optionnel\/\">Suite<i class=\"crycon-right-dir\"><\/i><\/a><\/p>\n","protected":false},"author":24509,"featured_media":0,"parent":99,"menu_order":0,"comment_status":"closed","ping_status":"closed","template":"","meta":{"footnotes":""},"class_list":["post-1761","page","type-page","status-publish","hentry"],"_links":{"self":[{"href":"https:\/\/etab.ac-reunion.fr\/lyc-ambroise-vollard\/wp-json\/wp\/v2\/pages\/1761","targetHints":{"allow":["GET"]}}],"collection":[{"href":"https:\/\/etab.ac-reunion.fr\/lyc-ambroise-vollard\/wp-json\/wp\/v2\/pages"}],"about":[{"href":"https:\/\/etab.ac-reunion.fr\/lyc-ambroise-vollard\/wp-json\/wp\/v2\/types\/page"}],"author":[{"embeddable":true,"href":"https:\/\/etab.ac-reunion.fr\/lyc-ambroise-vollard\/wp-json\/wp\/v2\/users\/24509"}],"replies":[{"embeddable":true,"href":"https:\/\/etab.ac-reunion.fr\/lyc-ambroise-vollard\/wp-json\/wp\/v2\/comments?post=1761"}],"version-history":[{"count":7,"href":"https:\/\/etab.ac-reunion.fr\/lyc-ambroise-vollard\/wp-json\/wp\/v2\/pages\/1761\/revisions"}],"predecessor-version":[{"id":3822,"href":"https:\/\/etab.ac-reunion.fr\/lyc-ambroise-vollard\/wp-json\/wp\/v2\/pages\/1761\/revisions\/3822"}],"up":[{"embeddable":true,"href":"https:\/\/etab.ac-reunion.fr\/lyc-ambroise-vollard\/wp-json\/wp\/v2\/pages\/99"}],"wp:attachment":[{"href":"https:\/\/etab.ac-reunion.fr\/lyc-ambroise-vollard\/wp-json\/wp\/v2\/media?parent=1761"}],"curies":[{"name":"wp","href":"https:\/\/api.w.org\/{rel}","templated":true}]}}

2nde Création&amp;Culture Design (enseignement optionnel)

<figure class="wp-block-image size-large"><img loading="lazy" decoding="async" width="1024" height="768" src="https://etab.ac-reunion.fr/lyc-ambroise-vollard/wp-content/uploads/sites/138/2020/02/P3010048-3-1024x768.jpg" alt="" class="wp-image-1763" srcset="https://etab.ac-reunion.fr/lyc-ambroise-vollard/wp-content/uploads/sites/138/2020/02/P3010048-3-1024x768.jpg 1024w, https://etab.ac-reunion.fr/lyc-ambroise-vollard/wp-content/uploads/sites/138/2020/02/P3010048-3-300x225.jpg 300w, https://etab.ac-reunion.fr/lyc-ambroise-vollard/wp-content/uploads/sites/138/2020/02/P3010048-3-768x576.jpg 768w, https://etab.ac-reunion.fr/lyc-ambroise-vollard/wp-content/uploads/sites/138/2020/02/P3010048-3-1536x1152.jpg 1536w, https://etab.ac-reunion.fr/lyc-ambroise-vollard/wp-content/uploads/sites/138/2020/02/P3010048-3-2048x1536.jpg 2048w, https://etab.ac-reunion.fr/lyc-ambroise-vollard/wp-content/uploads/sites/138/2020/02/P3010048-3-150x113.jpg 150w" sizes="auto, (max-width: 1024px) 100vw, 1024px" /></figure>



<h4 class="wp-block-heading"><strong>Présentation</strong></h4>



<p>La classe de  2<sup>nde</sup> générale et technologique C&amp;CD propose un enseignement optionnel de Création &amp; Culture Design d’une durée de <strong>6 heures hebdomadaires</strong>. Les élèves y découvrent une culture et une pratique de la conception, développent leur sensibilité, par des approches exploratoires et expérimentales des différents champs de la création industrielle et artisanale. Cette classe vise un accès au cycle terminal du baccalauréat sciences et technologies du design et des arts appliqués (STD2A). L’effectif de la classe est limité à 30 personnes.</p>



<figure class="wp-block-image size-large"><img loading="lazy" decoding="async" width="1024" height="721" src="https://etab.ac-reunion.fr/lyc-ambroise-vollard/wp-content/uploads/sites/138/2020/02/DSC00447@-2-1024x721.jpg" alt="" class="wp-image-1764" srcset="https://etab.ac-reunion.fr/lyc-ambroise-vollard/wp-content/uploads/sites/138/2020/02/DSC00447@-2-1024x721.jpg 1024w, https://etab.ac-reunion.fr/lyc-ambroise-vollard/wp-content/uploads/sites/138/2020/02/DSC00447@-2-300x211.jpg 300w, https://etab.ac-reunion.fr/lyc-ambroise-vollard/wp-content/uploads/sites/138/2020/02/DSC00447@-2-768x540.jpg 768w, https://etab.ac-reunion.fr/lyc-ambroise-vollard/wp-content/uploads/sites/138/2020/02/DSC00447@-2-1536x1081.jpg 1536w, https://etab.ac-reunion.fr/lyc-ambroise-vollard/wp-content/uploads/sites/138/2020/02/DSC00447@-2-2048x1441.jpg 2048w, https://etab.ac-reunion.fr/lyc-ambroise-vollard/wp-content/uploads/sites/138/2020/02/DSC00447@-2-150x106.jpg 150w" sizes="auto, (max-width: 1024px) 100vw, 1024px" /></figure>



<h4 class="wp-block-heading"><strong>Conditions d’admission</strong></h4>



<p>La 2<sup>nde</sup> est accessible aux élèves issus de la classe de troisième de collège. Il est recommandé un excellent dossier scolaire portant sur : notes, appréciations / absentéisme, comportement et attitude au travail. La motivation, la capacité de travail ainsi qu’une bonne connaissance de la filière sont essentielles à la réussite.</p>



<p>A noter que du fait de ré-orientation en fin de seconde, un accès direct à la première STD2A est également possible, (sur dossier à retirer dans votre établissement) sans obligation de passage par la seconde Création et Culture Design, <strong>dans la limite des places disponibles.</strong></p>



<figure class="wp-block-image size-large"><img loading="lazy" decoding="async" width="1024" height="727" src="https://etab.ac-reunion.fr/lyc-ambroise-vollard/wp-content/uploads/sites/138/2020/02/DSC00448@-2-1024x727.jpg" alt="" class="wp-image-1765" srcset="https://etab.ac-reunion.fr/lyc-ambroise-vollard/wp-content/uploads/sites/138/2020/02/DSC00448@-2-1024x727.jpg 1024w, https://etab.ac-reunion.fr/lyc-ambroise-vollard/wp-content/uploads/sites/138/2020/02/DSC00448@-2-300x213.jpg 300w, https://etab.ac-reunion.fr/lyc-ambroise-vollard/wp-content/uploads/sites/138/2020/02/DSC00448@-2-768x545.jpg 768w, https://etab.ac-reunion.fr/lyc-ambroise-vollard/wp-content/uploads/sites/138/2020/02/DSC00448@-2-1536x1090.jpg 1536w, https://etab.ac-reunion.fr/lyc-ambroise-vollard/wp-content/uploads/sites/138/2020/02/DSC00448@-2-2048x1453.jpg 2048w, https://etab.ac-reunion.fr/lyc-ambroise-vollard/wp-content/uploads/sites/138/2020/02/DSC00448@-2-150x106.jpg 150w" sizes="auto, (max-width: 1024px) 100vw, 1024px" /></figure>



<h4 class="wp-block-heading"><strong>Marche à suivre</strong></h4>



<p>-Lors des vœux d&rsquo;orientation normalement au second trimestre demander la 2nde <strong>option CCD</strong> au lycée Ambroise Vollard.</p>



<p>&#8211; Venir nous rendre visite à l’occasion de nos Journée Portes Ouvertes, traditionnellement début mars pour rencontre les professeurs et les élèves de la section, apprécier le contenu de la formation, qui permet après le bac de se spécialiser dans le design d’objet, le design d’espace, le design de mode, le design graphique.</p>



<figure class="wp-block-image size-large"><img loading="lazy" decoding="async" width="768" height="1024" src="https://etab.ac-reunion.fr/lyc-ambroise-vollard/wp-content/uploads/sites/138/2020/02/DSC01063@-2-768x1024.jpg" alt="" class="wp-image-1766" srcset="https://etab.ac-reunion.fr/lyc-ambroise-vollard/wp-content/uploads/sites/138/2020/02/DSC01063@-2-768x1024.jpg 768w, https://etab.ac-reunion.fr/lyc-ambroise-vollard/wp-content/uploads/sites/138/2020/02/DSC01063@-2-225x300.jpg 225w, https://etab.ac-reunion.fr/lyc-ambroise-vollard/wp-content/uploads/sites/138/2020/02/DSC01063@-2-1152x1536.jpg 1152w, https://etab.ac-reunion.fr/lyc-ambroise-vollard/wp-content/uploads/sites/138/2020/02/DSC01063@-2-1536x2048.jpg 1536w, https://etab.ac-reunion.fr/lyc-ambroise-vollard/wp-content/uploads/sites/138/2020/02/DSC01063@-2-113x150.jpg 113w, https://etab.ac-reunion.fr/lyc-ambroise-vollard/wp-content/uploads/sites/138/2020/02/DSC01063@-2-scaled.jpg 1920w" sizes="auto, (max-width: 768px) 100vw, 768px" /></figure>



<h4 class="wp-block-heading"><strong>Précisions</strong></h4>



<p>&#8211; La vocation première est de former au design et aux métiers d’art, le dessin pratiqué dans cette section est donc spécifique et les objectifs très différents de ceux d’arts plastiques en collège.</p>



<p>&#8211; Le Lycée Ambroise Vollard dispose d’un internat pour accueillir les élèves domiciliés loin de la ville de Saint-Pierre.</p>



<p>&#8211; La vocation première est de former au design et aux métiers d’art, le dessin pratiqué dans cette section est donc spécifique et les objectifs très différents de ceux d’arts plastiques en collège.</p>

<p>Présentation La classe de 2nde générale et technologique C&amp;CD propose un enseignement optionnel de Création &amp; Culture Design d’une durée de 6 heures hebdomadaires. Les élèves y découvrent une culture et une pratique de la conception, développent leur sensibilité, par des approches exploratoires et expérimentales des différents champs de la&#8230;</p>
<p class="continue-reading-button"> <a class="continue-reading-link" href="https://etab.ac-reunion.fr/lyc-ambroise-vollard/formations/2nde-creationculture-design-enseignement-optionnel/">Suite<i class="crycon-right-dir"></i></a></p>
