{"id":5693,"date":"2025-01-27T16:26:04","date_gmt":"2025-01-27T12:26:04","guid":{"rendered":"https:\/\/etab.ac-reunion.fr\/lyc-ambroise-vollard\/?page_id=5693"},"modified":"2025-12-09T12:18:49","modified_gmt":"2025-12-09T08:18:49","slug":"cdi","status":"publish","type":"page","link":"https:\/\/etab.ac-reunion.fr\/lyc-ambroise-vollard\/cdi\/","title":{"rendered":"Bienvenue au CDI"},"content":{"rendered":"\n<p>Le Centre de Documentation et d&rsquo;Information est un lieu ouvert \u00e0 tous : \u00e9l\u00e8ves, enseignants et non enseignants.<br>Il propose de la fiction, de la documentation et l&rsquo;information dont vous avez besoin. C\u2019est un lieu de d\u00e9couverte, de travail et de lecture. <\/p>\n\n\n\n<p>Cette ann\u00e9e, le CDI fait peau neuve. D\u00e9couvrez les nouveaux espaces comme l&rsquo;espace BD et p\u00e9riodique, l&rsquo;espace fiction, l&rsquo;espace documentaire, l&rsquo;espace orientation et une entr\u00e9e diff\u00e9rente&#8230;<\/p>\n\n\n\n<p>Bienvenue chez vous !<\/p>\n\n\n\n<p style=\"font-size:24px\"><a href=\"https:\/\/9740019c.esidoc.fr\/\" data-type=\"link\" data-id=\"https:\/\/9740019c.esidoc.fr\/\">ICI LE LIEN VERS LE PORTAIL ESIDOC<\/a><\/p>\n\n\n\n<p><strong>Les horaires d\u2019ouverture du CDI :<\/strong><\/p>\n\n\n\n<ul class=\"wp-block-list\">\n<li>Lundi : 07h30 &#8211; 17h10<\/li>\n\n\n\n<li>Mardi : 07h30 &#8211; 17h10<\/li>\n\n\n\n<li>Mercredi : 07h40 \u00e0 12h45<\/li>\n\n\n\n<li>Jeudi : 07h30 &#8211; 17h10<\/li>\n\n\n\n<li>Vendredi : 07h30 &#8211; 17h10<\/li>\n<\/ul>\n\n\n\n<p><strong>Les personnels qui vous accueillent au CDI :<\/strong><\/p>\n\n\n\n<ul class=\"wp-block-list\">\n<li>Johanna BETTEX, professeure-documentaliste&nbsp;<\/li>\n\n\n\n<li>Deux assistantes : Charl\u00e8ne HUMBERT et Ang\u00e9lique LAPRA<\/li>\n<\/ul>\n\n\n\n<p><\/p>\n\n\n\n<p style=\"font-size:26px\"><strong>Pour retrouver toutes les actions men\u00e9es et l&rsquo;actualit\u00e9 du CDI<\/strong>  <a href=\"\/\/etab.ac-reunion.fr\/lyc-ambroise-vollard\/category\/cdi\">cliquer <strong>ICI<\/strong><\/a><strong> <\/strong><\/p>\n\n\n\n<figure class=\"wp-block-gallery has-nested-images columns-default is-cropped wp-block-gallery-1 is-layout-flex wp-block-gallery-is-layout-flex\">\n<figure class=\"wp-block-image size-large\"><img loading=\"lazy\" decoding=\"async\" width=\"1024\" height=\"498\" data-id=\"6447\" src=\"https:\/\/etab.ac-reunion.fr\/lyc-ambroise-vollard\/wp-content\/uploads\/sites\/138\/2025\/12\/20250919_133314-1024x498.jpg\" alt=\"\" class=\"wp-image-6447\" srcset=\"https:\/\/etab.ac-reunion.fr\/lyc-ambroise-vollard\/wp-content\/uploads\/sites\/138\/2025\/12\/20250919_133314-1024x498.jpg 1024w, https:\/\/etab.ac-reunion.fr\/lyc-ambroise-vollard\/wp-content\/uploads\/sites\/138\/2025\/12\/20250919_133314-300x146.jpg 300w, https:\/\/etab.ac-reunion.fr\/lyc-ambroise-vollard\/wp-content\/uploads\/sites\/138\/2025\/12\/20250919_133314-150x73.jpg 150w, https:\/\/etab.ac-reunion.fr\/lyc-ambroise-vollard\/wp-content\/uploads\/sites\/138\/2025\/12\/20250919_133314-768x373.jpg 768w, https:\/\/etab.ac-reunion.fr\/lyc-ambroise-vollard\/wp-content\/uploads\/sites\/138\/2025\/12\/20250919_133314.jpg 1416w\" sizes=\"auto, (max-width: 1024px) 100vw, 1024px\" \/><\/figure>\n\n\n\n<figure class=\"wp-block-image size-large\"><img loading=\"lazy\" decoding=\"async\" width=\"1024\" height=\"498\" data-id=\"6446\" src=\"https:\/\/etab.ac-reunion.fr\/lyc-ambroise-vollard\/wp-content\/uploads\/sites\/138\/2025\/12\/20250919_133816-1024x498.jpg\" alt=\"\" class=\"wp-image-6446\" srcset=\"https:\/\/etab.ac-reunion.fr\/lyc-ambroise-vollard\/wp-content\/uploads\/sites\/138\/2025\/12\/20250919_133816-1024x498.jpg 1024w, https:\/\/etab.ac-reunion.fr\/lyc-ambroise-vollard\/wp-content\/uploads\/sites\/138\/2025\/12\/20250919_133816-300x146.jpg 300w, https:\/\/etab.ac-reunion.fr\/lyc-ambroise-vollard\/wp-content\/uploads\/sites\/138\/2025\/12\/20250919_133816-150x73.jpg 150w, https:\/\/etab.ac-reunion.fr\/lyc-ambroise-vollard\/wp-content\/uploads\/sites\/138\/2025\/12\/20250919_133816-768x373.jpg 768w, https:\/\/etab.ac-reunion.fr\/lyc-ambroise-vollard\/wp-content\/uploads\/sites\/138\/2025\/12\/20250919_133816.jpg 1416w\" sizes=\"auto, (max-width: 1024px) 100vw, 1024px\" \/><\/figure>\n<\/figure>\n\n\n\n<figure class=\"wp-block-gallery has-nested-images columns-default is-cropped wp-block-gallery-2 is-layout-flex wp-block-gallery-is-layout-flex\">\n<figure class=\"wp-block-image size-large\"><img loading=\"lazy\" decoding=\"async\" width=\"1024\" height=\"498\" data-id=\"6445\" src=\"https:\/\/etab.ac-reunion.fr\/lyc-ambroise-vollard\/wp-content\/uploads\/sites\/138\/2025\/12\/20250926_075105-1024x498.jpg\" alt=\"\" class=\"wp-image-6445\" srcset=\"https:\/\/etab.ac-reunion.fr\/lyc-ambroise-vollard\/wp-content\/uploads\/sites\/138\/2025\/12\/20250926_075105-1024x498.jpg 1024w, https:\/\/etab.ac-reunion.fr\/lyc-ambroise-vollard\/wp-content\/uploads\/sites\/138\/2025\/12\/20250926_075105-300x146.jpg 300w, https:\/\/etab.ac-reunion.fr\/lyc-ambroise-vollard\/wp-content\/uploads\/sites\/138\/2025\/12\/20250926_075105-150x73.jpg 150w, https:\/\/etab.ac-reunion.fr\/lyc-ambroise-vollard\/wp-content\/uploads\/sites\/138\/2025\/12\/20250926_075105-768x373.jpg 768w, https:\/\/etab.ac-reunion.fr\/lyc-ambroise-vollard\/wp-content\/uploads\/sites\/138\/2025\/12\/20250926_075105.jpg 1416w\" sizes=\"auto, (max-width: 1024px) 100vw, 1024px\" \/><\/figure>\n\n\n\n<figure class=\"wp-block-image size-large\"><img loading=\"lazy\" decoding=\"async\" width=\"1024\" height=\"768\" data-id=\"5760\" src=\"https:\/\/etab.ac-reunion.fr\/lyc-ambroise-vollard\/wp-content\/uploads\/sites\/138\/2025\/02\/20250207_081939-1024x768.jpg\" alt=\"\" class=\"wp-image-5760\" srcset=\"https:\/\/etab.ac-reunion.fr\/lyc-ambroise-vollard\/wp-content\/uploads\/sites\/138\/2025\/02\/20250207_081939-1024x768.jpg 1024w, https:\/\/etab.ac-reunion.fr\/lyc-ambroise-vollard\/wp-content\/uploads\/sites\/138\/2025\/02\/20250207_081939-300x225.jpg 300w, https:\/\/etab.ac-reunion.fr\/lyc-ambroise-vollard\/wp-content\/uploads\/sites\/138\/2025\/02\/20250207_081939-150x113.jpg 150w, https:\/\/etab.ac-reunion.fr\/lyc-ambroise-vollard\/wp-content\/uploads\/sites\/138\/2025\/02\/20250207_081939-768x576.jpg 768w, https:\/\/etab.ac-reunion.fr\/lyc-ambroise-vollard\/wp-content\/uploads\/sites\/138\/2025\/02\/20250207_081939-1536x1152.jpg 1536w, https:\/\/etab.ac-reunion.fr\/lyc-ambroise-vollard\/wp-content\/uploads\/sites\/138\/2025\/02\/20250207_081939-2048x1536.jpg 2048w\" sizes=\"auto, (max-width: 1024px) 100vw, 1024px\" \/><\/figure>\n<\/figure>\n\n\n\n<figure class=\"wp-block-gallery has-nested-images columns-2 is-cropped wp-block-gallery-3 is-layout-flex wp-block-gallery-is-layout-flex\">\n<figure class=\"wp-block-image size-large\"><img loading=\"lazy\" decoding=\"async\" width=\"1024\" height=\"498\" data-id=\"6448\" src=\"https:\/\/etab.ac-reunion.fr\/lyc-ambroise-vollard\/wp-content\/uploads\/sites\/138\/2025\/12\/20250919_133259-1024x498.jpg\" alt=\"\" class=\"wp-image-6448\" srcset=\"https:\/\/etab.ac-reunion.fr\/lyc-ambroise-vollard\/wp-content\/uploads\/sites\/138\/2025\/12\/20250919_133259-1024x498.jpg 1024w, https:\/\/etab.ac-reunion.fr\/lyc-ambroise-vollard\/wp-content\/uploads\/sites\/138\/2025\/12\/20250919_133259-300x146.jpg 300w, https:\/\/etab.ac-reunion.fr\/lyc-ambroise-vollard\/wp-content\/uploads\/sites\/138\/2025\/12\/20250919_133259-150x73.jpg 150w, https:\/\/etab.ac-reunion.fr\/lyc-ambroise-vollard\/wp-content\/uploads\/sites\/138\/2025\/12\/20250919_133259-768x373.jpg 768w, https:\/\/etab.ac-reunion.fr\/lyc-ambroise-vollard\/wp-content\/uploads\/sites\/138\/2025\/12\/20250919_133259.jpg 1416w\" sizes=\"auto, (max-width: 1024px) 100vw, 1024px\" \/><\/figure>\n\n\n\n<figure class=\"wp-block-image size-large\"><img loading=\"lazy\" decoding=\"async\" width=\"1024\" height=\"498\" data-id=\"6449\" src=\"https:\/\/etab.ac-reunion.fr\/lyc-ambroise-vollard\/wp-content\/uploads\/sites\/138\/2025\/12\/20250926_084919-1024x498.jpg\" alt=\"\" class=\"wp-image-6449\" srcset=\"https:\/\/etab.ac-reunion.fr\/lyc-ambroise-vollard\/wp-content\/uploads\/sites\/138\/2025\/12\/20250926_084919-1024x498.jpg 1024w, https:\/\/etab.ac-reunion.fr\/lyc-ambroise-vollard\/wp-content\/uploads\/sites\/138\/2025\/12\/20250926_084919-300x146.jpg 300w, https:\/\/etab.ac-reunion.fr\/lyc-ambroise-vollard\/wp-content\/uploads\/sites\/138\/2025\/12\/20250926_084919-150x73.jpg 150w, https:\/\/etab.ac-reunion.fr\/lyc-ambroise-vollard\/wp-content\/uploads\/sites\/138\/2025\/12\/20250926_084919-768x373.jpg 768w, https:\/\/etab.ac-reunion.fr\/lyc-ambroise-vollard\/wp-content\/uploads\/sites\/138\/2025\/12\/20250926_084919.jpg 1416w\" sizes=\"auto, (max-width: 1024px) 100vw, 1024px\" \/><\/figure>\n<\/figure>\n","protected":false},"excerpt":{"rendered":"<p>Le Centre de Documentation et d&rsquo;Information est un lieu ouvert \u00e0 tous : \u00e9l\u00e8ves, enseignants et non enseignants.Il propose de la fiction, de la documentation et l&rsquo;information dont vous avez besoin. C\u2019est un lieu de d\u00e9couverte, de travail et de lecture. Cette ann\u00e9e, le CDI fait peau neuve. D\u00e9couvrez les&#8230;<\/p>\n<p class=\"continue-reading-button\"> <a class=\"continue-reading-link\" href=\"https:\/\/etab.ac-reunion.fr\/lyc-ambroise-vollard\/cdi\/\">Suite<i class=\"crycon-right-dir\"><\/i><\/a><\/p>\n","protected":false},"author":28728,"featured_media":0,"parent":0,"menu_order":0,"comment_status":"closed","ping_status":"closed","template":"","meta":{"footnotes":""},"class_list":["post-5693","page","type-page","status-publish","hentry"],"_links":{"self":[{"href":"https:\/\/etab.ac-reunion.fr\/lyc-ambroise-vollard\/wp-json\/wp\/v2\/pages\/5693","targetHints":{"allow":["GET"]}}],"collection":[{"href":"https:\/\/etab.ac-reunion.fr\/lyc-ambroise-vollard\/wp-json\/wp\/v2\/pages"}],"about":[{"href":"https:\/\/etab.ac-reunion.fr\/lyc-ambroise-vollard\/wp-json\/wp\/v2\/types\/page"}],"author":[{"embeddable":true,"href":"https:\/\/etab.ac-reunion.fr\/lyc-ambroise-vollard\/wp-json\/wp\/v2\/users\/28728"}],"replies":[{"embeddable":true,"href":"https:\/\/etab.ac-reunion.fr\/lyc-ambroise-vollard\/wp-json\/wp\/v2\/comments?post=5693"}],"version-history":[{"count":12,"href":"https:\/\/etab.ac-reunion.fr\/lyc-ambroise-vollard\/wp-json\/wp\/v2\/pages\/5693\/revisions"}],"predecessor-version":[{"id":6451,"href":"https:\/\/etab.ac-reunion.fr\/lyc-ambroise-vollard\/wp-json\/wp\/v2\/pages\/5693\/revisions\/6451"}],"wp:attachment":[{"href":"https:\/\/etab.ac-reunion.fr\/lyc-ambroise-vollard\/wp-json\/wp\/v2\/media?parent=5693"}],"curies":[{"name":"wp","href":"https:\/\/api.w.org\/{rel}","templated":true}]}}