{"id":6148,"date":"2025-09-19T14:55:23","date_gmt":"2025-09-19T10:55:23","guid":{"rendered":"https:\/\/etab.ac-reunion.fr\/lyc-ambroise-vollard\/?page_id=6148"},"modified":"2026-01-26T15:11:59","modified_gmt":"2026-01-26T11:11:59","slug":"la-webradio-du-lycee","status":"publish","type":"page","link":"https:\/\/etab.ac-reunion.fr\/lyc-ambroise-vollard\/la-webradio-du-lycee\/","title":{"rendered":"Webradio du lyc\u00e9e"},"content":{"rendered":"\n<h1 class=\"wp-block-heading\">La Premi\u00e8re de Radio Vollard<\/h1>\n\n\n\n<p>Cliquer sur le lien suivant pour \u00e9couter la premi\u00e8re \u00e9mission de la webradio du lyc\u00e9e, diffus\u00e9e le 16 septembre 2025 :<\/p>\n\n\n\n<p><a href=\"https:\/\/podeduc.apps.education.fr\/video\/105209-la-premiere-de-radio-vollard\/\">https:\/\/podeduc.apps.education.fr\/video\/105209-la-premiere-de-radio-vollard\/<\/a><\/p>\n\n\n\n<iframe loading=\"lazy\" src=\"https:\/\/podeduc.apps.education.fr\/video\/105209-la-premiere-de-radio-vollard\/?is_iframe=true\" width=\"640\" height=\"244\" style=\"padding: 0; margin: 0; border:0\" allowfullscreen title=\"La Premi\u00e8re de Radio Vollard\" ><\/iframe>\n\n\n\n\n\n<p>Bonne \u00e9coute !<\/p>\n\n\n\n<p><em>A. Ruelle et J. Bettex<\/em><\/p>\n","protected":false},"excerpt":{"rendered":"<p>La Premi\u00e8re de Radio Vollard Cliquer sur le lien suivant pour \u00e9couter la premi\u00e8re \u00e9mission de la webradio du lyc\u00e9e, diffus\u00e9e le 16 septembre 2025 : https:\/\/podeduc.apps.education.fr\/video\/105209-la-premiere-de-radio-vollard\/ Bonne \u00e9coute ! A. Ruelle et J. Bettex<\/p>\n<p class=\"continue-reading-button\"> <a class=\"continue-reading-link\" href=\"https:\/\/etab.ac-reunion.fr\/lyc-ambroise-vollard\/la-webradio-du-lycee\/\">Suite<i class=\"crycon-right-dir\"><\/i><\/a><\/p>\n","protected":false},"author":28728,"featured_media":0,"parent":0,"menu_order":0,"comment_status":"closed","ping_status":"closed","template":"","meta":{"footnotes":""},"class_list":["post-6148","page","type-page","status-publish","hentry"],"_links":{"self":[{"href":"https:\/\/etab.ac-reunion.fr\/lyc-ambroise-vollard\/wp-json\/wp\/v2\/pages\/6148","targetHints":{"allow":["GET"]}}],"collection":[{"href":"https:\/\/etab.ac-reunion.fr\/lyc-ambroise-vollard\/wp-json\/wp\/v2\/pages"}],"about":[{"href":"https:\/\/etab.ac-reunion.fr\/lyc-ambroise-vollard\/wp-json\/wp\/v2\/types\/page"}],"author":[{"embeddable":true,"href":"https:\/\/etab.ac-reunion.fr\/lyc-ambroise-vollard\/wp-json\/wp\/v2\/users\/28728"}],"replies":[{"embeddable":true,"href":"https:\/\/etab.ac-reunion.fr\/lyc-ambroise-vollard\/wp-json\/wp\/v2\/comments?post=6148"}],"version-history":[{"count":45,"href":"https:\/\/etab.ac-reunion.fr\/lyc-ambroise-vollard\/wp-json\/wp\/v2\/pages\/6148\/revisions"}],"predecessor-version":[{"id":6514,"href":"https:\/\/etab.ac-reunion.fr\/lyc-ambroise-vollard\/wp-json\/wp\/v2\/pages\/6148\/revisions\/6514"}],"wp:attachment":[{"href":"https:\/\/etab.ac-reunion.fr\/lyc-ambroise-vollard\/wp-json\/wp\/v2\/media?parent=6148"}],"curies":[{"name":"wp","href":"https:\/\/api.w.org\/{rel}","templated":true}]}}