{"id":6159,"date":"2025-09-29T15:13:10","date_gmt":"2025-09-29T11:13:10","guid":{"rendered":"https:\/\/etab.ac-reunion.fr\/lyc-ambroise-vollard\/?page_id=6159"},"modified":"2026-03-23T15:41:26","modified_gmt":"2026-03-23T11:41:26","slug":"evenements-a-venir","status":"publish","type":"page","link":"https:\/\/etab.ac-reunion.fr\/lyc-ambroise-vollard\/evenements-a-venir\/","title":{"rendered":"\u00c9v\u00e8nements \u00e0 venir"},"content":{"rendered":"\n<details class=\"wp-block-details has-blush-light-purple-gradient-background has-background has-medium-font-size is-layout-flow wp-block-details-is-layout-flow\"><summary><strong>En Octobre<\/strong><\/summary>\n<p class=\"has-medium-font-size\"><strong>Vendredi 03 :<\/strong> \u00c9lection des repr\u00e9sentants parents et des personnels + CVL<\/p>\n\n\n\n<p class=\"has-medium-font-size\"><strong>Jeudi 09 : <\/strong><br>&#8211; Repas am\u00e9lior\u00e9<br>&#8211; Salon Athena<br>&#8211; F\u00eate de la science \u00e0 l&rsquo;ESIROI<\/p>\n\n\n\n<p class=\"has-medium-font-size\"><strong>Vendredi 10 :<\/strong> \u00c9lection de la MDL (Maison Des Lyc\u00e9ens)<\/p>\n\n\n\n<p class=\"has-medium-font-size\"><strong>Lundi 13 au Dimanche 26 : <\/strong>Vacances scolaires<\/p>\n\n\n\n<p class=\"has-medium-font-size\"><strong>Lundi 27 : <\/strong>CIRFA au lyc\u00e9e pour les classes de secondes<\/p>\n\n\n\n<p class=\"has-medium-font-size\"><strong>Jeudi 30 :<\/strong> R\u00e9serve op\u00e9rationnelle<\/p>\n<\/details>\n\n\n\n<details class=\"wp-block-details has-luminous-dusk-gradient-background has-background has-medium-font-size is-layout-flow wp-block-details-is-layout-flow\"><summary><strong>En Novembre<\/strong><\/summary>\n<p>Action du tribunal de Saint-Pierre \u00ab\u00a0Exposition 13-18 ans\u00a0\u00bb<\/p>\n\n\n\n<p><strong>Jeudi 06 :<\/strong> CESCE et Journ\u00e9e \u00e0 la lutte contre le harc\u00e8lement<\/p>\n\n\n\n<p class=\"has-medium-font-size\"><strong>Vendredi 07 : <\/strong>Evacuation autocar avec les classes de secondes<\/p>\n\n\n\n<p class=\"has-medium-font-size\"><strong>Samedi 08 : <\/strong>Odyss\u00e9a<\/p>\n\n\n\n<p class=\"has-medium-font-size\"><strong>Jeudi 13 au Vendredi 14 :<\/strong> 24H de l&rsquo;innovation + Spin off pour les STI2D<\/p>\n\n\n\n<p class=\"has-medium-font-size\"><strong>Vendredi 14 :<\/strong> Evacuation autocar avec les classes de secondes<\/p>\n\n\n\n<p class=\"has-medium-font-size\"><strong>Vendredi 14 au Samedi 15 : <\/strong>Salon de l&rsquo;orientation \u00e0 la NORDEV<\/p>\n\n\n\n<p><strong>Mardi 18 :<\/strong> <br>&#8211; Lyc\u00e9en au cin\u00e9ma<br>&#8211; Remise des prix EDD (Education au D\u00e9veloppement Durable)<\/p>\n\n\n\n<p><strong>Mardi 18 et Mercredi 19 :<\/strong> Prix de l&rsquo;excellence \u00e9conomique<\/p>\n\n\n\n<p><strong>Mercredi 19 :<\/strong> Table ronde \u00e0 l&rsquo;ESIROI<\/p>\n\n\n\n<p><strong>Vendredi 21 :<\/strong> Semaine de l&rsquo;industrie \u00e0 l&rsquo;ESIROI<\/p>\n\n\n\n<p class=\"has-medium-font-size\"><strong>Mardi 25 :<\/strong> <br>&#8211; Rencontre inspirante avec les premi\u00e8res STMG<br>&#8211; Journ\u00e9e internationale de la lutte contre les violences faites aux femmes<br>&#8211; \u00c9l\u00e8ves ambassadeurs \u00e9galit\u00e9 filles far\u00e7ons et DGEMC au tribunal dans le cadre de la journ\u00e9e -internationale de lutte contre les violences faites aux femmes<br>&#8211; Intervention du Major GUEGAN au lyc\u00e9e avec les d\u00e9l\u00e9gu\u00e9 des niveau de classe de secondes &#8211; premi\u00e8res et terminales dans le cadre de la journ\u00e9e -internationale de lutte contre les violences faites aux femmes<\/p>\n\n\n\n<p class=\"has-medium-font-size\"><strong>Jeudi 27 : <\/strong><br>&#8211; Forum des rencontres inspirants<br>&#8211; \u00c9l\u00e8ves de PST2S et TST2S et ambassadeurs \u00e9galit\u00e9 filles gar\u00e7ons \u00e0 l&rsquo;iut pour une pr\u00e9sentation dans le cadre de la lutte contre les violences faites aux femmes<br>&#8211; Sortie DNMADE Graph2 au Marion DUFRESNE (bateau)<\/p>\n<\/details>\n\n\n\n<details class=\"wp-block-details has-background has-medium-font-size is-layout-flow wp-block-details-is-layout-flow\" style=\"background:linear-gradient(314deg,rgb(74,234,220) 0%,rgb(151,120,209) 20%,rgb(207,42,186) 40%,rgb(238,44,130) 60%,rgb(251,105,98) 80%,rgb(254,248,76) 100%)\"><summary><strong>En D\u00e9cembre<\/strong><\/summary>\n<p><strong>Du lundi 01 au vendredi 12 :<\/strong> Inscription pour participer aux Olympiades au lyc\u00e9e<\/p>\n\n\n\n<p><strong>Lundi 01 : <\/strong>Rencontre parents-professeurs de Secondes sauf 2GT9<\/p>\n\n\n\n<p><strong>Mardi 02 :<\/strong> Concours acad\u00e9mique et technologique<\/p>\n\n\n\n<p class=\"has-medium-font-size\"><strong>Jeudi 04 :<\/strong> Au lyc\u00e9e Rolland Garros &#8211; Rencontre des \u00e9l\u00e8ves ambassadeurs \u00e9galit\u00e9 filles gar\u00e7ons du lyc\u00e9e Ambroise Vollard et du lyc\u00e9e Rolland Garros<\/p>\n\n\n\n<p><strong>Vendredi 05 :<\/strong> <br>&#8211; Rencontre parents-professeurs de 2GT9 &#8211; Premi\u00e8res et Terminales<br>&#8211; Pr\u00e9sentation des m\u00e9tiers de l&rsquo;a\u00e9ronautique 15h-16h<br>&#8211; Concours acad\u00e9mique et technologique<\/p>\n\n\n\n<p class=\"has-medium-font-size\"><strong>Samedi 06 :<\/strong> Caf\u00e9 des parents<\/p>\n\n\n\n<p><strong>Mardi 09 :<\/strong> <br>&#8211; Journ\u00e9e de la la\u00efcit\u00e9 en France<br>&#8211; Liaison coll\u00e8ges &#8211; lyc\u00e9e<\/p>\n\n\n\n<p><strong>Mercredi 10 :<\/strong> Forum de l&rsquo;orientation au coll\u00e8ge Emilien Adam de Villiers<\/p>\n\n\n\n<p><strong>Jeudi 11 :<\/strong> Lutte contre le cancer du sein : Ensemble, d\u00e9pistons pour vaincre<\/p>\n\n\n\n<p class=\"has-medium-font-size\"><strong>Vendredi 19 :<\/strong> Journ\u00e9e des olympaides et de la la\u00efcit\u00e9 \u00e0 Ambroise<\/p>\n\n\n\n<p class=\"has-medium-font-size\"><strong>Du Lundi 22 D\u00e9cembre au Mardi 20 Janvier :<\/strong> Vacances scolaires<\/p>\n<\/details>\n\n\n\n<details class=\"wp-block-details has-vivid-cyan-blue-to-vivid-purple-gradient-background has-background has-medium-font-size is-layout-flow wp-block-details-is-layout-flow\"><summary><strong>En Janvier<\/strong><\/summary>\n<p class=\"has-medium-font-size\"><strong>Mercredi 21 <\/strong>: Rentr\u00e9e scolaire<\/p>\n\n\n\n<p><strong>Vendredi 30 :<\/strong> Pr\u00e9sentation Parcoursup aux familles de Terminale G\u00e9n\u00e9rale et Micro Lyc\u00e9e<\/p>\n<\/details>\n\n\n\n<details class=\"wp-block-details has-background has-medium-font-size is-layout-flow wp-block-details-is-layout-flow\" style=\"background:linear-gradient(235deg,rgb(2,3,129) 7%,rgb(250,250,250) 38%,rgb(40,116,252) 63%)\"><summary><strong>En F\u00e9vrier<\/strong><\/summary>\n<p><strong>Du Lundi 02 au Jeudi 05 :<\/strong> Intervention \u00ab\u00a0ADOSEN\u00a0\u00bb pour Premi\u00e8re G\u00e9n\u00e9rale et <mark style=\"background-color:#ffffff\" class=\"has-inline-color\">Technologique<\/mark><\/p>\n\n\n\n<p><strong>Mardi 03 :<\/strong> Formation pr\u00e9vention NAH<\/p>\n\n\n\n<p><strong>Vendredi 06 :<\/strong> Pr\u00e9sentation Parcoursup aux familles de Terminale Technologique<\/p>\n\n\n\n<p><strong>Mardi 10 :<\/strong> <br>&#8211; Lyc\u00e9ens au cin\u00e9ma<br> &#8211; Forum de pr\u00e9sentation des sp\u00e9cialit\u00e9s aux 2ndes<\/p>\n\n\n\n<p><strong>Jeudi 12 :<\/strong> Forum tertiaire \u00e0 la cit\u00e9 des m\u00e9tiers (pour les STMG et Micro Lyc\u00e9e)<\/p>\n\n\n\n<p><strong>Vendredi 13 :<\/strong> Forum STI2D \u00e0 JC Fruteau<\/p>\n\n\n\n<p><strong>Samedi 14 :<\/strong> Caf\u00e9 des parents<\/p>\n\n\n\n<p><strong>Mercredi 18 :<\/strong> Visite du temple Chinois par les \u00e9l\u00e8ves LV Chinois<\/p>\n\n\n\n<p><strong>Jeudi 19 :<\/strong> Pr\u00e9sentation DSCG \u00e0 Antoine Roussin pour Terminale G\u00e9n\u00e9rale et Technologique<\/p>\n\n\n\n<p><strong>Du Lundi 23 et Jeudi 26 :<\/strong> Semaine de la sant\u00e9 au lyc\u00e9e<\/p>\n\n\n\n<p><strong>Mardi 24 :<\/strong> <br>&#8211; Don du sang au lyc\u00e9e<br>&#8211; Nouvel an Chinois organis\u00e9 par la MDL<\/p>\n\n\n\n<p class=\"has-medium-font-size\"><strong>Mercredi 25 :<\/strong> Forum des m\u00e9tier au coll\u00e8ge Henri Matisse<\/p>\n\n\n\n<p class=\"has-medium-font-size\"><strong>Jeudi 26 :<\/strong> <br>&#8211; Journ\u00e9e s\u00e9curit\u00e9 routi\u00e8re au lyc\u00e9e<br>&#8211; Vernissage JPO<\/p>\n\n\n\n<p><strong>Du Vendredi 27 au Samedi 28 :<\/strong> JPO section Art + BTS CG<\/p>\n\n\n\n<p><strong>Samedi 28 :<\/strong> Classe d\u00e9fense au PPMDay<\/p>\n<\/details>\n\n\n\n<details class=\"wp-block-details has-pale-ocean-gradient-background has-background has-medium-font-size is-layout-flow wp-block-details-is-layout-flow\"><summary><strong>En Mars<\/strong><\/summary>\n<p class=\"has-medium-font-size\"><strong>Du Lundi 02 au Dimanche 15 :<\/strong> Vacances scolaire<\/p>\n\n\n\n<p><strong>Mercredi 26 :<\/strong> Rally Maths au coll\u00e8ge des Tamarins<\/p>\n\n\n\n<p><strong>Jeudi 27 :<\/strong> <br>&#8211; Buy nothing day<br>&#8211; Remise des prix NAH (Non Au Harc\u00e8lement)<\/p>\n<\/details>\n\n\n\n<details class=\"wp-block-details has-background has-medium-font-size is-layout-flow wp-block-details-is-layout-flow\" style=\"background:linear-gradient(135deg,rgb(122,220,180) 57%,rgb(0,208,130) 74%)\"><summary><strong>En Avril<\/strong><\/summary>\n<p><strong>Samedi 04 :<\/strong> Caf\u00e9 des parents sur le th\u00e8me CNV (Communication Non Violente)<\/p>\n\n\n\n<p><strong>Mardi 07 :<\/strong> Journ\u00e9e mondiale de la sant\u00e9<\/p>\n\n\n\n<p><strong>Mercredi 08 : <\/strong>Journ\u00e9e acad\u00e9mique de la sant\u00e9 -&gt; Journ\u00e9e d&rsquo;action sant\u00e9 sur le complexe sportif du lyc\u00e9e<\/p>\n\n\n\n<p class=\"has-medium-font-size\"><strong>Vendredi 24 :<\/strong> Ambroise, un  incroyable talent<\/p>\n<\/details>\n\n\n\n<details class=\"wp-block-details has-background has-medium-font-size is-layout-flow wp-block-details-is-layout-flow\" style=\"background:linear-gradient(135deg,rgb(202,248,128) 31%,rgb(113,206,126) 66%)\"><summary><strong>En Mai<\/strong><\/summary>\n<p class=\"has-medium-font-size\"><strong>Du Lundi 04 au Dimanche 17 :<\/strong> Vacances scolaires<\/p>\n<\/details>\n\n\n\n<details class=\"wp-block-details has-background has-medium-font-size is-layout-flow wp-block-details-is-layout-flow\" style=\"background:linear-gradient(135deg,rgb(252,185,0) 41%,rgb(255,105,0) 51%)\"><summary><strong>En Juin<\/strong><\/summary>\n<p class=\"has-medium-font-size\"><strong>Jeudi 11 :<\/strong> Baccalaur\u00e9at de Fran\u00e7ais &#8211; \u00e9preuve anticip\u00e9e<\/p>\n\n\n\n<p class=\"has-medium-font-size\"><strong>Vendredi 12 : <\/strong>Baccalaur\u00e9at de Math\u00e9matiques &#8211; \u00e9preuve anticip\u00e9e<\/p>\n\n\n\n<p class=\"has-medium-font-size\"><strong>Du Lundi 15 au Mercredi 17 :<\/strong> \u00c9preuves \u00e9crites du baccalaur\u00e9at technologique<\/p>\n\n\n\n<p class=\"has-medium-font-size\"><strong>Du Lundi 15 au Jeudi 18 :<\/strong> \u00c9preuves \u00e9crites du baccalaur\u00e9at g\u00e9n\u00e9ral <\/p>\n\n\n\n<p><strong>Du Lundi 15 au Vendredi 26 :<\/strong> Stage des \u00e9l\u00e8ves de secondes<\/p>\n\n\n\n<p class=\"has-medium-font-size\"><strong>Du 22 au 01 Juillet : <\/strong>\u00c9preuves orales du baccalaur\u00e9at<\/p>\n<\/details>\n\n\n\n<details class=\"wp-block-details has-background has-medium-font-size is-layout-flow wp-block-details-is-layout-flow\" style=\"background:linear-gradient(135deg,rgb(255,105,0) 44%,rgb(207,46,46) 69%)\"><summary><strong>En Juillet<\/strong><\/summary>\n<p><\/p>\n<\/details>\n\n\n\n<p><\/p>\n","protected":false},"excerpt":{"rendered":"<p class=\"continue-reading-button\"> <a class=\"continue-reading-link\" href=\"https:\/\/etab.ac-reunion.fr\/lyc-ambroise-vollard\/evenements-a-venir\/\">Suite<i class=\"crycon-right-dir\"><\/i><\/a><\/p>\n","protected":false},"author":22664,"featured_media":0,"parent":0,"menu_order":0,"comment_status":"closed","ping_status":"closed","template":"","meta":{"footnotes":""},"class_list":["post-6159","page","type-page","status-publish","hentry"],"_links":{"self":[{"href":"https:\/\/etab.ac-reunion.fr\/lyc-ambroise-vollard\/wp-json\/wp\/v2\/pages\/6159","targetHints":{"allow":["GET"]}}],"collection":[{"href":"https:\/\/etab.ac-reunion.fr\/lyc-ambroise-vollard\/wp-json\/wp\/v2\/pages"}],"about":[{"href":"https:\/\/etab.ac-reunion.fr\/lyc-ambroise-vollard\/wp-json\/wp\/v2\/types\/page"}],"author":[{"embeddable":true,"href":"https:\/\/etab.ac-reunion.fr\/lyc-ambroise-vollard\/wp-json\/wp\/v2\/users\/22664"}],"replies":[{"embeddable":true,"href":"https:\/\/etab.ac-reunion.fr\/lyc-ambroise-vollard\/wp-json\/wp\/v2\/comments?post=6159"}],"version-history":[{"count":41,"href":"https:\/\/etab.ac-reunion.fr\/lyc-ambroise-vollard\/wp-json\/wp\/v2\/pages\/6159\/revisions"}],"predecessor-version":[{"id":6677,"href":"https:\/\/etab.ac-reunion.fr\/lyc-ambroise-vollard\/wp-json\/wp\/v2\/pages\/6159\/revisions\/6677"}],"wp:attachment":[{"href":"https:\/\/etab.ac-reunion.fr\/lyc-ambroise-vollard\/wp-json\/wp\/v2\/media?parent=6159"}],"curies":[{"name":"wp","href":"https:\/\/api.w.org\/{rel}","templated":true}]}}