{"id":78,"date":"2023-08-21T13:39:14","date_gmt":"2023-08-21T09:39:14","guid":{"rendered":"http:\/\/lycee-ambroise-vollard-tmp.ac-reunion.fr\/?page_id=78"},"modified":"2025-11-03T08:23:11","modified_gmt":"2025-11-03T04:23:11","slug":"personnels","status":"publish","type":"page","link":"https:\/\/etab.ac-reunion.fr\/lyc-ambroise-vollard\/etablissement\/personnels\/","title":{"rendered":"Personnels"},"content":{"rendered":"<p><span style=\"text-decoration: underline\">Equipe de direction<\/span><\/p>\n<p>M GARCIA Jean-Michel, Chef d\u2019\u00e9tablissement,<br \/>\nM PRIVAT Laurent, Proviseur adjoint,<br \/>\nM PAYET Daniel, Proviseur adjoint<br \/>\nM DE PEINDRAY Fabrice, DDFPT (Directeur D\u00e9l\u00e9gu\u00e9 aux Formations Professionnelles et Technologiques)<\/p>\n<p><span style=\"text-decoration: underline\">Secr\u00e9tariat<\/span><\/p>\n<p>Mme VENAT Ellenita, Secr\u00e9tariat du proviseur<\/p>\n<p>Mme PAYET Jacqueline, Secr\u00e9tariat des proviseurs-adjoints<\/p>\n<p><span style=\"text-decoration: underline\">Vie Scolaire<\/span><\/p>\n<p>Mme BERNE Myrose, CPE niveau seconde<br \/>\nMme MAUBERT Val\u00e9rie, CPE niveau premi\u00e8re<br \/>\nMme HOAREAU Evelyne, CPE niveau terminale<\/p>\n<p><span style=\"text-decoration: underline\">Service gestion<\/span><\/p>\n<p>M CUVELIER Tony, Secr\u00e9taire G\u00e9n\u00e9ral<br \/>\nMme RIVIERE Chrisl\u00e8ne, Responsable administratif et financier Cuisine Centrale<br \/>\nMme HOAREAU Laeticia, assistante de gestion<br \/>\nMme LEBON Marie-H\u00e9l\u00e8ne, assistante de gestion<\/p>\n<p><span style=\"text-decoration: underline\">Service social de sant\u00e9<\/span><\/p>\n<p>Mme LANGEVIN St\u00e9phanie, Infirmi\u00e8re<br \/>\nMme NATIVEL-GORGETTE Juliette, Assistante sociale<\/p>\n<p><span style=\"text-decoration: underline\">Orientation<\/span><\/p>\n<p>Mme LOUIS Cindy, PSY-EN<\/p>\n","protected":false},"excerpt":{"rendered":"<p>Equipe de direction M GARCIA Jean-Michel, Chef d\u2019\u00e9tablissement, M PRIVAT Laurent, Proviseur adjoint, M PAYET Daniel, Proviseur adjoint M DE PEINDRAY Fabrice, DDFPT (Directeur D\u00e9l\u00e9gu\u00e9 aux Formations Professionnelles et Technologiques) Secr\u00e9tariat Mme VENAT Ellenita, Secr\u00e9tariat du proviseur Mme PAYET Jacqueline, Secr\u00e9tariat des proviseurs-adjoints Vie Scolaire Mme BERNE Myrose, CPE niveau&#8230;<\/p>\n<p class=\"continue-reading-button\"> <a class=\"continue-reading-link\" href=\"https:\/\/etab.ac-reunion.fr\/lyc-ambroise-vollard\/etablissement\/personnels\/\">Suite<i class=\"crycon-right-dir\"><\/i><\/a><\/p>\n","protected":false},"author":10581,"featured_media":0,"parent":76,"menu_order":0,"comment_status":"closed","ping_status":"closed","template":"","meta":{"footnotes":""},"class_list":["post-78","page","type-page","status-publish","hentry"],"_links":{"self":[{"href":"https:\/\/etab.ac-reunion.fr\/lyc-ambroise-vollard\/wp-json\/wp\/v2\/pages\/78","targetHints":{"allow":["GET"]}}],"collection":[{"href":"https:\/\/etab.ac-reunion.fr\/lyc-ambroise-vollard\/wp-json\/wp\/v2\/pages"}],"about":[{"href":"https:\/\/etab.ac-reunion.fr\/lyc-ambroise-vollard\/wp-json\/wp\/v2\/types\/page"}],"author":[{"embeddable":true,"href":"https:\/\/etab.ac-reunion.fr\/lyc-ambroise-vollard\/wp-json\/wp\/v2\/users\/10581"}],"replies":[{"embeddable":true,"href":"https:\/\/etab.ac-reunion.fr\/lyc-ambroise-vollard\/wp-json\/wp\/v2\/comments?post=78"}],"version-history":[{"count":23,"href":"https:\/\/etab.ac-reunion.fr\/lyc-ambroise-vollard\/wp-json\/wp\/v2\/pages\/78\/revisions"}],"predecessor-version":[{"id":6366,"href":"https:\/\/etab.ac-reunion.fr\/lyc-ambroise-vollard\/wp-json\/wp\/v2\/pages\/78\/revisions\/6366"}],"up":[{"embeddable":true,"href":"https:\/\/etab.ac-reunion.fr\/lyc-ambroise-vollard\/wp-json\/wp\/v2\/pages\/76"}],"wp:attachment":[{"href":"https:\/\/etab.ac-reunion.fr\/lyc-ambroise-vollard\/wp-json\/wp\/v2\/media?parent=78"}],"curies":[{"name":"wp","href":"https:\/\/api.w.org\/{rel}","templated":true}]}}