{"id":4870,"date":"2017-09-28T15:39:44","date_gmt":"2017-09-28T11:39:44","guid":{"rendered":"http:\/\/lycee-amiral-bouvet.ac-reunion.fr\/?page_id=4870"},"modified":"2018-02-07T23:27:53","modified_gmt":"2018-02-07T19:27:53","slug":"section-cinema-audiovisuel","status":"publish","type":"page","link":"https:\/\/etab.ac-reunion.fr\/lyc-amiral-bouvet\/section-cinema-audiovisuel\/","title":{"rendered":"SECTION CIN\u00c9MA"},"content":{"rendered":"<h2>Situation<\/h2>\n<p>L&rsquo;image sous toutes ses formes\u00a0est au c\u0153ur de la plupart des pratiques culturelles des jeunes\u00a0: cin\u00e9ma, photographie, t\u00e9l\u00e9vision, jeux video, internet, etc. Depuis plus de vingt ans, l&rsquo;\u00c9cole a mis en place une \u00e9ducation th\u00e9orique et pratique \u00e0 ce langage complexe, dont les codes et les techniques \u00e9voluent sans cesse. L&rsquo;\u00e9ducation \u00e0 l&rsquo;image occupe une place particuli\u00e8re dans les programmes d&rsquo;enseignement, puisqu&rsquo;elle figure aussi bien dans les arts visuels en primaire que dans les arts plastiques\u00a0au coll\u00e8ge. Au lyc\u00e9e, les \u00e9l\u00e8ves peuvent choisir le cin\u00e9ma dans le cadre d&rsquo;enseignements de sp\u00e9cialit\u00e9 et d&rsquo;options facultatives.<\/p>\n<p><a name=\"lien1\"><\/a><\/p>\n<h2>Objectifs \u00e9ducatifs<\/h2>\n<ul>\n<li>aiguiser le regard des \u00e9l\u00e8ves afin qu&rsquo;ils sachent lire les images, se les approprier avec recul et sens critique\u00a0;<\/li>\n<li>s&rsquo;initier aux techniques les plus vari\u00e9es\u00a0;<\/li>\n<li>conna\u00eetre le patrimoine cin\u00e9matographique\u00a0;<\/li>\n<li>sensibiliser les \u00e9l\u00e8ves \u00e0 la cr\u00e9ation contemporaine.<\/li>\n<\/ul>\n<p>source : <a href=\"http:\/\/eduscol.education.fr\/cid49862\/cinema-et-audiovisuel.html\">http:\/\/eduscol.education.fr\/cid49862\/cinema-et-audiovisuel.html<\/a><\/p>\n","protected":false},"excerpt":{"rendered":"<p>Situation L&rsquo;image sous toutes ses formes\u00a0est au c\u0153ur de la plupart des pratiques culturelles des jeunes\u00a0: cin\u00e9ma, photographie, t\u00e9l\u00e9vision, jeux video, internet, etc. Depuis plus de vingt ans, l&rsquo;\u00c9cole a mis en place une \u00e9ducation th\u00e9orique et pratique \u00e0 ce langage complexe, dont les codes et les techniques \u00e9voluent sans cesse. L&rsquo;\u00e9ducation \u00e0 l&rsquo;image occupe [&hellip;]<\/p>\n","protected":false},"author":3308,"featured_media":0,"parent":0,"menu_order":0,"comment_status":"closed","ping_status":"closed","template":"","meta":{"_et_pb_use_builder":"","_et_pb_old_content":"","_et_gb_content_width":"","footnotes":"","_links_to":"","_links_to_target":""},"class_list":["post-4870","page","type-page","status-publish","hentry"],"_links":{"self":[{"href":"https:\/\/etab.ac-reunion.fr\/lyc-amiral-bouvet\/wp-json\/wp\/v2\/pages\/4870","targetHints":{"allow":["GET"]}}],"collection":[{"href":"https:\/\/etab.ac-reunion.fr\/lyc-amiral-bouvet\/wp-json\/wp\/v2\/pages"}],"about":[{"href":"https:\/\/etab.ac-reunion.fr\/lyc-amiral-bouvet\/wp-json\/wp\/v2\/types\/page"}],"author":[{"embeddable":true,"href":"https:\/\/etab.ac-reunion.fr\/lyc-amiral-bouvet\/wp-json\/wp\/v2\/users\/3308"}],"replies":[{"embeddable":true,"href":"https:\/\/etab.ac-reunion.fr\/lyc-amiral-bouvet\/wp-json\/wp\/v2\/comments?post=4870"}],"version-history":[{"count":4,"href":"https:\/\/etab.ac-reunion.fr\/lyc-amiral-bouvet\/wp-json\/wp\/v2\/pages\/4870\/revisions"}],"predecessor-version":[{"id":5812,"href":"https:\/\/etab.ac-reunion.fr\/lyc-amiral-bouvet\/wp-json\/wp\/v2\/pages\/4870\/revisions\/5812"}],"wp:attachment":[{"href":"https:\/\/etab.ac-reunion.fr\/lyc-amiral-bouvet\/wp-json\/wp\/v2\/media?parent=4870"}],"curies":[{"name":"wp","href":"https:\/\/api.w.org\/{rel}","templated":true}]}}