{"id":7224,"date":"2018-11-11T20:04:00","date_gmt":"2018-11-11T16:04:00","guid":{"rendered":"http:\/\/lycee-amiral-bouvet.ac-reunion.fr\/?page_id=7224"},"modified":"2018-11-11T20:05:56","modified_gmt":"2018-11-11T16:05:56","slug":"section-europeenne-anglais","status":"publish","type":"page","link":"https:\/\/etab.ac-reunion.fr\/lyc-amiral-bouvet\/section-europeenne-anglais\/","title":{"rendered":"SECTION EUROP\u00c9ENNE ANGLAIS"},"content":{"rendered":"[et_pb_section bb_built=\u00a0\u00bb1&Prime;][et_pb_row][et_pb_column type=\u00a0\u00bb4_4&Prime;][et_pb_image _builder_version=\u00a0\u00bb3.17.6&Prime; src=\u00a0\u00bbhttps:\/\/etab.ac-reunion.fr\/lyc-amiral-bouvet\/wp-content\/uploads\/sites\/15\/2018\/11\/dnl-anglais.jpg\u00a0\u00bb \/][et_pb_text _builder_version=\u00a0\u00bb3.17.6&Prime; link_option_url=\u00a0\u00bbi\u00a0\u00bb]\n<p>&nbsp;<\/p>\n<h4 class=\"Style10\"><span style=\"text-decoration: underline\"><strong>Objectifs:<\/strong><\/span><\/h4>\n<p class=\"Style1\">&#8211; D\u00e9velopper ses comp\u00e9tences \u00e9crites et orales en anglais. <\/p>\n<p>&#8211; Obtenir \u00e0 terme le baccalaur\u00e9at mention \u00ab\u00a0Section europ\u00e9enne anglais\u00a0\u00bb inscrite sur le dipl\u00f4me du baccalaur\u00e9at. Cette mention est fortement appr\u00e9ci\u00e9e lors des s\u00e9lections de dossiers de poursuite d&rsquo;\u00e9tudes.<\/p>\n<p class=\"Style1\">&#8211; \u00c9tudier de fa\u00e7on approfondie la culture anglophone. <\/p>\n<p>&#8211; S&rsquo;ouvrir \u00e0 la diversit\u00e9 des pays anglophones.<\/p>\n<h4 class=\"Style10\"><span style=\"text-decoration: underline\"><strong>Horaires <\/strong><\/span><strong>: <\/strong><strong>2 H par semaine <\/strong><span style=\"text-decoration: underline\"><strong><br \/><\/strong><\/span><\/h4>\n<h4>\u00a0<\/h4>\n<h4><span class=\"Style4\"><strong><span style=\"color: #ff0000\">Obtention de la mention \u00ab\u00a0Section Europ\u00e9enne\u00a0\u00bb au dipl\u00f4me du Baccalaur\u00e9at<\/span> <\/strong><\/span><\/h4>\n<p class=\"Style1\" align=\"left\">Pour obtenir cette mention au bac, les \u00e9l\u00e8ves doivent:<\/p>\n<p class=\"Style1\"><img loading=\"lazy\" decoding=\"async\" src=\"http:\/\/www.monnet-mermoz.fr\/images\/valide.jpg\" alt=\" \" width=\"11\" height=\"12\" \/> avoir obtenu une note \u00e9gale ou sup\u00e9rieure \u00e0 12\/20 \u00e0 l&rsquo;\u00e9preuve du premier groupe de langue vivante anglaise.<\/p>\n<p class=\"Style1\"><img loading=\"lazy\" decoding=\"async\" src=\"http:\/\/www.monnet-mermoz.fr\/images\/valide.jpg\" alt=\" \" width=\"11\" height=\"12\" \/> avoir obtenu une note \u00e9gale ou sup\u00e9rieure \u00e0 10\/20 \u00e0 une \u00e9valuation sp\u00e9cifique visant \u00e0 appr\u00e9cier le niveau de ma\u00eetrise de la langue acquis au cours de la scolarit\u00e9 en section europ\u00e9enne. Cette \u00e9valuation sp\u00e9cifique comprend une \u00e9valuation en cours de classe terminale et une \u00e9preuve suppl\u00e9mentaire \u00e0 l&rsquo;examen de fin d&rsquo;ann\u00e9e.<\/p>\n[\/et_pb_text][\/et_pb_column][\/et_pb_row][\/et_pb_section]\n","protected":false},"excerpt":{"rendered":"<p><div class=\"et_pb_row et_pb_row_0 et_pb_row_empty\">\n\t\t\t\t\n\t\t\t\t\n\t\t\t\t\n\t\t\t\t\n\t\t\t\t\n\t\t\t<\/div> &nbsp; Objectifs: &#8211; D\u00e9velopper ses comp\u00e9tences \u00e9crites et orales en anglais. &#8211; Obtenir \u00e0 terme le baccalaur\u00e9at mention \u00ab\u00a0Section europ\u00e9enne anglais\u00a0\u00bb inscrite sur le dipl\u00f4me du baccalaur\u00e9at. Cette mention est fortement appr\u00e9ci\u00e9e lors des s\u00e9lections de dossiers de poursuite d&rsquo;\u00e9tudes. &#8211; \u00c9tudier de fa\u00e7on approfondie la culture anglophone. &#8211; S&rsquo;ouvrir \u00e0 la diversit\u00e9 des [&hellip;]<\/p>\n","protected":false},"author":3308,"featured_media":0,"parent":0,"menu_order":0,"comment_status":"closed","ping_status":"closed","template":"","meta":{"_et_pb_use_builder":"on","_et_pb_old_content":"","_et_gb_content_width":"","footnotes":"","_links_to":"","_links_to_target":""},"class_list":["post-7224","page","type-page","status-publish","hentry"],"_links":{"self":[{"href":"https:\/\/etab.ac-reunion.fr\/lyc-amiral-bouvet\/wp-json\/wp\/v2\/pages\/7224","targetHints":{"allow":["GET"]}}],"collection":[{"href":"https:\/\/etab.ac-reunion.fr\/lyc-amiral-bouvet\/wp-json\/wp\/v2\/pages"}],"about":[{"href":"https:\/\/etab.ac-reunion.fr\/lyc-amiral-bouvet\/wp-json\/wp\/v2\/types\/page"}],"author":[{"embeddable":true,"href":"https:\/\/etab.ac-reunion.fr\/lyc-amiral-bouvet\/wp-json\/wp\/v2\/users\/3308"}],"replies":[{"embeddable":true,"href":"https:\/\/etab.ac-reunion.fr\/lyc-amiral-bouvet\/wp-json\/wp\/v2\/comments?post=7224"}],"version-history":[{"count":2,"href":"https:\/\/etab.ac-reunion.fr\/lyc-amiral-bouvet\/wp-json\/wp\/v2\/pages\/7224\/revisions"}],"predecessor-version":[{"id":7228,"href":"https:\/\/etab.ac-reunion.fr\/lyc-amiral-bouvet\/wp-json\/wp\/v2\/pages\/7224\/revisions\/7228"}],"wp:attachment":[{"href":"https:\/\/etab.ac-reunion.fr\/lyc-amiral-bouvet\/wp-json\/wp\/v2\/media?parent=7224"}],"curies":[{"name":"wp","href":"https:\/\/api.w.org\/{rel}","templated":true}]}}