{"id":7936,"date":"2025-02-20T15:25:38","date_gmt":"2025-02-20T11:25:38","guid":{"rendered":"https:\/\/etab.ac-reunion.fr\/lyc-amiral-lacaze\/?page_id=7936"},"modified":"2025-02-21T11:16:36","modified_gmt":"2025-02-21T07:16:36","slug":"allocation-pfmp-documents-de-pfmp","status":"publish","type":"page","link":"https:\/\/etab.ac-reunion.fr\/lyc-amiral-lacaze\/allocation-pfmp-documents-de-pfmp\/","title":{"rendered":"Allocation PFMP &#8211; Documents de PFMP"},"content":{"rendered":"\n<div class=\"wp-block-group\"><div class=\"wp-block-group__inner-container is-layout-constrained wp-block-group-is-layout-constrained\">\n<p>Dans le cadre de sa formation, votre enfant doit obligatoirement participer \u00e0 des P\u00e9riodes Formations en Milieux Professionnels (PFMP) pour valider son dipl\u00f4me. <br>Les \u00e9l\u00e8ves en CAP effectuent de 12 \u00e0 14 semaines de PFMP et cela va jusqu\u2019\u00e0 20 semaines pour les \u00e9l\u00e8ves de Bac Professionnel. <br><br>Depuis la rentr\u00e9e scolaire de septembre 2023, le d\u00e9cret N\u00b02023-765 met en place une valorisation financi\u00e8re de ces formations en entreprises. Les montants&nbsp; et conditions de versement sont signal\u00e9s dans l\u2019arr\u00eat\u00e9 du 11 aout 2023. Cette valorisation est comprise entre 10 et 20 euros par jour selon la classe de l\u2019\u00e9l\u00e8ve. Elle est soumise \u00e0 des conditions d\u2019assiduit\u00e9 en entreprise.<\/p>\n\n\n\n<ul class=\"wp-block-list\">\n<li><strong>Pour l\u2019\u00e9l\u00e8ve mineur,<\/strong> la loi autorise que l\u2019allocation lui soit vers\u00e9e directement si les parents l\u2019autorise, en dehors de cette situation, l\u2019allocation sera vers\u00e9e au 1<sup>er<\/sup> responsable l\u00e9gal. <\/li>\n\n\n\n<li><strong>Dans le cas d\u2019un \u00e9l\u00e8ve majeur<\/strong>, l\u2019allocation sera vers\u00e9e sur son compte sauf s\u2019il demande \u00e0 faire le versement sur un compte tiers.<\/li>\n<\/ul>\n\n\n\n<div class=\"wp-block-group\"><div class=\"wp-block-group__inner-container is-layout-constrained wp-block-group-is-layout-constrained\">\n<div class=\"wp-block-group is-vertical is-layout-flex wp-container-core-group-is-layout-8cf370e7 wp-block-group-is-layout-flex\">\n<p><strong>Afin de permettre l\u2019ouverture du dossier de votre enfant vous devez fournir les justificatifs suivants:<\/strong><br><strong>&#8211;<\/strong> RIB avec IBAN du b\u00e9n\u00e9ficiaire<br><strong>&#8211; <\/strong>Justificatif du lien entre le mineur et son repr\u00e9sentant l\u00e9gal (copie du livret de famille, copie de l\u2019extrait d\u2019acte de naissance, jugement de tutelle etc.)<br><strong>&#8211; <\/strong>Une pi\u00e8ce d\u2019identit\u00e9 du b\u00e9n\u00e9ficiaire<br><strong>&#8211;<\/strong> L\u2019autorisation du repr\u00e9sentant l\u00e9gal (le document type est disponible sur le site internet du lyc\u00e9e)<\/p>\n<\/div>\n<\/div><\/div>\n\n\n\n<p>Pour permettre la mise en place de cette nouveaut\u00e9, nous vous demandons de bien vouloir fournir ces documents le plus rapidement possible.<\/p>\n<\/div><\/div>\n\n\n\n<p class=\"has-text-align-center\"><mark class=\"has-inline-color has-vivid-red-color\">\u26a0\ufe0f\u2757&nbsp;<strong>Aucun versement ne sera effectu\u00e9 si la convention de stage est incompl\u00e8te&nbsp; et, ou si il manque l\u2019attestation de pr\u00e9sence en entreprise.<\/strong> \u2757\u26a0\ufe0f<\/mark><\/p>\n\n\n\n<div class=\"wp-block-file has-white-background-color has-background\"><a id=\"wp-block-file--media-fc2cfd4c-e7df-4b31-9c49-66e2e84c8ff8\" href=\"https:\/\/etab.ac-reunion.fr\/lyc-amiral-lacaze\/wp-content\/uploads\/sites\/52\/2025\/02\/Courrier-procedure.docx-1.pdf\">proc\u00e9dure &amp; documents.docx<\/a><a href=\"https:\/\/etab.ac-reunion.fr\/lyc-amiral-lacaze\/wp-content\/uploads\/sites\/52\/2025\/02\/Courrier-procedure.docx-1.pdf\" class=\"wp-block-file__button wp-element-button\" download aria-describedby=\"wp-block-file--media-fc2cfd4c-e7df-4b31-9c49-66e2e84c8ff8\">T\u00e9l\u00e9charger<\/a><\/div>\n\n\n\n<div class=\"wp-block-file has-white-background-color has-background\"><a id=\"wp-block-file--media-a85e45bf-49dd-467f-bf5b-9bfa0cec207d\" href=\"https:\/\/etab.ac-reunion.fr\/lyc-amiral-lacaze\/wp-content\/uploads\/sites\/52\/2025\/02\/Autorisation-representant-legal.docx.pdf\">Autorisation repr\u00e9sentant l\u00e9gal.docx<\/a><a href=\"https:\/\/etab.ac-reunion.fr\/lyc-amiral-lacaze\/wp-content\/uploads\/sites\/52\/2025\/02\/Autorisation-representant-legal.docx.pdf\" class=\"wp-block-file__button wp-element-button\" download aria-describedby=\"wp-block-file--media-a85e45bf-49dd-467f-bf5b-9bfa0cec207d\">T\u00e9l\u00e9charger<\/a><\/div>\n\n\n\n<div class=\"wp-block-file has-white-background-color has-background\"><a id=\"wp-block-file--media-f143e8dc-cc5e-49f9-a224-179e2a71c7a9\" href=\"https:\/\/etab.ac-reunion.fr\/lyc-amiral-lacaze\/wp-content\/uploads\/sites\/52\/2025\/02\/ATTESTATION-PFMP-Vierge.docx.pdf\">ATTESTATION PFMP Vierge.docx<\/a><a href=\"https:\/\/etab.ac-reunion.fr\/lyc-amiral-lacaze\/wp-content\/uploads\/sites\/52\/2025\/02\/ATTESTATION-PFMP-Vierge.docx.pdf\" class=\"wp-block-file__button wp-element-button\" download aria-describedby=\"wp-block-file--media-f143e8dc-cc5e-49f9-a224-179e2a71c7a9\">T\u00e9l\u00e9charger<\/a><\/div>\n\n\n\n<p><\/p>\n","protected":false},"excerpt":{"rendered":"<p>Dans le cadre de sa formation, votre enfant doit obligatoirement participer \u00e0 des P\u00e9riodes Formations en Milieux Professionnels (PFMP) pour<\/p>\n<p> <a class=\"continue-reading-link\" href=\"https:\/\/etab.ac-reunion.fr\/lyc-amiral-lacaze\/allocation-pfmp-documents-de-pfmp\/\"><span>Lire la suite<\/span><i class=\"crycon-right-dir\"><\/i><\/a> <\/p>\n","protected":false},"author":30060,"featured_media":0,"parent":0,"menu_order":0,"comment_status":"closed","ping_status":"closed","template":"","meta":{"footnotes":""},"class_list":["post-7936","page","type-page","status-publish","hentry"],"_links":{"self":[{"href":"https:\/\/etab.ac-reunion.fr\/lyc-amiral-lacaze\/wp-json\/wp\/v2\/pages\/7936","targetHints":{"allow":["GET"]}}],"collection":[{"href":"https:\/\/etab.ac-reunion.fr\/lyc-amiral-lacaze\/wp-json\/wp\/v2\/pages"}],"about":[{"href":"https:\/\/etab.ac-reunion.fr\/lyc-amiral-lacaze\/wp-json\/wp\/v2\/types\/page"}],"author":[{"embeddable":true,"href":"https:\/\/etab.ac-reunion.fr\/lyc-amiral-lacaze\/wp-json\/wp\/v2\/users\/30060"}],"replies":[{"embeddable":true,"href":"https:\/\/etab.ac-reunion.fr\/lyc-amiral-lacaze\/wp-json\/wp\/v2\/comments?post=7936"}],"version-history":[{"count":12,"href":"https:\/\/etab.ac-reunion.fr\/lyc-amiral-lacaze\/wp-json\/wp\/v2\/pages\/7936\/revisions"}],"predecessor-version":[{"id":7969,"href":"https:\/\/etab.ac-reunion.fr\/lyc-amiral-lacaze\/wp-json\/wp\/v2\/pages\/7936\/revisions\/7969"}],"wp:attachment":[{"href":"https:\/\/etab.ac-reunion.fr\/lyc-amiral-lacaze\/wp-json\/wp\/v2\/media?parent=7936"}],"curies":[{"name":"wp","href":"https:\/\/api.w.org\/{rel}","templated":true}]}}

<div class="wp-block-group"><div class="wp-block-group__inner-container is-layout-constrained wp-block-group-is-layout-constrained">
<p>Dans le cadre de sa formation, votre enfant doit obligatoirement participer à des Périodes Formations en Milieux Professionnels (PFMP) pour valider son diplôme. <br>Les élèves en CAP effectuent de 12 à 14 semaines de PFMP et cela va jusqu’à 20 semaines pour les élèves de Bac Professionnel. <br><br>Depuis la rentrée scolaire de septembre 2023, le décret N°2023-765 met en place une valorisation financière de ces formations en entreprises. Les montants&nbsp; et conditions de versement sont signalés dans l’arrêté du 11 aout 2023. Cette valorisation est comprise entre 10 et 20 euros par jour selon la classe de l’élève. Elle est soumise à des conditions d’assiduité en entreprise.</p>



<ul class="wp-block-list">
<li><strong>Pour l’élève mineur,</strong> la loi autorise que l’allocation lui soit versée directement si les parents l’autorise, en dehors de cette situation, l’allocation sera versée au 1<sup>er</sup> responsable légal. </li>



<li><strong>Dans le cas d’un élève majeur</strong>, l’allocation sera versée sur son compte sauf s’il demande à faire le versement sur un compte tiers.</li>
</ul>



<div class="wp-block-group"><div class="wp-block-group__inner-container is-layout-constrained wp-block-group-is-layout-constrained">
<div class="wp-block-group is-vertical is-layout-flex wp-container-core-group-is-layout-8cf370e7 wp-block-group-is-layout-flex">
<p><strong>Afin de permettre l’ouverture du dossier de votre enfant vous devez fournir les justificatifs suivants:</strong><br><strong>&#8211;</strong> RIB avec IBAN du bénéficiaire<br><strong>&#8211; </strong>Justificatif du lien entre le mineur et son représentant légal (copie du livret de famille, copie de l’extrait d’acte de naissance, jugement de tutelle etc.)<br><strong>&#8211; </strong>Une pièce d’identité du bénéficiaire<br><strong>&#8211;</strong> L’autorisation du représentant légal (le document type est disponible sur le site internet du lycée)</p>
</div>
</div></div>



<p>Pour permettre la mise en place de cette nouveauté, nous vous demandons de bien vouloir fournir ces documents le plus rapidement possible.</p>
</div></div>



<p class="has-text-align-center"><mark class="has-inline-color has-vivid-red-color">⚠️❗&nbsp;<strong>Aucun versement ne sera effectué si la convention de stage est incomplète&nbsp; et, ou si il manque l’attestation de présence en entreprise.</strong> ❗⚠️</mark></p>



<div class="wp-block-file has-white-background-color has-background"><a id="wp-block-file--media-fc2cfd4c-e7df-4b31-9c49-66e2e84c8ff8" href="https://etab.ac-reunion.fr/lyc-amiral-lacaze/wp-content/uploads/sites/52/2025/02/Courrier-procedure.docx-1.pdf">procédure &amp; documents.docx</a><a href="https://etab.ac-reunion.fr/lyc-amiral-lacaze/wp-content/uploads/sites/52/2025/02/Courrier-procedure.docx-1.pdf" class="wp-block-file__button wp-element-button" download aria-describedby="wp-block-file--media-fc2cfd4c-e7df-4b31-9c49-66e2e84c8ff8">Télécharger</a></div>



<div class="wp-block-file has-white-background-color has-background"><a id="wp-block-file--media-a85e45bf-49dd-467f-bf5b-9bfa0cec207d" href="https://etab.ac-reunion.fr/lyc-amiral-lacaze/wp-content/uploads/sites/52/2025/02/Autorisation-representant-legal.docx.pdf">Autorisation représentant légal.docx</a><a href="https://etab.ac-reunion.fr/lyc-amiral-lacaze/wp-content/uploads/sites/52/2025/02/Autorisation-representant-legal.docx.pdf" class="wp-block-file__button wp-element-button" download aria-describedby="wp-block-file--media-a85e45bf-49dd-467f-bf5b-9bfa0cec207d">Télécharger</a></div>



<div class="wp-block-file has-white-background-color has-background"><a id="wp-block-file--media-f143e8dc-cc5e-49f9-a224-179e2a71c7a9" href="https://etab.ac-reunion.fr/lyc-amiral-lacaze/wp-content/uploads/sites/52/2025/02/ATTESTATION-PFMP-Vierge.docx.pdf">ATTESTATION PFMP Vierge.docx</a><a href="https://etab.ac-reunion.fr/lyc-amiral-lacaze/wp-content/uploads/sites/52/2025/02/ATTESTATION-PFMP-Vierge.docx.pdf" class="wp-block-file__button wp-element-button" download aria-describedby="wp-block-file--media-f143e8dc-cc5e-49f9-a224-179e2a71c7a9">Télécharger</a></div>



<p></p>

<p>Dans le cadre de sa formation, votre enfant doit obligatoirement participer à des Périodes Formations en Milieux Professionnels (PFMP) pour</p>
<p> <a class="continue-reading-link" href="https://etab.ac-reunion.fr/lyc-amiral-lacaze/allocation-pfmp-documents-de-pfmp/"><span>Lire la suite</span><i class="crycon-right-dir"></i></a> </p>
