{"id":1413,"date":"2015-04-08T17:34:32","date_gmt":"2015-04-08T13:34:32","guid":{"rendered":"http:\/\/lycee-avirons.ac-reunion.fr\/?page_id=1413"},"modified":"2017-02-17T10:15:34","modified_gmt":"2017-02-17T06:15:34","slug":"laustralie","status":"publish","type":"page","link":"https:\/\/etab.ac-reunion.fr\/lyc-antoine-de-saint-exupery\/le-lycee-a-linternational\/laustralie\/","title":{"rendered":"L&rsquo;Australie : S\u00e9jour linguistique et Culturel \u00e0 Ad\u00e9la\u00efde"},"content":{"rendered":"<p><strong>Trente trois <\/strong>\u00e9l\u00e8ves des classes de\u00a0 1<sup>\u00e8re<\/sup> europ\u00e9enne et 3 accompagnateurs (Mmes Payet-Jugand Pascale, Casals Elsa et M. Barthelet Ga\u00ebl). se rendront en s\u00e9jour linguistique \u00e0 Adela\u00efde entre le 27 f\u00e9vrier et le 13 mars 2016.<\/p>\n<p><!--more--><\/p>\n<div class='et-learn-more clearfix'>\n\t\t\t\t\t<h3 class='heading-more'>En savoir plus<span class='et_learnmore_arrow'><span><\/span><\/span><\/h3>\n\t\t\t\t\t<div class='learn-more-content'>Voyage scolaire organis\u00e9 dans le cadre d\u2019un partenariat avec l\u2019Australie m\u00e9ridionale. Une demande d\u2019appariement avec un \u00e9tablissement scolaire est en cours, par le biais de la DAREIC, ce qui permettrait un \u00e9change \u00e9lectronique pr\u00e9alable et d\u2019\u00e9tablir des correspondants. Sur place, les \u00e9l\u00e8ves seraient accueillis dans des familles australiennes et b\u00e9n\u00e9ficieraient alors d\u2019une r\u00e9elle immersion dans un milieu anglophone. Un \u00e9change avec accueil des \u00e9l\u00e8ves australiens l\u2019ann\u00e9e suivante n\u2019est pas exclu. Le s\u00e9jour sera ponctu\u00e9 d\u2019excursions diverses dans Adela\u00efde et aux environs ainsi que de p\u00e9riodes d\u2019observation dans des classes de niveau similaire (Year 11). Plusieurs contacts existent d\u00e9j\u00e0 (avec Marryatville High School, Reynella High School ou Loreto College). Ce projet entre dans l&rsquo;axe 4 du contrat d\u2019objectifs de l\u2019\u00e9tablissement, car il favorise l\u2019ouverture culturelle et internationale. Financement : Comme il s\u2019agit d\u2019un voyage on\u00e9reux, de nombreuses actions extrascolaires seront et sont d\u00e9j\u00e0 mises en place depuis la rentr\u00e9e 2014-2015 : photos de classe, car wash, ensachages, vente de g\u00e2teaux\u2026 Nous comptons \u00e9galement sur les subventions de la FEBECS, l\u2019aide de la R\u00e9gion, des mairies et de la CAF pour les \u00e9l\u00e8ves boursiers.Contenu ici<\/div>\n\t\t\t\t<\/div>\n<p>&nbsp;<\/p>\n","protected":false},"excerpt":{"rendered":"<p>Trente trois \u00e9l\u00e8ves des classes de\u00a0 1\u00e8re europ\u00e9enne et 3 accompagnateurs (Mmes Payet-Jugand Pascale, Casals Elsa et M. Barthelet Ga\u00ebl). se rendront en s\u00e9jour linguistique \u00e0 Adela\u00efde entre le 27 f\u00e9vrier et le 13 mars 2016.<\/p>\n","protected":false},"author":944,"featured_media":0,"parent":2778,"menu_order":0,"comment_status":"closed","ping_status":"closed","template":"page-blog.php","meta":{"footnotes":""},"class_list":["post-1413","page","type-page","status-publish","hentry"],"_links":{"self":[{"href":"https:\/\/etab.ac-reunion.fr\/lyc-antoine-de-saint-exupery\/wp-json\/wp\/v2\/pages\/1413","targetHints":{"allow":["GET"]}}],"collection":[{"href":"https:\/\/etab.ac-reunion.fr\/lyc-antoine-de-saint-exupery\/wp-json\/wp\/v2\/pages"}],"about":[{"href":"https:\/\/etab.ac-reunion.fr\/lyc-antoine-de-saint-exupery\/wp-json\/wp\/v2\/types\/page"}],"author":[{"embeddable":true,"href":"https:\/\/etab.ac-reunion.fr\/lyc-antoine-de-saint-exupery\/wp-json\/wp\/v2\/users\/944"}],"replies":[{"embeddable":true,"href":"https:\/\/etab.ac-reunion.fr\/lyc-antoine-de-saint-exupery\/wp-json\/wp\/v2\/comments?post=1413"}],"version-history":[{"count":6,"href":"https:\/\/etab.ac-reunion.fr\/lyc-antoine-de-saint-exupery\/wp-json\/wp\/v2\/pages\/1413\/revisions"}],"predecessor-version":[{"id":4454,"href":"https:\/\/etab.ac-reunion.fr\/lyc-antoine-de-saint-exupery\/wp-json\/wp\/v2\/pages\/1413\/revisions\/4454"}],"up":[{"embeddable":true,"href":"https:\/\/etab.ac-reunion.fr\/lyc-antoine-de-saint-exupery\/wp-json\/wp\/v2\/pages\/2778"}],"wp:attachment":[{"href":"https:\/\/etab.ac-reunion.fr\/lyc-antoine-de-saint-exupery\/wp-json\/wp\/v2\/media?parent=1413"}],"curies":[{"name":"wp","href":"https:\/\/api.w.org\/{rel}","templated":true}]}}