{"id":5041,"date":"2020-03-23T17:13:31","date_gmt":"2020-03-23T13:13:31","guid":{"rendered":"http:\/\/lycee-avirons.ac-reunion.fr\/?page_id=5041"},"modified":"2022-08-31T10:22:18","modified_gmt":"2022-08-31T06:22:18","slug":"pronote","status":"publish","type":"page","link":"https:\/\/etab.ac-reunion.fr\/lyc-antoine-de-saint-exupery\/covid-19-continuite-pedagogique\/pronote\/","title":{"rendered":"Pronote"},"content":{"rendered":"\n<figure class=\"wp-block-gallery has-nested-images columns-default is-cropped wp-block-gallery-1 is-layout-flex wp-block-gallery-is-layout-flex\">\n<figure class=\"wp-block-image size-large\"><img loading=\"lazy\" decoding=\"async\" width=\"512\" height=\"250\" data-id=\"5069\" src=\"https:\/\/etab.ac-reunion.fr\/lyc-antoine-de-saint-exupery\/wp-content\/uploads\/sites\/59\/2020\/03\/pronote-1.jpg\" alt=\"\" class=\"wp-image-5069\" srcset=\"https:\/\/etab.ac-reunion.fr\/lyc-antoine-de-saint-exupery\/wp-content\/uploads\/sites\/59\/2020\/03\/pronote-1.jpg 512w, https:\/\/etab.ac-reunion.fr\/lyc-antoine-de-saint-exupery\/wp-content\/uploads\/sites\/59\/2020\/03\/pronote-1-300x146.jpg 300w\" sizes=\"auto, (max-width: 512px) 100vw, 512px\" \/><\/figure>\n<\/figure>\n\n\n\n<p>Pronote est un outil central et autonome de communication entre \u00e9l\u00e8ves, familles et enseignants. Il permet aux enseignants de :<\/p>\n\n\n\n<ul class=\"wp-block-list\"><li> Communiquer avec les \u00e9l\u00e8ves, donner du travail, des consignes, dialoguer avec les parents, \u00e9tablir une date pour d\u2019\u00e9ventuels cours virtuels &#8230; (Pronote est conforme au RGPD contrairement aux \u00e9changes par mails) <\/li><li> Distribuer des documents, donner des devoirs,  <\/li><li> R\u00e9aliser des QCM, not\u00e9s ou pas &#8211; R\u00e9aliser des sondages avec les \u00e9l\u00e8ves, les parents, les enseignants&#8230;  <\/li><li> Distribuer et r\u00e9cup\u00e9rer des \u00e9valuations avant une date pr\u00e9cise.<\/li><li>R\u00e9gulariser une absence (espace Pronote parents via son compte educonnect)  <br \/><\/li><\/ul>\n\n\n\n<p> Il est indispensable de consulter r\u00e9guli\u00e8rement son espace PRONOTE. <br \/><br \/><strong>Tutoriels utiles :<\/strong><\/p>\n\n\n\n<div class=\"wp-block-buttons is-content-justification-center is-layout-flex wp-container-core-buttons-is-layout-16018d1d wp-block-buttons-is-layout-flex\">\n<div class=\"wp-block-button has-custom-width wp-block-button__width-100 has-custom-font-size is-style-outline has-small-font-size is-style-outline--2\"><a class=\"wp-block-button__link has-black-color has-text-color\" href=\"https:\/\/etab.ac-reunion.fr\/lyc-antoine-de-saint-exupery\/tutoriel-n1-pour-les-professeurs-donner-un-travail-a-rendre-sur-lespace-eleves-de-pronote\/\" style=\"border-radius:100px\" target=\"_blank\" rel=\"noreferrer noopener\">Tutoriel n\u00b01 : Pour les professeurs &#8211; Donner un travail \u00e0 rendre sur l&rsquo;Espace El\u00e8ves de Pronote<\/a><\/div>\n<\/div>\n\n\n\n<p><\/p>\n\n\n\n<div class=\"wp-block-buttons is-layout-flex wp-block-buttons-is-layout-flex\">\n<div class=\"wp-block-button has-custom-width wp-block-button__width-100 has-custom-font-size is-style-outline has-small-font-size is-style-outline--3\"><a class=\"wp-block-button__link has-black-color has-text-color\" href=\"\" style=\"border-radius:100px\" target=\"_blank\" rel=\"noreferrer noopener\">Tutoriel n\u00b02 : Pour les \u00e9l\u00e8ves &#8211; Rendre un travail sur l&rsquo;Espace \u00c9l\u00e8ves de Pronote (<em>Ce tutoriel est destin\u00e9 \u00e0 l\u2019\u00e9l\u00e8ve qui veut rendre du travail \u00e0 un professeur sur l&rsquo;Espace \u00c9l\u00e8ves de Pronote<\/em>)<\/a><\/div>\n<\/div>\n\n\n\n<p><\/p>\n\n\n\n<div class=\"wp-block-buttons is-layout-flex wp-block-buttons-is-layout-flex\">\n<div class=\"wp-block-button has-custom-width wp-block-button__width-100 has-custom-font-size is-style-outline has-small-font-size is-style-outline--4\"><a class=\"wp-block-button__link has-black-color has-text-color\" href=\"https:\/\/vimeo.com\/3992088\" style=\"border-radius:100px\">Tutoriel n\u00b03 :  Envoyer une photo de son travail gr\u00e2ce \u00e0 l&rsquo;application mobile<\/a><\/div>\n<\/div>\n\n\n\n<p><\/p>\n\n\n\n<div class=\"wp-block-buttons is-layout-flex wp-block-buttons-is-layout-flex\">\n<div class=\"wp-block-button has-custom-width wp-block-button__width-100 has-custom-font-size is-style-outline has-small-font-size is-style-outline--5\"><a class=\"wp-block-button__link has-black-color has-text-color\" href=\"\" style=\"border-radius:100px\" target=\"_blank\" rel=\"noreferrer noopener\">Tutoriel n\u00b03 : R\u00e9aliser un sondage avec les personnels, les \u00e9l\u00e8ves, ou les parents&nbsp;<\/a><\/div>\n<\/div>\n\n\n\n<p><\/p>\n\n\n\n<div class=\"wp-block-buttons is-layout-flex wp-block-buttons-is-layout-flex\">\n<div class=\"wp-block-button has-custom-width wp-block-button__width-100 has-custom-font-size is-style-outline has-small-font-size is-style-outline--6\"><a class=\"wp-block-button__link has-black-color has-text-color\" href=\"\" style=\"border-radius:100px\" target=\"_blank\" rel=\"noreferrer noopener\">Tutoriel n\u00b04 : R\u00e9aliser un QCM<\/a><\/div>\n<\/div>\n\n\n\n<p><\/p>\n\n\n\n<div class=\"wp-block-buttons is-layout-flex wp-block-buttons-is-layout-flex\">\n<div class=\"wp-block-button has-custom-width wp-block-button__width-100 has-custom-font-size is-style-outline has-small-font-size is-style-outline--7\"><a class=\"wp-block-button__link has-black-color has-text-color\" style=\"border-radius:100px\">Tutoriel n\u00b05 :  R\u00e9gulariser une absence (espace Pronote parents via son compte educonnect)<\/a><\/div>\n<\/div>\n\n\n\n<p><\/p>\n\n\n\n<div class=\"wp-block-buttons is-layout-flex wp-block-buttons-is-layout-flex\">\n<div class=\"wp-block-button has-custom-width wp-block-button__width-100 has-custom-font-size is-style-outline has-small-font-size is-style-outline--8\"><a class=\"wp-block-button__link has-black-color has-text-color\" href=\"\" style=\"border-radius:100px\" target=\"_blank\" rel=\"noreferrer noopener\">Vous pourrez trouver d\u2019autres tutoriels sur le site d\u2019Index Education en ce qui concerne la continuit\u00e9 p\u00e9dagogique : https:\/\/www.index-education.com\/fr\/article-1430-enseignants-assurer-la-continuite-pedagogique.php?page-continuite<\/a><\/div>\n<\/div>\n\n\n\n<p><\/p>\n","protected":false},"excerpt":{"rendered":"<p>Pronote est un outil central et autonome de communication entre \u00e9l\u00e8ves, familles et enseignants. Il permet aux enseignants de : Communiquer avec les \u00e9l\u00e8ves, donner du travail, des consignes, dialoguer avec les parents, \u00e9tablir une date pour d\u2019\u00e9ventuels cours virtuels &#8230; (Pronote est conforme au RGPD contrairement aux \u00e9changes par mails) Distribuer des documents, donner [&hellip;]<\/p>\n","protected":false},"author":23092,"featured_media":0,"parent":5072,"menu_order":0,"comment_status":"closed","ping_status":"closed","template":"","meta":{"footnotes":""},"class_list":["post-5041","page","type-page","status-publish","hentry"],"_links":{"self":[{"href":"https:\/\/etab.ac-reunion.fr\/lyc-antoine-de-saint-exupery\/wp-json\/wp\/v2\/pages\/5041","targetHints":{"allow":["GET"]}}],"collection":[{"href":"https:\/\/etab.ac-reunion.fr\/lyc-antoine-de-saint-exupery\/wp-json\/wp\/v2\/pages"}],"about":[{"href":"https:\/\/etab.ac-reunion.fr\/lyc-antoine-de-saint-exupery\/wp-json\/wp\/v2\/types\/page"}],"author":[{"embeddable":true,"href":"https:\/\/etab.ac-reunion.fr\/lyc-antoine-de-saint-exupery\/wp-json\/wp\/v2\/users\/23092"}],"replies":[{"embeddable":true,"href":"https:\/\/etab.ac-reunion.fr\/lyc-antoine-de-saint-exupery\/wp-json\/wp\/v2\/comments?post=5041"}],"version-history":[{"count":36,"href":"https:\/\/etab.ac-reunion.fr\/lyc-antoine-de-saint-exupery\/wp-json\/wp\/v2\/pages\/5041\/revisions"}],"predecessor-version":[{"id":7257,"href":"https:\/\/etab.ac-reunion.fr\/lyc-antoine-de-saint-exupery\/wp-json\/wp\/v2\/pages\/5041\/revisions\/7257"}],"up":[{"embeddable":true,"href":"https:\/\/etab.ac-reunion.fr\/lyc-antoine-de-saint-exupery\/wp-json\/wp\/v2\/pages\/5072"}],"wp:attachment":[{"href":"https:\/\/etab.ac-reunion.fr\/lyc-antoine-de-saint-exupery\/wp-json\/wp\/v2\/media?parent=5041"}],"curies":[{"name":"wp","href":"https:\/\/api.w.org\/{rel}","templated":true}]}}