{"id":5050,"date":"2020-03-23T18:11:19","date_gmt":"2020-03-23T14:11:19","guid":{"rendered":"http:\/\/lycee-avirons.ac-reunion.fr\/?page_id=5050"},"modified":"2021-08-31T14:25:22","modified_gmt":"2021-08-31T10:25:22","slug":"les-outils-de-lent","status":"publish","type":"page","link":"https:\/\/etab.ac-reunion.fr\/lyc-antoine-de-saint-exupery\/covid-19-continuite-pedagogique\/les-outils-de-lent\/","title":{"rendered":"Les outils de l\u2019ENT"},"content":{"rendered":"\n<figure class=\"wp-block-gallery columns-1 is-cropped wp-block-gallery-1 is-layout-flex wp-block-gallery-is-layout-flex\"><ul class=\"blocks-gallery-grid\"><li class=\"blocks-gallery-item\"><figure><img loading=\"lazy\" decoding=\"async\" width=\"1024\" height=\"465\" src=\"https:\/\/etab.ac-reunion.fr\/lyc-antoine-de-saint-exupery\/wp-content\/uploads\/sites\/59\/2020\/03\/ent-1024x465.jpg\" alt=\"\" data-id=\"5058\" data-full-url=\"https:\/\/etab.ac-reunion.fr\/lyc-antoine-de-saint-exupery\/wp-content\/uploads\/sites\/59\/2020\/03\/ent-scaled.jpg\" data-link=\"https:\/\/etab.ac-reunion.fr\/lyc-antoine-de-saint-exupery\/?attachment_id=5058\" class=\"wp-image-5058\" srcset=\"https:\/\/etab.ac-reunion.fr\/lyc-antoine-de-saint-exupery\/wp-content\/uploads\/sites\/59\/2020\/03\/ent-1024x465.jpg 1024w, https:\/\/etab.ac-reunion.fr\/lyc-antoine-de-saint-exupery\/wp-content\/uploads\/sites\/59\/2020\/03\/ent-300x136.jpg 300w, https:\/\/etab.ac-reunion.fr\/lyc-antoine-de-saint-exupery\/wp-content\/uploads\/sites\/59\/2020\/03\/ent-768x349.jpg 768w, https:\/\/etab.ac-reunion.fr\/lyc-antoine-de-saint-exupery\/wp-content\/uploads\/sites\/59\/2020\/03\/ent-1536x698.jpg 1536w, https:\/\/etab.ac-reunion.fr\/lyc-antoine-de-saint-exupery\/wp-content\/uploads\/sites\/59\/2020\/03\/ent-2048x930.jpg 2048w\" sizes=\"auto, (max-width: 1024px) 100vw, 1024px\" \/><\/figure><\/li><\/ul><\/figure>\n\n\n\n<p><strong>A) Consulter \u00e0 distance son espace perso sur le serveur du Lyc\u00e9e, t\u00e9l\u00e9charger et transf\u00e9rer des fichiers :  <\/strong>  <\/p>\n\n\n\n<p>Tutoriel vid\u00e9o : <a href=\"https:\/\/www.youtube.com\/watch?v=cwJdcerT9mc\">https:\/\/www.youtube.com\/watch?v=cwJdcerT9mc<\/a>  (\u00e0 partir de 2min 20 pour les \u00e9l\u00e8ves)  <br \/><br \/> Sous Metice, il faut utiliser Pydio : <br \/><img loading=\"lazy\" decoding=\"async\" width=\"813\" height=\"206\" class=\"wp-image-5051\" style=\"width: 1000px\" src=\"https:\/\/etab.ac-reunion.fr\/lyc-antoine-de-saint-exupery\/wp-content\/uploads\/sites\/59\/2020\/03\/pydio.png\" alt=\"\" srcset=\"https:\/\/etab.ac-reunion.fr\/lyc-antoine-de-saint-exupery\/wp-content\/uploads\/sites\/59\/2020\/03\/pydio.png 813w, https:\/\/etab.ac-reunion.fr\/lyc-antoine-de-saint-exupery\/wp-content\/uploads\/sites\/59\/2020\/03\/pydio-300x76.png 300w, https:\/\/etab.ac-reunion.fr\/lyc-antoine-de-saint-exupery\/wp-content\/uploads\/sites\/59\/2020\/03\/pydio-768x195.png 768w\" sizes=\"auto, (max-width: 813px) 100vw, 813px\" \/><br \/><strong> Attention :<\/strong> On ne peut pas travailler directement sur les documents avec Pydio. Il faut les transf\u00e9rer sur son ordinateur et les t\u00e9l\u00e9charger ensuite sur le serveur par Pydio. <br \/><img loading=\"lazy\" decoding=\"async\" width=\"1057\" height=\"694\" class=\"wp-image-5052\" style=\"width: 1000px\" src=\"https:\/\/etab.ac-reunion.fr\/lyc-antoine-de-saint-exupery\/wp-content\/uploads\/sites\/59\/2020\/03\/pydio-2.png\" alt=\"\" srcset=\"https:\/\/etab.ac-reunion.fr\/lyc-antoine-de-saint-exupery\/wp-content\/uploads\/sites\/59\/2020\/03\/pydio-2.png 1057w, https:\/\/etab.ac-reunion.fr\/lyc-antoine-de-saint-exupery\/wp-content\/uploads\/sites\/59\/2020\/03\/pydio-2-300x197.png 300w, https:\/\/etab.ac-reunion.fr\/lyc-antoine-de-saint-exupery\/wp-content\/uploads\/sites\/59\/2020\/03\/pydio-2-1024x672.png 1024w, https:\/\/etab.ac-reunion.fr\/lyc-antoine-de-saint-exupery\/wp-content\/uploads\/sites\/59\/2020\/03\/pydio-2-768x504.png 768w, https:\/\/etab.ac-reunion.fr\/lyc-antoine-de-saint-exupery\/wp-content\/uploads\/sites\/59\/2020\/03\/pydio-2-248x162.png 248w, https:\/\/etab.ac-reunion.fr\/lyc-antoine-de-saint-exupery\/wp-content\/uploads\/sites\/59\/2020\/03\/pydio-2-207x136.png 207w, https:\/\/etab.ac-reunion.fr\/lyc-antoine-de-saint-exupery\/wp-content\/uploads\/sites\/59\/2020\/03\/pydio-2-260x170.png 260w, https:\/\/etab.ac-reunion.fr\/lyc-antoine-de-saint-exupery\/wp-content\/uploads\/sites\/59\/2020\/03\/pydio-2-430x283.png 430w\" sizes=\"auto, (max-width: 1057px) 100vw, 1057px\" \/><br \/><br \/><\/p>\n\n\n\n<p><strong>B) D\u00e9poser des fichiers audio et vid\u00e9o gr\u00e2ce \u00e0 Balado : <\/strong><\/p>\n\n\n\n<figure class=\"wp-block-image size-large\"><img loading=\"lazy\" decoding=\"async\" width=\"57\" height=\"66\" src=\"https:\/\/etab.ac-reunion.fr\/lyc-antoine-de-saint-exupery\/wp-content\/uploads\/sites\/59\/2020\/03\/balado-2.png\" alt=\"\" class=\"wp-image-5057\" \/><\/figure>\n\n\n\n<p> C\u2019est une application p\u00e9dagogique d\u00e9di\u00e9e \u00e0 l\u2019origine \u00e0 la pratique de l\u2019oral, Balado permet de mettre en place des \u00e9changes entre un enseignant et un groupe d\u2019\u00e9l\u00e8ves. L\u2019enseignant peut : <\/p>\n\n\n\n<ul class=\"wp-block-list\"><li> d\u00e9poser du texte en ligne (par exemple une consigne) <\/li><li> d\u00e9poser documents joints (par exemple un \u00e9nonc\u00e9 d\u2019activit\u00e9) ou un fichier audio (mp3) ou vid\u00e9o (mp4) <\/li><li>enregistrer une consigne audio dans l\u2019application Les \u00e9l\u00e8ves peuvent : <\/li><li> r\u00e9pondre par \u00e9crit dans l\u2019application <\/li><li> rendre un document joint <\/li><li> s\u2019enregistrer en direct <\/li><\/ul>\n\n\n\n<p>Toutes ces possibilit\u00e9s peuvent se combiner. Voici quelques explications : <\/p>\n\n\n\n<figure class=\"wp-block-gallery columns-1 is-cropped wp-block-gallery-2 is-layout-flex wp-block-gallery-is-layout-flex\"><ul class=\"blocks-gallery-grid\"><li class=\"blocks-gallery-item\"><figure><img loading=\"lazy\" decoding=\"async\" width=\"751\" height=\"494\" src=\"https:\/\/etab.ac-reunion.fr\/lyc-antoine-de-saint-exupery\/wp-content\/uploads\/sites\/59\/2020\/03\/balado1.png\" alt=\"\" data-id=\"5053\" data-full-url=\"https:\/\/etab.ac-reunion.fr\/lyc-antoine-de-saint-exupery\/wp-content\/uploads\/sites\/59\/2020\/03\/balado1.png\" data-link=\"https:\/\/etab.ac-reunion.fr\/lyc-antoine-de-saint-exupery\/?attachment_id=5053\" class=\"wp-image-5053\" srcset=\"https:\/\/etab.ac-reunion.fr\/lyc-antoine-de-saint-exupery\/wp-content\/uploads\/sites\/59\/2020\/03\/balado1.png 751w, https:\/\/etab.ac-reunion.fr\/lyc-antoine-de-saint-exupery\/wp-content\/uploads\/sites\/59\/2020\/03\/balado1-300x197.png 300w, https:\/\/etab.ac-reunion.fr\/lyc-antoine-de-saint-exupery\/wp-content\/uploads\/sites\/59\/2020\/03\/balado1-248x162.png 248w, https:\/\/etab.ac-reunion.fr\/lyc-antoine-de-saint-exupery\/wp-content\/uploads\/sites\/59\/2020\/03\/balado1-207x136.png 207w, https:\/\/etab.ac-reunion.fr\/lyc-antoine-de-saint-exupery\/wp-content\/uploads\/sites\/59\/2020\/03\/balado1-260x170.png 260w, https:\/\/etab.ac-reunion.fr\/lyc-antoine-de-saint-exupery\/wp-content\/uploads\/sites\/59\/2020\/03\/balado1-430x283.png 430w\" sizes=\"auto, (max-width: 751px) 100vw, 751px\" \/><\/figure><\/li><\/ul><\/figure>\n\n\n\n<figure class=\"wp-block-image size-large\"><img loading=\"lazy\" decoding=\"async\" width=\"752\" height=\"741\" src=\"https:\/\/etab.ac-reunion.fr\/lyc-antoine-de-saint-exupery\/wp-content\/uploads\/sites\/59\/2020\/03\/balado2.png\" alt=\"\" class=\"wp-image-5054\" srcset=\"https:\/\/etab.ac-reunion.fr\/lyc-antoine-de-saint-exupery\/wp-content\/uploads\/sites\/59\/2020\/03\/balado2.png 752w, https:\/\/etab.ac-reunion.fr\/lyc-antoine-de-saint-exupery\/wp-content\/uploads\/sites\/59\/2020\/03\/balado2-300x296.png 300w, https:\/\/etab.ac-reunion.fr\/lyc-antoine-de-saint-exupery\/wp-content\/uploads\/sites\/59\/2020\/03\/balado2-67x67.png 67w, https:\/\/etab.ac-reunion.fr\/lyc-antoine-de-saint-exupery\/wp-content\/uploads\/sites\/59\/2020\/03\/balado2-40x40.png 40w\" sizes=\"auto, (max-width: 752px) 100vw, 752px\" \/><\/figure>\n\n\n\n<p><strong><u>Tutoriel vid\u00e9o&nbsp;:<\/u><\/strong> <a href=\"https:\/\/balado.ac-creteil.fr\/parallax\/download\/tutobalado1.mp4\">https:\/\/balado.ac-creteil.fr\/parallax\/download\/tutobalado1.mp4<\/a><strong><u><\/u><\/strong><\/p>\n\n\n\n<p>Voici un lien avec des tutoriels d\u00e9taill\u00e9s&nbsp;:<\/p>\n\n\n\n<p><a href=\"http:\/\/infometice.ac-reunion.fr\/wordpress\/html\/balado_tutoriel\/index.html#balado_siteRef_1\">http:\/\/infometice.ac-reunion.fr\/wordpress\/html\/balado_tutoriel\/index.html#balado_siteRef_1<\/a><\/p>\n\n\n\n<p><strong><u>Attention&nbsp;: <\/u><\/strong>les fichiers sont stock\u00e9s sur le serveur du Lyc\u00e9e et la lecture vid\u00e9o est gourmande en bande passante. Il est donc pr\u00e9f\u00e9rable de<strong><u> privil\u00e9gier des fichiers audio.<\/u><\/strong><\/p>\n\n\n\n<p><strong><u>C) Distribuer, ramasser et rendre des \u00e9valuations num\u00e9riques avec EOP :<\/u><\/strong><\/p>\n\n\n\n<p>Sous Metice, il faut utiliser EOP et PYDIO\u00a0:<\/p>\n\n\n\n<figure class=\"wp-block-image size-large\"><img loading=\"lazy\" decoding=\"async\" width=\"1020\" height=\"507\" src=\"https:\/\/etab.ac-reunion.fr\/lyc-antoine-de-saint-exupery\/wp-content\/uploads\/sites\/59\/2021\/08\/1-1.png\" alt=\"\" class=\"wp-image-6112\" srcset=\"https:\/\/etab.ac-reunion.fr\/lyc-antoine-de-saint-exupery\/wp-content\/uploads\/sites\/59\/2021\/08\/1-1.png 1020w, https:\/\/etab.ac-reunion.fr\/lyc-antoine-de-saint-exupery\/wp-content\/uploads\/sites\/59\/2021\/08\/1-1-300x149.png 300w, https:\/\/etab.ac-reunion.fr\/lyc-antoine-de-saint-exupery\/wp-content\/uploads\/sites\/59\/2021\/08\/1-1-768x382.png 768w\" sizes=\"auto, (max-width: 1020px) 100vw, 1020px\" \/><\/figure>\n\n\n\n<figure class=\"wp-block-image size-large\"><img loading=\"lazy\" decoding=\"async\" width=\"1024\" height=\"245\" src=\"https:\/\/etab.ac-reunion.fr\/lyc-antoine-de-saint-exupery\/wp-content\/uploads\/sites\/59\/2021\/08\/2-1-1024x245.png\" alt=\"\" class=\"wp-image-6113\" srcset=\"https:\/\/etab.ac-reunion.fr\/lyc-antoine-de-saint-exupery\/wp-content\/uploads\/sites\/59\/2021\/08\/2-1-1024x245.png 1024w, https:\/\/etab.ac-reunion.fr\/lyc-antoine-de-saint-exupery\/wp-content\/uploads\/sites\/59\/2021\/08\/2-1-300x72.png 300w, https:\/\/etab.ac-reunion.fr\/lyc-antoine-de-saint-exupery\/wp-content\/uploads\/sites\/59\/2021\/08\/2-1-768x184.png 768w, https:\/\/etab.ac-reunion.fr\/lyc-antoine-de-saint-exupery\/wp-content\/uploads\/sites\/59\/2021\/08\/2-1.png 1158w\" sizes=\"auto, (max-width: 1024px) 100vw, 1024px\" \/><\/figure>\n\n\n\n<p><\/p>\n\n\n\n<p>Voici un lien vid\u00e9o qui d\u00e9crit comment faire sur une ancienne version d\u2019EOP, mais m\u00eame si la pr\u00e9sentation diff\u00e8re, les principes restent les m\u00eames&nbsp;: <a href=\"https:\/\/www.dailymotion.com\/video\/x3ijf65\">https:\/\/www.dailymotion.com\/video\/x3ijf65<\/a><\/p>\n\n\n\n<p><strong><u>Attention&nbsp;: <\/u><\/strong>les fichiers ne peuvent \u00eatre modifi\u00e9s en direct, il faut les importer sur son ordinateur par Pydio, puis les exporter au m\u00eame endroit avec le m\u00eame nom de fichier sur le serveur du Lyc\u00e9e par Pydio. C\u2019est donc plus difficile \u00e0 utiliser hors de l\u2019\u00e9tablissement.<\/p>\n\n\n\n<p>Chaque \u00e9l\u00e8ve retrouvera le fichier dans le r\u00e9pertoire : <strong>perso \/ devoirs \/ nomduprofesseur \/ nomdudevoir<\/strong><\/p>\n\n\n\n<p>L\u2019enseignant retrouvera&nbsp; les fichiers de tous les \u00e9l\u00e8ves de la classe dans le r\u00e9pertoire&nbsp;:&nbsp;<\/p>\n\n\n\n<p><strong>perso \/ devoirs \/ ramasses \/ nomdudevoir<\/strong><\/p>\n\n\n\n<figure class=\"wp-block-image size-large\"><img loading=\"lazy\" decoding=\"async\" width=\"666\" height=\"374\" src=\"https:\/\/etab.ac-reunion.fr\/lyc-antoine-de-saint-exupery\/wp-content\/uploads\/sites\/59\/2021\/08\/3-1.png\" alt=\"\" class=\"wp-image-6114\" srcset=\"https:\/\/etab.ac-reunion.fr\/lyc-antoine-de-saint-exupery\/wp-content\/uploads\/sites\/59\/2021\/08\/3-1.png 666w, https:\/\/etab.ac-reunion.fr\/lyc-antoine-de-saint-exupery\/wp-content\/uploads\/sites\/59\/2021\/08\/3-1-300x168.png 300w, https:\/\/etab.ac-reunion.fr\/lyc-antoine-de-saint-exupery\/wp-content\/uploads\/sites\/59\/2021\/08\/3-1-95x54.png 95w\" sizes=\"auto, (max-width: 666px) 100vw, 666px\" \/><\/figure>\n","protected":false},"excerpt":{"rendered":"<p>A) Consulter \u00e0 distance son espace perso sur le serveur du Lyc\u00e9e, t\u00e9l\u00e9charger et transf\u00e9rer des fichiers : Tutoriel vid\u00e9o : https:\/\/www.youtube.com\/watch?v=cwJdcerT9mc (\u00e0 partir de 2min 20 pour les \u00e9l\u00e8ves) Sous Metice, il faut utiliser Pydio : Attention : On ne peut pas travailler directement sur les documents avec Pydio. Il faut les transf\u00e9rer sur [&hellip;]<\/p>\n","protected":false},"author":23092,"featured_media":0,"parent":5072,"menu_order":0,"comment_status":"closed","ping_status":"closed","template":"","meta":{"footnotes":""},"class_list":["post-5050","page","type-page","status-publish","hentry"],"_links":{"self":[{"href":"https:\/\/etab.ac-reunion.fr\/lyc-antoine-de-saint-exupery\/wp-json\/wp\/v2\/pages\/5050","targetHints":{"allow":["GET"]}}],"collection":[{"href":"https:\/\/etab.ac-reunion.fr\/lyc-antoine-de-saint-exupery\/wp-json\/wp\/v2\/pages"}],"about":[{"href":"https:\/\/etab.ac-reunion.fr\/lyc-antoine-de-saint-exupery\/wp-json\/wp\/v2\/types\/page"}],"author":[{"embeddable":true,"href":"https:\/\/etab.ac-reunion.fr\/lyc-antoine-de-saint-exupery\/wp-json\/wp\/v2\/users\/23092"}],"replies":[{"embeddable":true,"href":"https:\/\/etab.ac-reunion.fr\/lyc-antoine-de-saint-exupery\/wp-json\/wp\/v2\/comments?post=5050"}],"version-history":[{"count":3,"href":"https:\/\/etab.ac-reunion.fr\/lyc-antoine-de-saint-exupery\/wp-json\/wp\/v2\/pages\/5050\/revisions"}],"predecessor-version":[{"id":6116,"href":"https:\/\/etab.ac-reunion.fr\/lyc-antoine-de-saint-exupery\/wp-json\/wp\/v2\/pages\/5050\/revisions\/6116"}],"up":[{"embeddable":true,"href":"https:\/\/etab.ac-reunion.fr\/lyc-antoine-de-saint-exupery\/wp-json\/wp\/v2\/pages\/5072"}],"wp:attachment":[{"href":"https:\/\/etab.ac-reunion.fr\/lyc-antoine-de-saint-exupery\/wp-json\/wp\/v2\/media?parent=5050"}],"curies":[{"name":"wp","href":"https:\/\/api.w.org\/{rel}","templated":true}]}}