{"id":5082,"date":"2020-04-06T09:07:33","date_gmt":"2020-04-06T05:07:33","guid":{"rendered":"http:\/\/lycee-avirons.ac-reunion.fr\/?page_id=5082"},"modified":"2020-04-06T09:13:24","modified_gmt":"2020-04-06T05:13:24","slug":"e3c","status":"publish","type":"page","link":"https:\/\/etab.ac-reunion.fr\/lyc-antoine-de-saint-exupery\/covid-19-continuite-pedagogique\/e3c\/","title":{"rendered":"E3C"},"content":{"rendered":"\n<p><strong>CYCLADES &#8211; GUIDE POUR SAVOIR G\u00e9rer mes notes et copies d\u00e9mat\u00e9rialis\u00e9es sur le portail Candidat Cyclades<\/strong><\/p>\n\n\n\n<ol class=\"wp-block-list\"><li>Objet du document<br \/><br \/> L\u2019objectif de ce document est de d\u00e9tailler les op\u00e9rations que devra r\u00e9aliser :<br \/> Un candidat scolaire inscrit aux \u00e9preuves anticip\u00e9es du baccalaur\u00e9at G\u00e9n\u00e9ral ou Technologique qui d\u00e9sire consulter ses notes et ses copies d\u00e9mat\u00e9rialis\u00e9es des \u00c9preuves Communes de Contr\u00f4le Continu.<br \/> Dans la suite du document, \u00ab je \u00bb est utilis\u00e9 pour se mettre \u00e0 la place du candidat.<br \/><br \/><\/li><li> Ou trouvez l&rsquo;URL d\u2019acc\u00e8s \u00e0 mes notes <br \/><br \/>Les Rectorats mettent \u00e0 disposition des candidats, sur leur site acad\u00e9mique, un lien d\u2019acc\u00e8s au portail candidat CYCLADES (Cette URL est disponible sur le site de la diffusion CYCLADES, dans la rubrique Documentation technique).<br \/><br \/>lien: <a href=\"https:\/\/exacyc.orion.education.fr\/cyccandidat\/portal\/login\">https:\/\/exacyc.orion.education.fr\/cyccandidat\/portal\/login<\/a> <br \/><br \/>La page d\u2019accueil du portail Candidat est la suivante :<\/li><\/ol>\n\n\n\n<figure class=\"wp-block-image size-large\"><img loading=\"lazy\" decoding=\"async\" width=\"1024\" height=\"625\" src=\"https:\/\/etab.ac-reunion.fr\/lyc-antoine-de-saint-exupery\/wp-content\/uploads\/sites\/59\/2020\/04\/1-1024x625.png\" alt=\"\" class=\"wp-image-5083\" srcset=\"https:\/\/etab.ac-reunion.fr\/lyc-antoine-de-saint-exupery\/wp-content\/uploads\/sites\/59\/2020\/04\/1-1024x625.png 1024w, https:\/\/etab.ac-reunion.fr\/lyc-antoine-de-saint-exupery\/wp-content\/uploads\/sites\/59\/2020\/04\/1-300x183.png 300w, https:\/\/etab.ac-reunion.fr\/lyc-antoine-de-saint-exupery\/wp-content\/uploads\/sites\/59\/2020\/04\/1-768x469.png 768w, https:\/\/etab.ac-reunion.fr\/lyc-antoine-de-saint-exupery\/wp-content\/uploads\/sites\/59\/2020\/04\/1.png 1032w\" sizes=\"auto, (max-width: 1024px) 100vw, 1024px\" \/><\/figure>\n\n\n\n<p>Je vais m\u2019identifier (Me connecter) en utilisant les identifiants indiqu\u00e9s sur le papillon de connexion fourni par mon \u00e9tablissement lors de mon inscription \u00e0 l\u2019examen.<br \/><\/p>\n\n\n\n<p>3. Acc\u00e9der \u00e0 mes notes<\/p>\n\n\n\n<p>Apr\u00e8s authentification, j\u2019obtiens l\u2019\u00e9cran d\u2019accueil suivant :<\/p>\n\n\n\n<figure class=\"wp-block-gallery columns-1 is-cropped wp-block-gallery-1 is-layout-flex wp-block-gallery-is-layout-flex\"><ul class=\"blocks-gallery-grid\"><li class=\"blocks-gallery-item\"><figure><img loading=\"lazy\" decoding=\"async\" width=\"1024\" height=\"473\" src=\"https:\/\/etab.ac-reunion.fr\/lyc-antoine-de-saint-exupery\/wp-content\/uploads\/sites\/59\/2020\/04\/2-1024x473.png\" alt=\"\" data-id=\"5084\" data-full-url=\"https:\/\/etab.ac-reunion.fr\/lyc-antoine-de-saint-exupery\/wp-content\/uploads\/sites\/59\/2020\/04\/2.png\" data-link=\"https:\/\/etab.ac-reunion.fr\/lyc-antoine-de-saint-exupery\/?attachment_id=5084\" class=\"wp-image-5084\" srcset=\"https:\/\/etab.ac-reunion.fr\/lyc-antoine-de-saint-exupery\/wp-content\/uploads\/sites\/59\/2020\/04\/2-1024x473.png 1024w, https:\/\/etab.ac-reunion.fr\/lyc-antoine-de-saint-exupery\/wp-content\/uploads\/sites\/59\/2020\/04\/2-300x139.png 300w, https:\/\/etab.ac-reunion.fr\/lyc-antoine-de-saint-exupery\/wp-content\/uploads\/sites\/59\/2020\/04\/2-768x355.png 768w, https:\/\/etab.ac-reunion.fr\/lyc-antoine-de-saint-exupery\/wp-content\/uploads\/sites\/59\/2020\/04\/2.png 1271w\" sizes=\"auto, (max-width: 1024px) 100vw, 1024px\" \/><\/figure><\/li><\/ul><\/figure>\n\n\n\n<p>J\u2019acc\u00e8de \u00e0 mes notes Via le menu \u00ab Mes notes et mes copies d\u00e9mat\u00e9rialis\u00e9es \u00bb, je clique sur la vignette, pour acc\u00e9der \u00e0 mes notes et mes copies d\u00e9mat\u00e9rialis\u00e9es si mon centre \u00e9preuve a autoris\u00e9 la publication de mes notes et copies d\u00e9mat\u00e9rialis\u00e9es :<\/p>\n\n\n\n<figure class=\"wp-block-image size-large\"><img loading=\"lazy\" decoding=\"async\" width=\"1024\" height=\"751\" src=\"https:\/\/etab.ac-reunion.fr\/lyc-antoine-de-saint-exupery\/wp-content\/uploads\/sites\/59\/2020\/04\/3-1024x751.png\" alt=\"\" class=\"wp-image-5085\" srcset=\"https:\/\/etab.ac-reunion.fr\/lyc-antoine-de-saint-exupery\/wp-content\/uploads\/sites\/59\/2020\/04\/3-1024x751.png 1024w, https:\/\/etab.ac-reunion.fr\/lyc-antoine-de-saint-exupery\/wp-content\/uploads\/sites\/59\/2020\/04\/3-300x220.png 300w, https:\/\/etab.ac-reunion.fr\/lyc-antoine-de-saint-exupery\/wp-content\/uploads\/sites\/59\/2020\/04\/3-768x563.png 768w, https:\/\/etab.ac-reunion.fr\/lyc-antoine-de-saint-exupery\/wp-content\/uploads\/sites\/59\/2020\/04\/3.png 1197w\" sizes=\"auto, (max-width: 1024px) 100vw, 1024px\" \/><\/figure>\n\n\n\n<p>Remarque : Si je n\u2019ai aucune note publi\u00e9e, je me renseigne aupr\u00e8s de mon \u00e9tablissement pour conna\u00eetre la date de publication.<br \/><\/p>\n\n\n\n<p>4. Acc\u00e9der \u00e0 mes copies d\u00e9mat\u00e9rialis\u00e9es<br \/><br \/>Si la correction de mes copies a \u00e9t\u00e9 d\u00e9mat\u00e9rialis\u00e9e via l\u2019application SANTORIN, je peux acc\u00e9der \u00e0 mes copies d\u00e9mat\u00e9rialis\u00e9es, je suis redirig\u00e9 dans l\u2019application SANTORIN en cliquant sur \u00ab mes copies \u00bb :<\/p>\n\n\n\n<figure class=\"wp-block-gallery columns-1 is-cropped wp-block-gallery-2 is-layout-flex wp-block-gallery-is-layout-flex\"><ul class=\"blocks-gallery-grid\"><li class=\"blocks-gallery-item\"><figure><img loading=\"lazy\" decoding=\"async\" width=\"1024\" height=\"416\" src=\"https:\/\/etab.ac-reunion.fr\/lyc-antoine-de-saint-exupery\/wp-content\/uploads\/sites\/59\/2020\/04\/4-1024x416.png\" alt=\"\" data-id=\"5086\" data-full-url=\"https:\/\/etab.ac-reunion.fr\/lyc-antoine-de-saint-exupery\/wp-content\/uploads\/sites\/59\/2020\/04\/4.png\" data-link=\"https:\/\/etab.ac-reunion.fr\/lyc-antoine-de-saint-exupery\/?attachment_id=5086\" class=\"wp-image-5086\" srcset=\"https:\/\/etab.ac-reunion.fr\/lyc-antoine-de-saint-exupery\/wp-content\/uploads\/sites\/59\/2020\/04\/4-1024x416.png 1024w, https:\/\/etab.ac-reunion.fr\/lyc-antoine-de-saint-exupery\/wp-content\/uploads\/sites\/59\/2020\/04\/4-300x122.png 300w, https:\/\/etab.ac-reunion.fr\/lyc-antoine-de-saint-exupery\/wp-content\/uploads\/sites\/59\/2020\/04\/4-768x312.png 768w, https:\/\/etab.ac-reunion.fr\/lyc-antoine-de-saint-exupery\/wp-content\/uploads\/sites\/59\/2020\/04\/4.png 1123w\" sizes=\"auto, (max-width: 1024px) 100vw, 1024px\" \/><\/figure><\/li><\/ul><\/figure>\n","protected":false},"excerpt":{"rendered":"<p>CYCLADES &#8211; GUIDE POUR SAVOIR G\u00e9rer mes notes et copies d\u00e9mat\u00e9rialis\u00e9es sur le portail Candidat Cyclades Objet du document L\u2019objectif de ce document est de d\u00e9tailler les op\u00e9rations que devra r\u00e9aliser : Un candidat scolaire inscrit aux \u00e9preuves anticip\u00e9es du baccalaur\u00e9at G\u00e9n\u00e9ral ou Technologique qui d\u00e9sire consulter ses notes et ses copies d\u00e9mat\u00e9rialis\u00e9es des \u00c9preuves [&hellip;]<\/p>\n","protected":false},"author":23092,"featured_media":0,"parent":5072,"menu_order":0,"comment_status":"closed","ping_status":"closed","template":"","meta":{"footnotes":""},"class_list":["post-5082","page","type-page","status-publish","hentry"],"_links":{"self":[{"href":"https:\/\/etab.ac-reunion.fr\/lyc-antoine-de-saint-exupery\/wp-json\/wp\/v2\/pages\/5082","targetHints":{"allow":["GET"]}}],"collection":[{"href":"https:\/\/etab.ac-reunion.fr\/lyc-antoine-de-saint-exupery\/wp-json\/wp\/v2\/pages"}],"about":[{"href":"https:\/\/etab.ac-reunion.fr\/lyc-antoine-de-saint-exupery\/wp-json\/wp\/v2\/types\/page"}],"author":[{"embeddable":true,"href":"https:\/\/etab.ac-reunion.fr\/lyc-antoine-de-saint-exupery\/wp-json\/wp\/v2\/users\/23092"}],"replies":[{"embeddable":true,"href":"https:\/\/etab.ac-reunion.fr\/lyc-antoine-de-saint-exupery\/wp-json\/wp\/v2\/comments?post=5082"}],"version-history":[{"count":2,"href":"https:\/\/etab.ac-reunion.fr\/lyc-antoine-de-saint-exupery\/wp-json\/wp\/v2\/pages\/5082\/revisions"}],"predecessor-version":[{"id":5089,"href":"https:\/\/etab.ac-reunion.fr\/lyc-antoine-de-saint-exupery\/wp-json\/wp\/v2\/pages\/5082\/revisions\/5089"}],"up":[{"embeddable":true,"href":"https:\/\/etab.ac-reunion.fr\/lyc-antoine-de-saint-exupery\/wp-json\/wp\/v2\/pages\/5072"}],"wp:attachment":[{"href":"https:\/\/etab.ac-reunion.fr\/lyc-antoine-de-saint-exupery\/wp-json\/wp\/v2\/media?parent=5082"}],"curies":[{"name":"wp","href":"https:\/\/api.w.org\/{rel}","templated":true}]}}