{"id":5353,"date":"2020-09-22T13:39:02","date_gmt":"2020-09-22T09:39:02","guid":{"rendered":"http:\/\/lycee-avirons.ac-reunion.fr\/?page_id=5353"},"modified":"2020-12-09T09:40:10","modified_gmt":"2020-12-09T05:40:10","slug":"pop-2020-2021","status":"publish","type":"page","link":"https:\/\/etab.ac-reunion.fr\/lyc-antoine-de-saint-exupery\/pop-2020-2021\/","title":{"rendered":"POP 2020-2021"},"content":{"rendered":"\n<figure class=\"wp-block-gallery columns-2 is-cropped wp-block-gallery-1 is-layout-flex wp-block-gallery-is-layout-flex\"><ul class=\"blocks-gallery-grid\"><li class=\"blocks-gallery-item\"><figure><img loading=\"lazy\" decoding=\"async\" width=\"1024\" height=\"522\" src=\"https:\/\/etab.ac-reunion.fr\/lyc-antoine-de-saint-exupery\/wp-content\/uploads\/sites\/59\/2020\/09\/aide-special-covid-lyceen-region-reunion-03-1024x522.jpg\" alt=\"\" data-id=\"5354\" data-full-url=\"https:\/\/etab.ac-reunion.fr\/lyc-antoine-de-saint-exupery\/wp-content\/uploads\/sites\/59\/2020\/09\/aide-special-covid-lyceen-region-reunion-03.jpg\" data-link=\"https:\/\/etab.ac-reunion.fr\/lyc-antoine-de-saint-exupery\/pop-2020-2021\/aide-special-covid-lyceen-region-reunion-03\/\" class=\"wp-image-5354\" srcset=\"https:\/\/etab.ac-reunion.fr\/lyc-antoine-de-saint-exupery\/wp-content\/uploads\/sites\/59\/2020\/09\/aide-special-covid-lyceen-region-reunion-03-1024x522.jpg 1024w, https:\/\/etab.ac-reunion.fr\/lyc-antoine-de-saint-exupery\/wp-content\/uploads\/sites\/59\/2020\/09\/aide-special-covid-lyceen-region-reunion-03-300x153.jpg 300w, https:\/\/etab.ac-reunion.fr\/lyc-antoine-de-saint-exupery\/wp-content\/uploads\/sites\/59\/2020\/09\/aide-special-covid-lyceen-region-reunion-03-768x391.jpg 768w, https:\/\/etab.ac-reunion.fr\/lyc-antoine-de-saint-exupery\/wp-content\/uploads\/sites\/59\/2020\/09\/aide-special-covid-lyceen-region-reunion-03.jpg 1400w\" sizes=\"auto, (max-width: 1024px) 100vw, 1024px\" \/><\/figure><\/li><li class=\"blocks-gallery-item\"><figure><img loading=\"lazy\" decoding=\"async\" width=\"1024\" height=\"554\" src=\"https:\/\/etab.ac-reunion.fr\/lyc-antoine-de-saint-exupery\/wp-content\/uploads\/sites\/59\/2020\/10\/pop-region-reunion-2020-1400x840px-3-1024x554.jpg\" alt=\"\" data-id=\"5395\" data-full-url=\"https:\/\/etab.ac-reunion.fr\/lyc-antoine-de-saint-exupery\/wp-content\/uploads\/sites\/59\/2020\/10\/pop-region-reunion-2020-1400x840px-3.jpg\" data-link=\"https:\/\/etab.ac-reunion.fr\/lyc-antoine-de-saint-exupery\/pop-region-reunion-2020-1400x840px-3\/\" class=\"wp-image-5395\" srcset=\"https:\/\/etab.ac-reunion.fr\/lyc-antoine-de-saint-exupery\/wp-content\/uploads\/sites\/59\/2020\/10\/pop-region-reunion-2020-1400x840px-3-1024x554.jpg 1024w, https:\/\/etab.ac-reunion.fr\/lyc-antoine-de-saint-exupery\/wp-content\/uploads\/sites\/59\/2020\/10\/pop-region-reunion-2020-1400x840px-3-300x162.jpg 300w, https:\/\/etab.ac-reunion.fr\/lyc-antoine-de-saint-exupery\/wp-content\/uploads\/sites\/59\/2020\/10\/pop-region-reunion-2020-1400x840px-3-768x416.jpg 768w, https:\/\/etab.ac-reunion.fr\/lyc-antoine-de-saint-exupery\/wp-content\/uploads\/sites\/59\/2020\/10\/pop-region-reunion-2020-1400x840px-3.jpg 1400w\" sizes=\"auto, (max-width: 1024px) 100vw, 1024px\" \/><\/figure><\/li><\/ul><\/figure>\n\n\n\n<p>Le formulaire de demande 2020-2021: <a href=\"https:\/\/etab.ac-reunion.fr\/lyc-antoine-de-saint-exupery\/wp-content\/uploads\/sites\/59\/2020\/10\/formulaire_de_demande_pop_3_2020-2021.pdf\">https:\/\/etab.ac-reunion.fr\/lyc-antoine-de-saint-exupery\/wp-content\/uploads\/sites\/59\/2020\/10\/formulaire_de_demande_pop_3_2020-2021.pdf<\/a><br \/><br \/>Document a d\u00e9pos\u00e9 \u00e0 partir du 26 octobre 2020 au lyc\u00e9e pour le r\u00e9f\u00e9rent POP du lyc\u00e9e ou \u00e0 envoy\u00e9 par mail. <br \/><br \/>La distribution des bons d\u00e9butera le 02 novembre 2020 du lundi au jeudi, de 7H15 \u00e0 12H15 et de 13H \u00e0 15H30 en salle C03. <strong><span class=\"has-inline-color has-vivid-red-color\">Pas de distribution le vendredi<\/span><\/strong>.<br \/><br \/>Pour r\u00e9cup\u00e9rer les bons, les parents doivent venir munis d&rsquo;une pi\u00e8ce d&rsquo;identit\u00e9.<br \/><br \/>Pour faire une procuration pour r\u00e9cup\u00e9rer le bon merci de contacter M. PAYET \u00e0 l&rsquo;adresse mail <a href=\"mailto:pascal.payet@lycee.cr-reunion.fr\">pascal.payet@lycee.cr-reunion.fr<\/a>.<br \/><br \/><strong><span class=\"has-inline-color has-vivid-red-color\">A partir du lundi 07 d\u00e9cembre 2020 la distribution des bons pop se fait uniquement sur rendez-vous.<\/span><\/strong><\/p>\n\n\n\n<p><strong>contact: pascal.payet@lycee.cr-reunion.fr<\/strong><\/p>\n\n\n\n<p><br \/><br \/><\/p>\n","protected":false},"excerpt":{"rendered":"<p>Le formulaire de demande 2020-2021: https:\/\/etab.ac-reunion.fr\/lyc-antoine-de-saint-exupery\/wp-content\/uploads\/sites\/59\/2020\/10\/formulaire_de_demande_pop_3_2020-2021.pdf Document a d\u00e9pos\u00e9 \u00e0 partir du 26 octobre 2020 au lyc\u00e9e pour le r\u00e9f\u00e9rent POP du lyc\u00e9e ou \u00e0 envoy\u00e9 par mail. La distribution des bons d\u00e9butera le 02 novembre 2020 du lundi au jeudi, de 7H15 \u00e0 12H15 et de 13H \u00e0 15H30 en salle C03. Pas de [&hellip;]<\/p>\n","protected":false},"author":23092,"featured_media":0,"parent":0,"menu_order":0,"comment_status":"closed","ping_status":"closed","template":"","meta":{"footnotes":""},"class_list":["post-5353","page","type-page","status-publish","hentry"],"_links":{"self":[{"href":"https:\/\/etab.ac-reunion.fr\/lyc-antoine-de-saint-exupery\/wp-json\/wp\/v2\/pages\/5353","targetHints":{"allow":["GET"]}}],"collection":[{"href":"https:\/\/etab.ac-reunion.fr\/lyc-antoine-de-saint-exupery\/wp-json\/wp\/v2\/pages"}],"about":[{"href":"https:\/\/etab.ac-reunion.fr\/lyc-antoine-de-saint-exupery\/wp-json\/wp\/v2\/types\/page"}],"author":[{"embeddable":true,"href":"https:\/\/etab.ac-reunion.fr\/lyc-antoine-de-saint-exupery\/wp-json\/wp\/v2\/users\/23092"}],"replies":[{"embeddable":true,"href":"https:\/\/etab.ac-reunion.fr\/lyc-antoine-de-saint-exupery\/wp-json\/wp\/v2\/comments?post=5353"}],"version-history":[{"count":10,"href":"https:\/\/etab.ac-reunion.fr\/lyc-antoine-de-saint-exupery\/wp-json\/wp\/v2\/pages\/5353\/revisions"}],"predecessor-version":[{"id":5611,"href":"https:\/\/etab.ac-reunion.fr\/lyc-antoine-de-saint-exupery\/wp-json\/wp\/v2\/pages\/5353\/revisions\/5611"}],"wp:attachment":[{"href":"https:\/\/etab.ac-reunion.fr\/lyc-antoine-de-saint-exupery\/wp-json\/wp\/v2\/media?parent=5353"}],"curies":[{"name":"wp","href":"https:\/\/api.w.org\/{rel}","templated":true}]}}