{"id":6463,"date":"2022-01-21T11:53:04","date_gmt":"2022-01-21T07:53:04","guid":{"rendered":"http:\/\/lycee-avirons.ac-reunion.fr\/?page_id=6463"},"modified":"2022-01-27T08:02:27","modified_gmt":"2022-01-27T04:02:27","slug":"rentree-de-janvier-2022","status":"publish","type":"page","link":"https:\/\/etab.ac-reunion.fr\/lyc-antoine-de-saint-exupery\/rentree-de-janvier-2022\/","title":{"rendered":"RENTR\u00c9E DE JANVIER 2022"},"content":{"rendered":"\n<p>A quelques jours de la reprise ci dessous les informations et documents relatifs \u00e0 la rentr\u00e9e.<br \/><br \/>La rentr\u00e9e est maintenue au 24 janvier, au niveau 2 (jaune) et s\u2019effectuera en pr\u00e9sentiel. D&rsquo;un point de vue g\u00e9n\u00e9ral, les gestes barri\u00e8re (port du masque, d\u00e9sinfection des mains) doivent \u00eatre appliqu\u00e9s avec rigueur et constance.<\/p>\n\n\n\n<p>Ce retour en classe est encadr\u00e9 par des r\u00e8gles sanitaires et de fonctionnement r\u00e9dig\u00e9es sur diff\u00e9rents supports, communiqu\u00e9s en pi\u00e8ces jointes :<\/p>\n\n\n\n<p>Infographies : Cas Covid, cas contact : la proc\u00e9dure \u00e0 mettre en \u0153uvre<\/p>\n\n\n\n<p><strong><span class=\"has-inline-color has-vivid-red-color\"><\/span><\/strong><\/p>\n\n\n\n<figure class=\"wp-block-image size-full\"><img loading=\"lazy\" decoding=\"async\" width=\"576\" height=\"844\" src=\"https:\/\/etab.ac-reunion.fr\/lyc-antoine-de-saint-exupery\/wp-content\/uploads\/sites\/59\/2022\/01\/image-1.png\" alt=\"\" class=\"wp-image-6467\" srcset=\"https:\/\/etab.ac-reunion.fr\/lyc-antoine-de-saint-exupery\/wp-content\/uploads\/sites\/59\/2022\/01\/image-1.png 576w, https:\/\/etab.ac-reunion.fr\/lyc-antoine-de-saint-exupery\/wp-content\/uploads\/sites\/59\/2022\/01\/image-1-205x300.png 205w\" sizes=\"auto, (max-width: 576px) 100vw, 576px\" \/><\/figure>\n\n\n\n<p><a href=\"https:\/\/etab.ac-reunion.fr\/lyc-antoine-de-saint-exupery\/wp-content\/uploads\/sites\/59\/2022\/01\/coll-ge-lyc-e-que-se-passe-t-il-si-un-l-ve-est-en-contact-risque-avec-un-l-ve-malade-de-la-covid-19-97819.pdf\">-Coll\u00e8ge, lyc\u00e9e : que se passe-t-il si un \u00e9l\u00e8ve est en contact \u00e0 risque avec un \u00e9l\u00e8ve malade de la covid-19<\/a><\/p>\n\n\n\n<p><\/p>\n\n\n\n<figure class=\"wp-block-image size-full\"><img loading=\"lazy\" decoding=\"async\" width=\"572\" height=\"826\" src=\"https:\/\/etab.ac-reunion.fr\/lyc-antoine-de-saint-exupery\/wp-content\/uploads\/sites\/59\/2022\/01\/image.png\" alt=\"\" class=\"wp-image-6466\" srcset=\"https:\/\/etab.ac-reunion.fr\/lyc-antoine-de-saint-exupery\/wp-content\/uploads\/sites\/59\/2022\/01\/image.png 572w, https:\/\/etab.ac-reunion.fr\/lyc-antoine-de-saint-exupery\/wp-content\/uploads\/sites\/59\/2022\/01\/image-208x300.png 208w\" sizes=\"auto, (max-width: 572px) 100vw, 572px\" \/><\/figure>\n\n\n\n<p><a href=\"https:\/\/etab.ac-reunion.fr\/lyc-antoine-de-saint-exupery\/wp-content\/uploads\/sites\/59\/2022\/01\/l-ves-les-r-gles-d-isolement-partir-du-14-janvier-2022-97822.pdf\">-\u00c9l\u00e8ves: les r\u00e8gles d&rsquo;isolement \u00e0 partir du janvier 2022 <\/a><\/p>\n\n\n\n<p><\/p>\n\n\n\n<p>Les attestations \u00e0 t\u00e9l\u00e9charger:<\/p>\n\n\n\n<p><a href=\"https:\/\/etab.ac-reunion.fr\/lyc-antoine-de-saint-exupery\/wp-content\/uploads\/sites\/59\/2022\/01\/attestation-sur-l-honneur-contact-risque-pour-le-second-degr-97816-1.pdf\">-Attestation sur l&rsquo;honneur : \u00e9l\u00e8ves contacts \u00e0 risque<\/a> <br \/><a href=\"https:\/\/etab.ac-reunion.fr\/lyc-antoine-de-saint-exupery\/wp-content\/uploads\/sites\/59\/2022\/01\/Attestation-pour-delivrance-des-autotests.pdf\">-Attestation pour d\u00e9livrance des autotests<\/a><\/p>\n\n\n\n<p><strong><span class=\"has-inline-color has-vivid-red-color\">Attention: Le cachet de l&rsquo;\u00e9tablissement est obligatoire pour la d\u00e9livrance des autotests.<\/span><\/strong><\/p>\n\n\n\n<p> <a href=\"https:\/\/etab.ac-reunion.fr\/lyc-antoine-de-saint-exupery\/wp-content\/uploads\/sites\/59\/2022\/01\/Attestation-sur-lhonneur-pour-eleves-internes-mineurs.pdf\">-Attestation sur l&rsquo;honneur pour les \u00e9l\u00e8ves internes mineurs<\/a><\/p>\n\n\n\n<p><\/p>\n\n\n\n<p><br \/>Pour rappels ci-dessous les diff\u00e9rents niveaux du protocole sanitaire retenu ann\u00e9e scolaire 2021-2022. <br \/><br \/><\/p>\n\n\n\n<figure class=\"wp-block-image size-large\"><img loading=\"lazy\" decoding=\"async\" width=\"724\" height=\"1024\" src=\"https:\/\/etab.ac-reunion.fr\/lyc-antoine-de-saint-exupery\/wp-content\/uploads\/sites\/59\/2022\/01\/ann-e-scolaire-2021-2022-protocole-et-cadre-de-fonctionnement-91424-724x1024.jpg\" alt=\"\" class=\"wp-image-6533\" srcset=\"https:\/\/etab.ac-reunion.fr\/lyc-antoine-de-saint-exupery\/wp-content\/uploads\/sites\/59\/2022\/01\/ann-e-scolaire-2021-2022-protocole-et-cadre-de-fonctionnement-91424-724x1024.jpg 724w, https:\/\/etab.ac-reunion.fr\/lyc-antoine-de-saint-exupery\/wp-content\/uploads\/sites\/59\/2022\/01\/ann-e-scolaire-2021-2022-protocole-et-cadre-de-fonctionnement-91424-212x300.jpg 212w, https:\/\/etab.ac-reunion.fr\/lyc-antoine-de-saint-exupery\/wp-content\/uploads\/sites\/59\/2022\/01\/ann-e-scolaire-2021-2022-protocole-et-cadre-de-fonctionnement-91424-768x1086.jpg 768w, https:\/\/etab.ac-reunion.fr\/lyc-antoine-de-saint-exupery\/wp-content\/uploads\/sites\/59\/2022\/01\/ann-e-scolaire-2021-2022-protocole-et-cadre-de-fonctionnement-91424-1086x1536.jpg 1086w, https:\/\/etab.ac-reunion.fr\/lyc-antoine-de-saint-exupery\/wp-content\/uploads\/sites\/59\/2022\/01\/ann-e-scolaire-2021-2022-protocole-et-cadre-de-fonctionnement-91424-1448x2048.jpg 1448w, https:\/\/etab.ac-reunion.fr\/lyc-antoine-de-saint-exupery\/wp-content\/uploads\/sites\/59\/2022\/01\/ann-e-scolaire-2021-2022-protocole-et-cadre-de-fonctionnement-91424-scaled.jpg 1810w\" sizes=\"auto, (max-width: 724px) 100vw, 724px\" \/><\/figure>\n\n\n\n<p><\/p>\n\n\n\n<p> Pour des d&rsquo;informations compl\u00e9mentaires ci dessous le lien menant au site du minist\u00e8re de l&rsquo;\u00e9ducation nationale, de la jeunesse et des sports: <br \/><a href=\"https:\/\/www.education.gouv.fr\/covid19-mesures-pour-les-ecoles-colleges-et-lycees-modalites-pratiques-continuite-pedagogique-et-305467\">https:\/\/www.education.gouv.fr\/covid19-mesures-pour-les-ecoles-colleges-et-lycees-modalites-pratiques-continuite-pedagogique-et-305467<\/a><\/p>\n","protected":false},"excerpt":{"rendered":"<p>A quelques jours de la reprise ci dessous les informations et documents relatifs \u00e0 la rentr\u00e9e. La rentr\u00e9e est maintenue au 24 janvier, au niveau 2 (jaune) et s\u2019effectuera en pr\u00e9sentiel. D&rsquo;un point de vue g\u00e9n\u00e9ral, les gestes barri\u00e8re (port du masque, d\u00e9sinfection des mains) doivent \u00eatre appliqu\u00e9s avec rigueur et constance. Ce retour en [&hellip;]<\/p>\n","protected":false},"author":23092,"featured_media":0,"parent":0,"menu_order":0,"comment_status":"closed","ping_status":"closed","template":"","meta":{"footnotes":""},"class_list":["post-6463","page","type-page","status-publish","hentry"],"_links":{"self":[{"href":"https:\/\/etab.ac-reunion.fr\/lyc-antoine-de-saint-exupery\/wp-json\/wp\/v2\/pages\/6463","targetHints":{"allow":["GET"]}}],"collection":[{"href":"https:\/\/etab.ac-reunion.fr\/lyc-antoine-de-saint-exupery\/wp-json\/wp\/v2\/pages"}],"about":[{"href":"https:\/\/etab.ac-reunion.fr\/lyc-antoine-de-saint-exupery\/wp-json\/wp\/v2\/types\/page"}],"author":[{"embeddable":true,"href":"https:\/\/etab.ac-reunion.fr\/lyc-antoine-de-saint-exupery\/wp-json\/wp\/v2\/users\/23092"}],"replies":[{"embeddable":true,"href":"https:\/\/etab.ac-reunion.fr\/lyc-antoine-de-saint-exupery\/wp-json\/wp\/v2\/comments?post=6463"}],"version-history":[{"count":25,"href":"https:\/\/etab.ac-reunion.fr\/lyc-antoine-de-saint-exupery\/wp-json\/wp\/v2\/pages\/6463\/revisions"}],"predecessor-version":[{"id":6562,"href":"https:\/\/etab.ac-reunion.fr\/lyc-antoine-de-saint-exupery\/wp-json\/wp\/v2\/pages\/6463\/revisions\/6562"}],"wp:attachment":[{"href":"https:\/\/etab.ac-reunion.fr\/lyc-antoine-de-saint-exupery\/wp-json\/wp\/v2\/media?parent=6463"}],"curies":[{"name":"wp","href":"https:\/\/api.w.org\/{rel}","templated":true}]}}

RENTRÉE DE JANVIER 2022

<p>A quelques jours de la reprise ci dessous les informations et documents relatifs à la rentrée.<br /><br />La rentrée est maintenue au 24 janvier, au niveau 2 (jaune) et s’effectuera en présentiel. D&rsquo;un point de vue général, les gestes barrière (port du masque, désinfection des mains) doivent être appliqués avec rigueur et constance.</p>



<p>Ce retour en classe est encadré par des règles sanitaires et de fonctionnement rédigées sur différents supports, communiqués en pièces jointes :</p>



<p>Infographies : Cas Covid, cas contact : la procédure à mettre en œuvre</p>



<p><strong><span class="has-inline-color has-vivid-red-color"></span></strong></p>



<figure class="wp-block-image size-full"><img loading="lazy" decoding="async" width="576" height="844" src="https://etab.ac-reunion.fr/lyc-antoine-de-saint-exupery/wp-content/uploads/sites/59/2022/01/image-1.png" alt="" class="wp-image-6467" srcset="https://etab.ac-reunion.fr/lyc-antoine-de-saint-exupery/wp-content/uploads/sites/59/2022/01/image-1.png 576w, https://etab.ac-reunion.fr/lyc-antoine-de-saint-exupery/wp-content/uploads/sites/59/2022/01/image-1-205x300.png 205w" sizes="auto, (max-width: 576px) 100vw, 576px" /></figure>



<p><a href="https://etab.ac-reunion.fr/lyc-antoine-de-saint-exupery/wp-content/uploads/sites/59/2022/01/coll-ge-lyc-e-que-se-passe-t-il-si-un-l-ve-est-en-contact-risque-avec-un-l-ve-malade-de-la-covid-19-97819.pdf">-Collège, lycée : que se passe-t-il si un élève est en contact à risque avec un élève malade de la covid-19</a></p>



<p></p>



<figure class="wp-block-image size-full"><img loading="lazy" decoding="async" width="572" height="826" src="https://etab.ac-reunion.fr/lyc-antoine-de-saint-exupery/wp-content/uploads/sites/59/2022/01/image.png" alt="" class="wp-image-6466" srcset="https://etab.ac-reunion.fr/lyc-antoine-de-saint-exupery/wp-content/uploads/sites/59/2022/01/image.png 572w, https://etab.ac-reunion.fr/lyc-antoine-de-saint-exupery/wp-content/uploads/sites/59/2022/01/image-208x300.png 208w" sizes="auto, (max-width: 572px) 100vw, 572px" /></figure>



<p><a href="https://etab.ac-reunion.fr/lyc-antoine-de-saint-exupery/wp-content/uploads/sites/59/2022/01/l-ves-les-r-gles-d-isolement-partir-du-14-janvier-2022-97822.pdf">-Élèves: les règles d&rsquo;isolement à partir du janvier 2022 </a></p>



<p></p>



<p>Les attestations à télécharger:</p>



<p><a href="https://etab.ac-reunion.fr/lyc-antoine-de-saint-exupery/wp-content/uploads/sites/59/2022/01/attestation-sur-l-honneur-contact-risque-pour-le-second-degr-97816-1.pdf">-Attestation sur l&rsquo;honneur : élèves contacts à risque</a> <br /><a href="https://etab.ac-reunion.fr/lyc-antoine-de-saint-exupery/wp-content/uploads/sites/59/2022/01/Attestation-pour-delivrance-des-autotests.pdf">-Attestation pour délivrance des autotests</a></p>



<p><strong><span class="has-inline-color has-vivid-red-color">Attention: Le cachet de l&rsquo;établissement est obligatoire pour la délivrance des autotests.</span></strong></p>



<p> <a href="https://etab.ac-reunion.fr/lyc-antoine-de-saint-exupery/wp-content/uploads/sites/59/2022/01/Attestation-sur-lhonneur-pour-eleves-internes-mineurs.pdf">-Attestation sur l&rsquo;honneur pour les élèves internes mineurs</a></p>



<p></p>



<p><br />Pour rappels ci-dessous les différents niveaux du protocole sanitaire retenu année scolaire 2021-2022. <br /><br /></p>



<figure class="wp-block-image size-large"><img loading="lazy" decoding="async" width="724" height="1024" src="https://etab.ac-reunion.fr/lyc-antoine-de-saint-exupery/wp-content/uploads/sites/59/2022/01/ann-e-scolaire-2021-2022-protocole-et-cadre-de-fonctionnement-91424-724x1024.jpg" alt="" class="wp-image-6533" srcset="https://etab.ac-reunion.fr/lyc-antoine-de-saint-exupery/wp-content/uploads/sites/59/2022/01/ann-e-scolaire-2021-2022-protocole-et-cadre-de-fonctionnement-91424-724x1024.jpg 724w, https://etab.ac-reunion.fr/lyc-antoine-de-saint-exupery/wp-content/uploads/sites/59/2022/01/ann-e-scolaire-2021-2022-protocole-et-cadre-de-fonctionnement-91424-212x300.jpg 212w, https://etab.ac-reunion.fr/lyc-antoine-de-saint-exupery/wp-content/uploads/sites/59/2022/01/ann-e-scolaire-2021-2022-protocole-et-cadre-de-fonctionnement-91424-768x1086.jpg 768w, https://etab.ac-reunion.fr/lyc-antoine-de-saint-exupery/wp-content/uploads/sites/59/2022/01/ann-e-scolaire-2021-2022-protocole-et-cadre-de-fonctionnement-91424-1086x1536.jpg 1086w, https://etab.ac-reunion.fr/lyc-antoine-de-saint-exupery/wp-content/uploads/sites/59/2022/01/ann-e-scolaire-2021-2022-protocole-et-cadre-de-fonctionnement-91424-1448x2048.jpg 1448w, https://etab.ac-reunion.fr/lyc-antoine-de-saint-exupery/wp-content/uploads/sites/59/2022/01/ann-e-scolaire-2021-2022-protocole-et-cadre-de-fonctionnement-91424-scaled.jpg 1810w" sizes="auto, (max-width: 724px) 100vw, 724px" /></figure>



<p></p>



<p> Pour des d&rsquo;informations complémentaires ci dessous le lien menant au site du ministère de l&rsquo;éducation nationale, de la jeunesse et des sports: <br /><a href="https://www.education.gouv.fr/covid19-mesures-pour-les-ecoles-colleges-et-lycees-modalites-pratiques-continuite-pedagogique-et-305467">https://www.education.gouv.fr/covid19-mesures-pour-les-ecoles-colleges-et-lycees-modalites-pratiques-continuite-pedagogique-et-305467</a></p>

<p>A quelques jours de la reprise ci dessous les informations et documents relatifs à la rentrée. La rentrée est maintenue au 24 janvier, au niveau 2 (jaune) et s’effectuera en présentiel. D&rsquo;un point de vue général, les gestes barrière (port du masque, désinfection des mains) doivent être appliqués avec rigueur et constance. Ce retour en [&hellip;]</p>
