{"id":6620,"date":"2022-02-14T16:16:36","date_gmt":"2022-02-14T12:16:36","guid":{"rendered":"http:\/\/lycee-avirons.ac-reunion.fr\/?page_id=6620"},"modified":"2023-11-24T12:04:41","modified_gmt":"2023-11-24T08:04:41","slug":"comment-demander-sa-voie-dorientation-apres-la-2de-generale-et-technologique","status":"publish","type":"page","link":"https:\/\/etab.ac-reunion.fr\/lyc-antoine-de-saint-exupery\/comment-demander-sa-voie-dorientation-apres-la-2de-generale-et-technologique\/","title":{"rendered":"COMMENT DEMANDER SA VOIE D&rsquo;ORIENTATION APR\u00c8S LA 2de G\u00c9N\u00c9RALE ET TECHNOLOGIQUE"},"content":{"rendered":"\n<figure class=\"wp-block-image size-full\"><img loading=\"lazy\" decoding=\"async\" width=\"643\" height=\"898\" src=\"https:\/\/etab.ac-reunion.fr\/lyc-antoine-de-saint-exupery\/wp-content\/uploads\/sites\/59\/2023\/11\/image-3.png\" alt=\"\" class=\"wp-image-8750\" srcset=\"https:\/\/etab.ac-reunion.fr\/lyc-antoine-de-saint-exupery\/wp-content\/uploads\/sites\/59\/2023\/11\/image-3.png 643w, https:\/\/etab.ac-reunion.fr\/lyc-antoine-de-saint-exupery\/wp-content\/uploads\/sites\/59\/2023\/11\/image-3-215x300.png 215w\" sizes=\"auto, (max-width: 643px) 100vw, 643px\" \/><\/figure>\n\n\n\n<figure class=\"wp-block-image size-full\"><img loading=\"lazy\" decoding=\"async\" width=\"637\" height=\"898\" src=\"https:\/\/etab.ac-reunion.fr\/lyc-antoine-de-saint-exupery\/wp-content\/uploads\/sites\/59\/2023\/11\/image-2.png\" alt=\"\" class=\"wp-image-8747\" srcset=\"https:\/\/etab.ac-reunion.fr\/lyc-antoine-de-saint-exupery\/wp-content\/uploads\/sites\/59\/2023\/11\/image-2.png 637w, https:\/\/etab.ac-reunion.fr\/lyc-antoine-de-saint-exupery\/wp-content\/uploads\/sites\/59\/2023\/11\/image-2-213x300.png 213w\" sizes=\"auto, (max-width: 637px) 100vw, 637px\" \/><\/figure>\n\n\n\n<p>&#8211;<a href=\"https:\/\/etab.ac-reunion.fr\/lyc-antoine-de-saint-exupery\/wp-content\/uploads\/sites\/59\/2023\/11\/flyer-service-en-ligne-orientation-2nde-gt-21997-modifie.pdf\">flyer.pdf<\/a><\/p>\n\n\n\n<p><\/p>\n\n\n\n<p>La campagne d\u2019orientation a lieu \u00e0 la fin du 2e trimestre ou du 1er semestre (intentions d&rsquo;orientation) et \u00e0 la fin du 3e trimestre ou du 2d semestre (choix d\u00e9finitifs), selon un calendrier fix\u00e9 par les acad\u00e9mies.<br \/><br \/><strong>Le service en ligne Orientation est accessible par le <a href=\"https:\/\/www.education.gouv.fr\/accedez-au-portail-scolarite-services-de-votre-academie-5222\">portail Scolarit\u00e9 Services<\/a> pour les parents d\u2019\u00e9l\u00e8ves de niveau 2de g\u00e9n\u00e9rale et technologique scolaris\u00e9s dans un \u00e9tablissement public ou priv\u00e9 sous contrat de l\u2019\u00e9ducation nationale.<\/strong><br \/><br \/>Il leur permet :<\/p>\n\n\n\n<ul class=\"wp-block-list\">\n<li>de demander une (des) voie(s) d\u2019orientation pour la poursuite de la scolarit\u00e9 de leur enfant<\/li>\n\n\n\n<li>de consulter les r\u00e9ponses du conseil de classe aux demandes formul\u00e9es<\/li>\n\n\n\n<li>d\u2019accuser r\u00e9ception (intentions d&rsquo;orientation) et de faire part de leur accord ou d\u00e9saccord (choix d\u00e9finitifs) suite aux r\u00e9ponses du conseil de classe<\/li>\n<\/ul>\n\n\n\n<p><strong>Durant la campagne d\u2019orientation, l\u2019utilisation du service en ligne Orientation est possible depuis n\u2019importe quel ordinateur, tablette ou smartphone connect\u00e9 \u00e0 Internet, 7 jours sur 7, 24 heures sur 24.<\/strong><\/p>\n\n\n\n<p>Pour des d\u2019informations compl\u00e9mentaires ci dessous le lien menant au site du minist\u00e8re de l&rsquo;\u00e9ducation national: <a href=\"https:\/\/www.education.gouv.fr\/l-orientation-en-seconde-generale-et-technologique-307392\">https:\/\/www.education.gouv.fr\/l-orientation-en-seconde-generale-et-technologique-307392<\/a><\/p>\n\n\n\n<p><\/p>\n","protected":false},"excerpt":{"rendered":"<p>&#8211;flyer.pdf La campagne d\u2019orientation a lieu \u00e0 la fin du 2e trimestre ou du 1er semestre (intentions d&rsquo;orientation) et \u00e0 la fin du 3e trimestre ou du 2d semestre (choix d\u00e9finitifs), selon un calendrier fix\u00e9 par les acad\u00e9mies. Le service en ligne Orientation est accessible par le portail Scolarit\u00e9 Services pour les parents d\u2019\u00e9l\u00e8ves de [&hellip;]<\/p>\n","protected":false},"author":23092,"featured_media":0,"parent":0,"menu_order":0,"comment_status":"closed","ping_status":"closed","template":"","meta":{"footnotes":""},"class_list":["post-6620","page","type-page","status-publish","hentry"],"_links":{"self":[{"href":"https:\/\/etab.ac-reunion.fr\/lyc-antoine-de-saint-exupery\/wp-json\/wp\/v2\/pages\/6620","targetHints":{"allow":["GET"]}}],"collection":[{"href":"https:\/\/etab.ac-reunion.fr\/lyc-antoine-de-saint-exupery\/wp-json\/wp\/v2\/pages"}],"about":[{"href":"https:\/\/etab.ac-reunion.fr\/lyc-antoine-de-saint-exupery\/wp-json\/wp\/v2\/types\/page"}],"author":[{"embeddable":true,"href":"https:\/\/etab.ac-reunion.fr\/lyc-antoine-de-saint-exupery\/wp-json\/wp\/v2\/users\/23092"}],"replies":[{"embeddable":true,"href":"https:\/\/etab.ac-reunion.fr\/lyc-antoine-de-saint-exupery\/wp-json\/wp\/v2\/comments?post=6620"}],"version-history":[{"count":6,"href":"https:\/\/etab.ac-reunion.fr\/lyc-antoine-de-saint-exupery\/wp-json\/wp\/v2\/pages\/6620\/revisions"}],"predecessor-version":[{"id":8754,"href":"https:\/\/etab.ac-reunion.fr\/lyc-antoine-de-saint-exupery\/wp-json\/wp\/v2\/pages\/6620\/revisions\/8754"}],"wp:attachment":[{"href":"https:\/\/etab.ac-reunion.fr\/lyc-antoine-de-saint-exupery\/wp-json\/wp\/v2\/media?parent=6620"}],"curies":[{"name":"wp","href":"https:\/\/api.w.org\/{rel}","templated":true}]}}