{"id":6870,"date":"2022-03-30T10:20:46","date_gmt":"2022-03-30T06:20:46","guid":{"rendered":"http:\/\/lycee-avirons.ac-reunion.fr\/?page_id=6870"},"modified":"2022-03-30T10:22:09","modified_gmt":"2022-03-30T06:22:09","slug":"protocole-sanitaire-a-la-rentree-du-28-mars-2022","status":"publish","type":"page","link":"https:\/\/etab.ac-reunion.fr\/lyc-antoine-de-saint-exupery\/protocole-sanitaire-a-la-rentree-du-28-mars-2022\/","title":{"rendered":"Protocole sanitaire \u00e0 la rentr\u00e9e du 28 mars 2022"},"content":{"rendered":"\n<p>A quelques jours de la reprise je vous communique les conditions de rentr\u00e9e dans le cadre de la crise sanitaire.<\/p>\n\n\n\n<p>Le protocole sanitaire niveau 1 appliqu\u00e9 \u00e0 la France m\u00e9tropolitaine depuis le 14 mars n\u2019est toujours pas en vigueur sur le territoire. <strong>La reprise des cours, le 28 mars, se fera encore au niveau 2<\/strong>.<\/p>\n\n\n\n<p>En cons\u00e9quence :<\/p>\n\n\n\n<p>Le port du <strong>masque reste obligatoire<\/strong> dans les espaces clos.<\/p>\n\n\n\n<p><em>Rappel pour les \u00e9l\u00e8ves \u00ab&nbsp;cas contact&nbsp;\u00bb \u00e0 compter du lundi 28 mars<\/em> :<\/p>\n\n\n\n<p>S\u2019agissant des \u00e9l\u00e8ves de <strong>moins de 12 ans<\/strong> , ind\u00e9pendamment de leur statut vaccinal ainsi que des \u00e9l\u00e8ves <strong>de 12 ans et plus<\/strong> avec un <strong>statut vaccinal comple<\/strong>t :<\/p>\n\n\n\n<p><strong>Un seul test <\/strong>(autotest ou test antig\u00e9nique) sera <strong>\u00e0 r\u00e9aliser 2 jours<\/strong> (J2) apr\u00e8s le dernier contact avec le cas confirm\u00e9<strong> sans isolement entre J0 et J2<\/strong> ou au moment de l\u2019information de la survenue du cas si elle intervient plus de 2 jours apr\u00e8s le dernier contact.<\/p>\n\n\n\n<p>S\u2019agissant des \u00e9l\u00e8ves de 12 ans et plus <strong>non vaccin\u00e9s<\/strong> :<\/p>\n\n\n\n<p>ils doivent s\u2019isoler durant <strong>7 jours<\/strong>. L\u2019isolement prend fin au terme de 7 jours si un test antig\u00e9nique ou PCR est r\u00e9alis\u00e9 et que son r\u00e9sultat est n\u00e9gatif.<\/p>\n\n\n\n<p><strong>L\u2019attestation sur l\u2019honneur de la r\u00e9alisation d\u2019un test n\u00e9gatif n\u2019est plus demand\u00e9e.<\/strong><\/p>\n\n\n\n<p><\/p>\n","protected":false},"excerpt":{"rendered":"<p>A quelques jours de la reprise je vous communique les conditions de rentr\u00e9e dans le cadre de la crise sanitaire. Le protocole sanitaire niveau 1 appliqu\u00e9 \u00e0 la France m\u00e9tropolitaine depuis le 14 mars n\u2019est toujours pas en vigueur sur le territoire. La reprise des cours, le 28 mars, se fera encore au niveau 2. [&hellip;]<\/p>\n","protected":false},"author":23092,"featured_media":0,"parent":0,"menu_order":0,"comment_status":"closed","ping_status":"closed","template":"","meta":{"footnotes":""},"class_list":["post-6870","page","type-page","status-publish","hentry"],"_links":{"self":[{"href":"https:\/\/etab.ac-reunion.fr\/lyc-antoine-de-saint-exupery\/wp-json\/wp\/v2\/pages\/6870","targetHints":{"allow":["GET"]}}],"collection":[{"href":"https:\/\/etab.ac-reunion.fr\/lyc-antoine-de-saint-exupery\/wp-json\/wp\/v2\/pages"}],"about":[{"href":"https:\/\/etab.ac-reunion.fr\/lyc-antoine-de-saint-exupery\/wp-json\/wp\/v2\/types\/page"}],"author":[{"embeddable":true,"href":"https:\/\/etab.ac-reunion.fr\/lyc-antoine-de-saint-exupery\/wp-json\/wp\/v2\/users\/23092"}],"replies":[{"embeddable":true,"href":"https:\/\/etab.ac-reunion.fr\/lyc-antoine-de-saint-exupery\/wp-json\/wp\/v2\/comments?post=6870"}],"version-history":[{"count":2,"href":"https:\/\/etab.ac-reunion.fr\/lyc-antoine-de-saint-exupery\/wp-json\/wp\/v2\/pages\/6870\/revisions"}],"predecessor-version":[{"id":6873,"href":"https:\/\/etab.ac-reunion.fr\/lyc-antoine-de-saint-exupery\/wp-json\/wp\/v2\/pages\/6870\/revisions\/6873"}],"wp:attachment":[{"href":"https:\/\/etab.ac-reunion.fr\/lyc-antoine-de-saint-exupery\/wp-json\/wp\/v2\/media?parent=6870"}],"curies":[{"name":"wp","href":"https:\/\/api.w.org\/{rel}","templated":true}]}}

Protocole sanitaire à la rentrée du 28 mars 2022

<p>A quelques jours de la reprise je vous communique les conditions de rentrée dans le cadre de la crise sanitaire.</p>



<p>Le protocole sanitaire niveau 1 appliqué à la France métropolitaine depuis le 14 mars n’est toujours pas en vigueur sur le territoire. <strong>La reprise des cours, le 28 mars, se fera encore au niveau 2</strong>.</p>



<p>En conséquence :</p>



<p>Le port du <strong>masque reste obligatoire</strong> dans les espaces clos.</p>



<p><em>Rappel pour les élèves «&nbsp;cas contact&nbsp;» à compter du lundi 28 mars</em> :</p>



<p>S’agissant des élèves de <strong>moins de 12 ans</strong> , indépendamment de leur statut vaccinal ainsi que des élèves <strong>de 12 ans et plus</strong> avec un <strong>statut vaccinal comple</strong>t :</p>



<p><strong>Un seul test </strong>(autotest ou test antigénique) sera <strong>à réaliser 2 jours</strong> (J2) après le dernier contact avec le cas confirmé<strong> sans isolement entre J0 et J2</strong> ou au moment de l’information de la survenue du cas si elle intervient plus de 2 jours après le dernier contact.</p>



<p>S’agissant des élèves de 12 ans et plus <strong>non vaccinés</strong> :</p>



<p>ils doivent s’isoler durant <strong>7 jours</strong>. L’isolement prend fin au terme de 7 jours si un test antigénique ou PCR est réalisé et que son résultat est négatif.</p>



<p><strong>L’attestation sur l’honneur de la réalisation d’un test négatif n’est plus demandée.</strong></p>



<p></p>

<p>A quelques jours de la reprise je vous communique les conditions de rentrée dans le cadre de la crise sanitaire. Le protocole sanitaire niveau 1 appliqué à la France métropolitaine depuis le 14 mars n’est toujours pas en vigueur sur le territoire. La reprise des cours, le 28 mars, se fera encore au niveau 2. [&hellip;]</p>
