{"id":7014,"date":"2022-04-26T11:06:34","date_gmt":"2022-04-26T07:06:34","guid":{"rendered":"http:\/\/lycee-avirons.ac-reunion.fr\/?page_id=7014"},"modified":"2023-03-31T10:09:41","modified_gmt":"2023-03-31T06:09:41","slug":"contact-2","status":"publish","type":"page","link":"https:\/\/etab.ac-reunion.fr\/lyc-antoine-de-saint-exupery\/letablissement\/contact-2\/","title":{"rendered":"Contact"},"content":{"rendered":"\n<div class=\"wp-block-group\"><div class=\"wp-block-group__inner-container is-layout-flow wp-block-group-is-layout-flow\">\n<div class=\"wp-block-columns is-layout-flex wp-container-core-columns-is-layout-9d6595d7 wp-block-columns-is-layout-flex\">\n<div class=\"wp-block-column is-layout-flow wp-block-column-is-layout-flow\" style=\"flex-basis:100%\">\n<figure class=\"wp-block-table is-style-stripes has-small-font-size\" style=\"text-transform:capitalize\"><table><thead><tr><th><em><strong>Services<\/strong><\/em><\/th><th><em><strong>T\u00e9l\u00e9phone<\/strong><\/em><\/th><th>Fax<\/th><\/tr><\/thead><tbody><tr><td><em>Accueil du lyc\u00e9e<\/em><\/td><td><em>02 62 38 09 16<\/em>           <\/td><td><\/td><\/tr><tr><td><em>Secr\u00e9tariat de direction<\/em><\/td><td><em>02 62 38 29 70<\/em><\/td><td><em>02 62 38 19 87<\/em><\/td><\/tr><tr><td><em>Secr\u00e9tariat d&rsquo;intendance<\/em><\/td><td><em>02 6238 38 42<\/em><\/td><td><em>02 62 38 38 38<\/em><\/td><\/tr><tr><td><em>Centre de documentation et d&rsquo;informatio<\/em>n<\/td><td><em>02 62 38 29 77<\/em>   <\/td><td><\/td><\/tr><tr><td><em>Vie scolaire<\/em><\/td><td><em>02 62 38 29 80<\/em><\/td><td><\/td><\/tr><tr><td><em>D.D.F.P.T.<\/em><\/td><td><em>02 62 38 29 85<\/em><\/td><td><em>02 62 38 29 81<\/em><\/td><\/tr><tr><td><em>Infirmerie<\/em><\/td><td><em>02 62 38 2976<\/em><\/td><td><\/td><\/tr><tr><td><em>Assistante sociale<\/em><\/td><td><em>02 62 38 38 41<\/em><\/td><td><\/td><\/tr><\/tbody><\/table><\/figure>\n<\/div>\n<\/div>\n<\/div><\/div>\n\n\n\n<figure class=\"wp-block-table is-style-stripes has-small-font-size\"><table class=\"has-fixed-layout\"><thead><tr><th>Adresse postale<\/th><th>Adresse mail<\/th><\/tr><\/thead><tbody><tr><td>20 Rue du Lyc\u00e9e &#8211; 97425 Les Avirons<\/td><td>ce.9740045f@ac-reunion.fr<\/td><\/tr><\/tbody><\/table><\/figure>\n\n\n\n<p><\/p>\n\n\n\n<p><\/p>\n","protected":false},"excerpt":{"rendered":"<p>Services T\u00e9l\u00e9phone Fax Accueil du lyc\u00e9e 02 62 38 09 16 Secr\u00e9tariat de direction 02 62 38 29 70 02 62 38 19 87 Secr\u00e9tariat d&rsquo;intendance 02 6238 38 42 02 62 38 38 38 Centre de documentation et d&rsquo;information 02 62 38 29 77 Vie scolaire 02 62 38 29 80 D.D.F.P.T. 02 62 [&hellip;]<\/p>\n","protected":false},"author":23092,"featured_media":0,"parent":24,"menu_order":0,"comment_status":"closed","ping_status":"closed","template":"","meta":{"footnotes":""},"class_list":["post-7014","page","type-page","status-publish","hentry"],"_links":{"self":[{"href":"https:\/\/etab.ac-reunion.fr\/lyc-antoine-de-saint-exupery\/wp-json\/wp\/v2\/pages\/7014","targetHints":{"allow":["GET"]}}],"collection":[{"href":"https:\/\/etab.ac-reunion.fr\/lyc-antoine-de-saint-exupery\/wp-json\/wp\/v2\/pages"}],"about":[{"href":"https:\/\/etab.ac-reunion.fr\/lyc-antoine-de-saint-exupery\/wp-json\/wp\/v2\/types\/page"}],"author":[{"embeddable":true,"href":"https:\/\/etab.ac-reunion.fr\/lyc-antoine-de-saint-exupery\/wp-json\/wp\/v2\/users\/23092"}],"replies":[{"embeddable":true,"href":"https:\/\/etab.ac-reunion.fr\/lyc-antoine-de-saint-exupery\/wp-json\/wp\/v2\/comments?post=7014"}],"version-history":[{"count":21,"href":"https:\/\/etab.ac-reunion.fr\/lyc-antoine-de-saint-exupery\/wp-json\/wp\/v2\/pages\/7014\/revisions"}],"predecessor-version":[{"id":8169,"href":"https:\/\/etab.ac-reunion.fr\/lyc-antoine-de-saint-exupery\/wp-json\/wp\/v2\/pages\/7014\/revisions\/8169"}],"up":[{"embeddable":true,"href":"https:\/\/etab.ac-reunion.fr\/lyc-antoine-de-saint-exupery\/wp-json\/wp\/v2\/pages\/24"}],"wp:attachment":[{"href":"https:\/\/etab.ac-reunion.fr\/lyc-antoine-de-saint-exupery\/wp-json\/wp\/v2\/media?parent=7014"}],"curies":[{"name":"wp","href":"https:\/\/api.w.org\/{rel}","templated":true}]}}