{"id":8714,"date":"2024-02-01T15:30:34","date_gmt":"2024-02-01T11:30:34","guid":{"rendered":"https:\/\/etab.ac-reunion.fr\/lyc-antoine-de-saint-exupery\/?page_id=8714"},"modified":"2024-10-04T08:39:11","modified_gmt":"2024-10-04T04:39:11","slug":"section-de-technicien-superieur-bts-ndrc","status":"publish","type":"page","link":"https:\/\/etab.ac-reunion.fr\/lyc-antoine-de-saint-exupery\/section-de-technicien-superieur-bts-ndrc\/","title":{"rendered":"Section de technicien sup\u00e9rieur  BTS NDRC"},"content":{"rendered":"<div class=\"wp-block-image\">\n<figure class=\"aligncenter size-full is-resized\"><img loading=\"lazy\" decoding=\"async\" width=\"717\" height=\"307\" src=\"https:\/\/etab.ac-reunion.fr\/lyc-antoine-de-saint-exupery\/wp-content\/uploads\/sites\/59\/2024\/02\/logo-ndrc.png\" alt=\"\" class=\"wp-image-9069\" style=\"width:299px;height:auto\" srcset=\"https:\/\/etab.ac-reunion.fr\/lyc-antoine-de-saint-exupery\/wp-content\/uploads\/sites\/59\/2024\/02\/logo-ndrc.png 717w, https:\/\/etab.ac-reunion.fr\/lyc-antoine-de-saint-exupery\/wp-content\/uploads\/sites\/59\/2024\/02\/logo-ndrc-300x128.png 300w\" sizes=\"auto, (max-width: 717px) 100vw, 717px\" \/><\/figure>\n<\/div>\n\n\n<p><\/p>\n\n\n\n<p>Ce BTS est disponible en <strong>Formation Initiale<\/strong><\/p>\n\n\n\n<p><\/p>\n\n\n\n<p class=\"has-vivid-cyan-blue-color has-text-color has-link-color wp-elements-bf5f27d08689cd7d4ac6052b5b676d0f\">Le <strong>BTS NDRC \u2013 N\u00e9gociation et Digitalisation de la Relation Client<\/strong> &#8211; forme des managers commerciaux qui g\u00e8rent l\u2019int\u00e9gralit\u00e9 de la <strong>relation-client <\/strong>(en pr\u00e9sentiel, \u00e0 distance, via internet) de la <strong>prospection \u00e0 la fid\u00e9lisation<\/strong>. Professionnels de la <strong>n\u00e9gociation commerciale<\/strong>, ils participent activement \u00e0 la mise en \u0153uvre de la politique commerciale d\u2019entreprises de tous secteurs d\u2019activit\u00e9, en exploitant l\u2019information disponible.<\/p>\n\n\n\n<p class=\"has-vivid-cyan-blue-color has-text-color has-link-color wp-elements-79ae368327d2c09b100c974d85c097a0\">L\u2019acc\u00e9l\u00e9ration de la <strong>digitalisation<\/strong> des activit\u00e9s commerciales conduit le titulaire du BTS NDRC \u00e0 investir les contenus commerciaux li\u00e9s \u00e0 l\u2019usage amplifi\u00e9 des sites web, des applications et des r\u00e9seaux sociaux&nbsp;: il poss\u00e8de une <strong>culture num\u00e9rique solide<\/strong>.<\/p>\n\n\n\n<p class=\"has-vivid-cyan-blue-color has-text-color has-link-color wp-elements-a64076de7ce4e43f90a0316be287e077\">Ces commerciaux sont \u00e9galement amen\u00e9s \u00e0 <strong>conduire et d\u00e9velopper des r\u00e9seaux de partenaires<\/strong>, de <strong>distributeurs et d\u2019animer des r\u00e9seaux de vente directe<\/strong>.<\/p>\n\n\n\n<p><\/p>\n\n\n\n<p class=\"has-text-align-center has-medium-font-size\"><strong>Pr\u00e9sentation<\/strong><\/p>\n\n\n\n<p><\/p>\n\n\n\n<ul class=\"wp-block-list\">\n<li>Pr\u00e9sentation compl\u00e8te de la formation <\/li>\n<\/ul>\n\n\n\n<p><\/p>\n\n\n<div class=\"su-document su-u-responsive-media-yes\"><iframe loading=\"lazy\" src=\"\/\/docs.google.com\/viewer?embedded=true&url=https:\/\/etab.ac-reunion.fr\/lyc-antoine-de-saint-exupery\/wp-content\/uploads\/sites\/59\/2024\/02\/DIAPO-Presentat\u00b0-BTS-NDRC_compressed.pdf\" width=\"800\" height=\"1020\" class=\"su-document\" title=\"\"><\/iframe><\/div>\n\n\n\n<p><a href=\"https:\/\/etab.ac-reunion.fr\/lyc-antoine-de-saint-exupery\/wp-content\/uploads\/sites\/59\/2024\/02\/DIAPO-Presentat\u00b0-BTS-NDRC_compressed.pdf\">-T\u00e9l\u00e9charger la pr\u00e9sentation de la formation du BTS NDRC<\/a><\/p>\n\n\n\n<ul class=\"wp-block-list\">\n<li>Vid\u00e9o Pr\u00e9sentation du BTS NDRC du lyc\u00e9e Antoine de St Exup\u00e9ry&nbsp;: VIDEO des \u00e9tudiants <\/li>\n<\/ul>\n\n\n\n<p><a href=\"https:\/\/tube-institutionnel.apps.education.fr\/w\/x4Je7aZshibkJ1oxiJPEAL\" target=\"_blank\" rel=\"noreferrer noopener\">Pour visionner la vid\u00e9o \u00ab\u00a0vid\u00e9o pr\u00e9sentation bts ndrc\u00a0\u00bb cliquez ici<\/a><\/p>\n\n\n\n<ul class=\"wp-block-list\">\n<li>T\u00e9l\u00e9chargez notre brochure BTS NDRC&nbsp;: FLYER <\/li>\n<\/ul>\n\n\n<div class=\"su-document su-u-responsive-media-yes\"><iframe loading=\"lazy\" src=\"\/\/docs.google.com\/viewer?embedded=true&url=https:\/\/etab.ac-reunion.fr\/lyc-antoine-de-saint-exupery\/wp-content\/uploads\/sites\/59\/2024\/02\/Flyer-BTS-NDRC-LES-AVIRONS_compressed.pdf\" width=\"800\" height=\"1020\" class=\"su-document\" title=\"\"><\/iframe><\/div>\n\n\n\n<p><a href=\"https:\/\/etab.ac-reunion.fr\/lyc-antoine-de-saint-exupery\/wp-content\/uploads\/sites\/59\/2024\/02\/Flyer-BTS-NDRC-LES-AVIRONS_compressed.pdf\">-T\u00e9l\u00e9charger le FLYER du BTS NDRC<\/a><\/p>\n\n\n\n<p><\/p>\n\n\n\n<p><\/p>\n\n\n\n<p><\/p>\n\n\n\n<p class=\"has-text-align-center has-medium-font-size\"><strong>Pourquoi nous choisir pour faire votre BTS NDRC ?<\/strong><\/p>\n\n\n\n<ul class=\"wp-block-list\">\n<li>Un fort TAUX DE R\u00c9USSITE \u00e0 l\u2019examen<\/li>\n\n\n\n<li>Un PLATEAU TECHNIQUE avec des \u00e9quipements informatiques et mobiliers modernes<\/li>\n\n\n\n<li>De nombreuses ENTREPRISES PARTENAIRES pour faciliter la recherche de stage et la mise en r\u00e9seau avec des professionnels de tous secteurs d\u2019activit\u00e9<\/li>\n\n\n\n<li>Une AGILIT\u00c9 P\u00c9DAGOGIQUE ax\u00e9e sur la cr\u00e9ativit\u00e9, l\u2019innovation et l\u2019action<\/li>\n\n\n\n<li>Un accompagnement PERSONNALIS\u00c9<\/li>\n\n\n\n<li>Une possibilit\u00e9 d\u2019h\u00e9bergement en INTERNAT<\/li>\n\n\n\n<li>L\u2019acc\u00e8s au PROJET VOLTAIRE, une plate-forme d\u00e9di\u00e9e \u00e0 la progression en orthographe, grammaire et vocabulaire, accessible depuis les ordinateurs, tablettes ou smartphone et la possibilit\u00e9 d\u2019obtenir la certification.<\/li>\n<\/ul>\n\n\n\n<p><\/p>\n\n\n\n<p><\/p>\n\n\n\n<p><\/p>\n\n\n\n<p class=\"has-text-align-center has-medium-font-size\"><strong>Conditions d&rsquo;acc\u00e8s<\/strong><\/p>\n\n\n\n<p>Le BTS NDRC est accessible \u00e0 tout titulaire d&rsquo;un bac (de pr\u00e9f\u00e9rence bac g\u00e9n\u00e9ral, bac techno STMG ou bac pro m\u00e9tiers du commerce et de la vente (MCV option A ou B).<\/p>\n\n\n\n<ul class=\"wp-block-list\">\n<li>Inscription en ligne sur Parcoursup.<\/li>\n<\/ul>\n\n\n\n<p><\/p>\n\n\n\n<p><\/p>\n\n\n\n<p class=\"has-text-align-center has-medium-font-size\"><strong>Les derni\u00e8res actu du BTS NDRC<\/strong><\/p>\n","protected":false},"excerpt":{"rendered":"<p>Ce BTS est disponible en Formation Initiale Le BTS NDRC \u2013 N\u00e9gociation et Digitalisation de la Relation Client &#8211; forme des managers commerciaux qui g\u00e8rent l\u2019int\u00e9gralit\u00e9 de la relation-client (en pr\u00e9sentiel, \u00e0 distance, via internet) de la prospection \u00e0 la fid\u00e9lisation. Professionnels de la n\u00e9gociation commerciale, ils participent activement \u00e0 la mise en \u0153uvre de [&hellip;]<\/p>\n","protected":false},"author":23092,"featured_media":0,"parent":0,"menu_order":0,"comment_status":"closed","ping_status":"closed","template":"page-blog.php","meta":{"footnotes":""},"class_list":["post-8714","page","type-page","status-publish","hentry"],"_links":{"self":[{"href":"https:\/\/etab.ac-reunion.fr\/lyc-antoine-de-saint-exupery\/wp-json\/wp\/v2\/pages\/8714","targetHints":{"allow":["GET"]}}],"collection":[{"href":"https:\/\/etab.ac-reunion.fr\/lyc-antoine-de-saint-exupery\/wp-json\/wp\/v2\/pages"}],"about":[{"href":"https:\/\/etab.ac-reunion.fr\/lyc-antoine-de-saint-exupery\/wp-json\/wp\/v2\/types\/page"}],"author":[{"embeddable":true,"href":"https:\/\/etab.ac-reunion.fr\/lyc-antoine-de-saint-exupery\/wp-json\/wp\/v2\/users\/23092"}],"replies":[{"embeddable":true,"href":"https:\/\/etab.ac-reunion.fr\/lyc-antoine-de-saint-exupery\/wp-json\/wp\/v2\/comments?post=8714"}],"version-history":[{"count":19,"href":"https:\/\/etab.ac-reunion.fr\/lyc-antoine-de-saint-exupery\/wp-json\/wp\/v2\/pages\/8714\/revisions"}],"predecessor-version":[{"id":10177,"href":"https:\/\/etab.ac-reunion.fr\/lyc-antoine-de-saint-exupery\/wp-json\/wp\/v2\/pages\/8714\/revisions\/10177"}],"wp:attachment":[{"href":"https:\/\/etab.ac-reunion.fr\/lyc-antoine-de-saint-exupery\/wp-json\/wp\/v2\/media?parent=8714"}],"curies":[{"name":"wp","href":"https:\/\/api.w.org\/{rel}","templated":true}]}}