{"id":10947,"date":"2024-08-16T22:16:30","date_gmt":"2024-08-16T18:16:30","guid":{"rendered":"https:\/\/etab.ac-reunion.fr\/lyc-antoine-roussin\/?page_id=10947"},"modified":"2024-10-04T06:51:04","modified_gmt":"2024-10-04T02:51:04","slug":"modal","status":"publish","type":"page","link":"https:\/\/etab.ac-reunion.fr\/lyc-antoine-roussin\/modal\/","title":{"rendered":"Modal"},"content":{"rendered":"\n<p><\/p>\n\n\n\n<p>\u00ab\u00a0Le dispositif MODAL (module d&rsquo;accueil en lyc\u00e9e)&nbsp;<strong>permet de scolariser ou de maintenir en scolarit\u00e9 des \u00e9l\u00e8ves d\u00e9crocheurs ou en risque de d\u00e9crochage par un accompagnement individualis\u00e9<\/strong>. Les \u00e9l\u00e8ves concern\u00e9s peuvent travailler leur projet de poursuite de scolarit\u00e9, de remise \u00e0 niveau, ou de pr\u00e9parer \u00e0 nouveau un examen\u00a0\u00bb<\/p>\n\n\n<div class=\"wp-block-image\">\n<figure class=\"aligncenter size-full\"><img loading=\"lazy\" decoding=\"async\" width=\"614\" height=\"346\" src=\"https:\/\/etab.ac-reunion.fr\/lyc-antoine-roussin\/wp-content\/uploads\/sites\/92\/2024\/10\/image-13.png\" alt=\"\" class=\"wp-image-11729\" srcset=\"https:\/\/etab.ac-reunion.fr\/lyc-antoine-roussin\/wp-content\/uploads\/sites\/92\/2024\/10\/image-13.png 614w, https:\/\/etab.ac-reunion.fr\/lyc-antoine-roussin\/wp-content\/uploads\/sites\/92\/2024\/10\/image-13-300x169.png 300w, https:\/\/etab.ac-reunion.fr\/lyc-antoine-roussin\/wp-content\/uploads\/sites\/92\/2024\/10\/image-13-150x85.png 150w\" sizes=\"auto, (max-width: 614px) 100vw, 614px\" \/><\/figure>\n<\/div>","protected":false},"excerpt":{"rendered":"<p>\u00ab\u00a0Le dispositif MODAL (module d&rsquo;accueil en lyc\u00e9e)&nbsp;permet de scolariser ou de maintenir en scolarit\u00e9 des \u00e9l\u00e8ves d\u00e9crocheurs ou en risque de d\u00e9crochage par un accompagnement individualis\u00e9. Les \u00e9l\u00e8ves concern\u00e9s peuvent travailler leur projet de poursuite de scolarit\u00e9, de remise \u00e0 niveau, ou de pr\u00e9parer \u00e0 nouveau un examen\u00a0\u00bb<\/p>\n<p class=\"continue-reading-button\"> <a class=\"continue-reading-link\" href=\"https:\/\/etab.ac-reunion.fr\/lyc-antoine-roussin\/modal\/\">Lire la suite<i class=\"crycon-right-dir\"><\/i><\/a><\/p>\n","protected":false},"author":19389,"featured_media":0,"parent":0,"menu_order":0,"comment_status":"closed","ping_status":"closed","template":"","meta":{"footnotes":""},"class_list":["post-10947","page","type-page","status-publish","hentry"],"_links":{"self":[{"href":"https:\/\/etab.ac-reunion.fr\/lyc-antoine-roussin\/wp-json\/wp\/v2\/pages\/10947","targetHints":{"allow":["GET"]}}],"collection":[{"href":"https:\/\/etab.ac-reunion.fr\/lyc-antoine-roussin\/wp-json\/wp\/v2\/pages"}],"about":[{"href":"https:\/\/etab.ac-reunion.fr\/lyc-antoine-roussin\/wp-json\/wp\/v2\/types\/page"}],"author":[{"embeddable":true,"href":"https:\/\/etab.ac-reunion.fr\/lyc-antoine-roussin\/wp-json\/wp\/v2\/users\/19389"}],"replies":[{"embeddable":true,"href":"https:\/\/etab.ac-reunion.fr\/lyc-antoine-roussin\/wp-json\/wp\/v2\/comments?post=10947"}],"version-history":[{"count":4,"href":"https:\/\/etab.ac-reunion.fr\/lyc-antoine-roussin\/wp-json\/wp\/v2\/pages\/10947\/revisions"}],"predecessor-version":[{"id":11731,"href":"https:\/\/etab.ac-reunion.fr\/lyc-antoine-roussin\/wp-json\/wp\/v2\/pages\/10947\/revisions\/11731"}],"wp:attachment":[{"href":"https:\/\/etab.ac-reunion.fr\/lyc-antoine-roussin\/wp-json\/wp\/v2\/media?parent=10947"}],"curies":[{"name":"wp","href":"https:\/\/api.w.org\/{rel}","templated":true}]}}