{"id":11074,"date":"2024-09-14T16:15:59","date_gmt":"2024-09-14T12:15:59","guid":{"rendered":"https:\/\/etab.ac-reunion.fr\/lyc-antoine-roussin\/?page_id=11074"},"modified":"2025-01-29T13:20:31","modified_gmt":"2025-01-29T09:20:31","slug":"creole","status":"publish","type":"page","link":"https:\/\/etab.ac-reunion.fr\/lyc-antoine-roussin\/creole\/","title":{"rendered":"Cr\u00e9ole"},"content":{"rendered":"\n<p class=\"has-large-font-size\"><\/p>\n\n\n\n<div class=\"wp-block-media-text is-stacked-on-mobile\"><figure class=\"wp-block-media-text__media\"><img loading=\"lazy\" decoding=\"async\" width=\"1024\" height=\"683\" src=\"https:\/\/etab.ac-reunion.fr\/lyc-antoine-roussin\/wp-content\/uploads\/sites\/92\/2025\/01\/L1283214-1024x683.jpg\" alt=\"\" class=\"wp-image-12769 size-full\" srcset=\"https:\/\/etab.ac-reunion.fr\/lyc-antoine-roussin\/wp-content\/uploads\/sites\/92\/2025\/01\/L1283214-1024x683.jpg 1024w, https:\/\/etab.ac-reunion.fr\/lyc-antoine-roussin\/wp-content\/uploads\/sites\/92\/2025\/01\/L1283214-300x200.jpg 300w, https:\/\/etab.ac-reunion.fr\/lyc-antoine-roussin\/wp-content\/uploads\/sites\/92\/2025\/01\/L1283214-768x512.jpg 768w, https:\/\/etab.ac-reunion.fr\/lyc-antoine-roussin\/wp-content\/uploads\/sites\/92\/2025\/01\/L1283214-1536x1025.jpg 1536w, https:\/\/etab.ac-reunion.fr\/lyc-antoine-roussin\/wp-content\/uploads\/sites\/92\/2025\/01\/L1283214-150x100.jpg 150w\" sizes=\"auto, (max-width: 1024px) 100vw, 1024px\" \/><\/figure><div class=\"wp-block-media-text__content\">\n<p class=\"has-large-font-size\"><strong>Enseignement optionnel<\/strong> propos\u00e9 <strong>d\u00e8s la classe de seconde<\/strong><\/p>\n<\/div><\/div>\n\n\n\n<p><\/p>\n\n\n\n<p class=\"has-white-color has-luminous-vivid-orange-background-color has-text-color has-background has-link-color has-medium-font-size wp-elements-2fc6cde2bf388c77b7d6ebd3bd8ed9da\">\u00ab\u00a0L\u2019option Cr\u00e9ole vient enfin d\u2019\u00eatre cr\u00e9\u00e9e au lyc\u00e9e Antoine Roussin, notamment gr\u00e2ce aux excellents r\u00e9sultats de nos \u00e9l\u00e8ves aux divers concours d\u2019\u00e9loquence (<em>Kozarlor<\/em>) et d\u2019\u00e9criture en cr\u00e9ole r\u00e9unionnais (<em>Pri Honor\u00e9<\/em>) depuis deux ans. Leurs comp\u00e9tences naturelles peuvent ainsi \u00eatre affin\u00e9es dans le cadre d\u2019un cours traditionnel, avec une progression pr\u00e9cise et des objectifs ambitieux. C\u2019est l\u2019occasion d\u2019explorer le patrimoine culturel r\u00e9unionnais dans toutes ses dimensions, notamment en passant par le biais de la musique et du\u00a0<em>fonnk\u00e8r<\/em>.\u00a0\u00bb<\/p>\n\n\n\n<p class=\"has-medium-font-size\"><em>Adolphe Maillot<\/em><\/p>\n\n\n\n<p><\/p>\n\n\n\n<figure class=\"wp-block-image size-large\"><img loading=\"lazy\" decoding=\"async\" width=\"1024\" height=\"683\" src=\"https:\/\/etab.ac-reunion.fr\/lyc-antoine-roussin\/wp-content\/uploads\/sites\/92\/2025\/01\/L1010526-1024x683.jpg\" alt=\"\" class=\"wp-image-12768\" srcset=\"https:\/\/etab.ac-reunion.fr\/lyc-antoine-roussin\/wp-content\/uploads\/sites\/92\/2025\/01\/L1010526-1024x683.jpg 1024w, https:\/\/etab.ac-reunion.fr\/lyc-antoine-roussin\/wp-content\/uploads\/sites\/92\/2025\/01\/L1010526-300x200.jpg 300w, https:\/\/etab.ac-reunion.fr\/lyc-antoine-roussin\/wp-content\/uploads\/sites\/92\/2025\/01\/L1010526-768x512.jpg 768w, https:\/\/etab.ac-reunion.fr\/lyc-antoine-roussin\/wp-content\/uploads\/sites\/92\/2025\/01\/L1010526-1536x1025.jpg 1536w, https:\/\/etab.ac-reunion.fr\/lyc-antoine-roussin\/wp-content\/uploads\/sites\/92\/2025\/01\/L1010526-150x100.jpg 150w\" sizes=\"auto, (max-width: 1024px) 100vw, 1024px\" \/><\/figure>\n\n\n\n<p><\/p>\n\n\n\n<div class=\"wp-block-buttons is-layout-flex wp-block-buttons-is-layout-flex\">\n<div class=\"wp-block-button\"><a class=\"wp-block-button__link wp-element-button\" href=\"https:\/\/etab.ac-reunion.fr\/lyc-antoine-roussin\/category\/les_enseignements\/bac\/creole-bac\/creole\/\">Cliquer pour voir les \u00e9v\u00e9nements<\/a><\/div>\n<\/div>\n\n\n\n<p><\/p>\n\n\n\n<div class=\"wp-block-buttons is-layout-flex wp-block-buttons-is-layout-flex\">\n<div class=\"wp-block-button\"><a class=\"wp-block-button__link has-black-color has-pale-cyan-blue-background-color has-text-color has-background has-link-color wp-element-button\" href=\"https:\/\/www.ac-reunion.fr\/langue-vivante-regionale-129375\">Espace acad\u00e9mique d\u00e9di\u00e9 \u00e0 la langue et la culture r\u00e9unionnaise<\/a><\/div>\n<\/div>\n","protected":false},"excerpt":{"rendered":"<p>Enseignement optionnel propos\u00e9 d\u00e8s la classe de seconde \u00ab\u00a0L\u2019option Cr\u00e9ole vient enfin d\u2019\u00eatre cr\u00e9\u00e9e au lyc\u00e9e Antoine Roussin, notamment gr\u00e2ce aux excellents r\u00e9sultats de nos \u00e9l\u00e8ves aux divers concours d\u2019\u00e9loquence (Kozarlor) et d\u2019\u00e9criture en cr\u00e9ole r\u00e9unionnais (Pri Honor\u00e9) depuis deux ans. Leurs comp\u00e9tences naturelles peuvent ainsi \u00eatre affin\u00e9es dans le&#8230;<\/p>\n<p class=\"continue-reading-button\"> <a class=\"continue-reading-link\" href=\"https:\/\/etab.ac-reunion.fr\/lyc-antoine-roussin\/creole\/\">Lire la suite<i class=\"crycon-right-dir\"><\/i><\/a><\/p>\n","protected":false},"author":19389,"featured_media":0,"parent":0,"menu_order":0,"comment_status":"closed","ping_status":"closed","template":"","meta":{"footnotes":""},"class_list":["post-11074","page","type-page","status-publish","hentry"],"_links":{"self":[{"href":"https:\/\/etab.ac-reunion.fr\/lyc-antoine-roussin\/wp-json\/wp\/v2\/pages\/11074","targetHints":{"allow":["GET"]}}],"collection":[{"href":"https:\/\/etab.ac-reunion.fr\/lyc-antoine-roussin\/wp-json\/wp\/v2\/pages"}],"about":[{"href":"https:\/\/etab.ac-reunion.fr\/lyc-antoine-roussin\/wp-json\/wp\/v2\/types\/page"}],"author":[{"embeddable":true,"href":"https:\/\/etab.ac-reunion.fr\/lyc-antoine-roussin\/wp-json\/wp\/v2\/users\/19389"}],"replies":[{"embeddable":true,"href":"https:\/\/etab.ac-reunion.fr\/lyc-antoine-roussin\/wp-json\/wp\/v2\/comments?post=11074"}],"version-history":[{"count":16,"href":"https:\/\/etab.ac-reunion.fr\/lyc-antoine-roussin\/wp-json\/wp\/v2\/pages\/11074\/revisions"}],"predecessor-version":[{"id":12779,"href":"https:\/\/etab.ac-reunion.fr\/lyc-antoine-roussin\/wp-json\/wp\/v2\/pages\/11074\/revisions\/12779"}],"wp:attachment":[{"href":"https:\/\/etab.ac-reunion.fr\/lyc-antoine-roussin\/wp-json\/wp\/v2\/media?parent=11074"}],"curies":[{"name":"wp","href":"https:\/\/api.w.org\/{rel}","templated":true}]}}