{"id":12115,"date":"2024-11-23T19:14:20","date_gmt":"2024-11-23T15:14:20","guid":{"rendered":"https:\/\/etab.ac-reunion.fr\/lyc-antoine-roussin\/?page_id=12115"},"modified":"2026-01-24T15:21:15","modified_gmt":"2026-01-24T11:21:15","slug":"association-sportive-du-lycee","status":"publish","type":"page","link":"https:\/\/etab.ac-reunion.fr\/lyc-antoine-roussin\/association-sportive-du-lycee\/","title":{"rendered":"Association Sportive du lyc\u00e9e"},"content":{"rendered":"\n<p class=\"has-text-align-center has-white-color has-luminous-vivid-orange-background-color has-text-color has-background has-link-color has-medium-font-size wp-elements-aaef30f8c1609486cc0abeef813829ad\"><strong>Les activit\u00e9s propos\u00e9es <\/strong><\/p>\n\n\n\n<div class=\"wp-block-media-text is-stacked-on-mobile\"><figure class=\"wp-block-media-text__media\"><a href=\"\/\/www.ffbb.com\/sites\/default\/files\/otm_regelement_jeu\/1a._reglement_officiel_du_basketball_2022_-_version_francaise_-_bvr_-2024-03-12-.pdf\"><img loading=\"lazy\" decoding=\"async\" width=\"1024\" height=\"705\" src=\"https:\/\/etab.ac-reunion.fr\/lyc-antoine-roussin\/wp-content\/uploads\/sites\/92\/2024\/11\/pexels-bk-aguilar-296797-945471-1024x705.jpg\" alt=\"\" class=\"wp-image-12117 size-full\" srcset=\"https:\/\/etab.ac-reunion.fr\/lyc-antoine-roussin\/wp-content\/uploads\/sites\/92\/2024\/11\/pexels-bk-aguilar-296797-945471-1024x705.jpg 1024w, https:\/\/etab.ac-reunion.fr\/lyc-antoine-roussin\/wp-content\/uploads\/sites\/92\/2024\/11\/pexels-bk-aguilar-296797-945471-300x207.jpg 300w, https:\/\/etab.ac-reunion.fr\/lyc-antoine-roussin\/wp-content\/uploads\/sites\/92\/2024\/11\/pexels-bk-aguilar-296797-945471-768x529.jpg 768w, https:\/\/etab.ac-reunion.fr\/lyc-antoine-roussin\/wp-content\/uploads\/sites\/92\/2024\/11\/pexels-bk-aguilar-296797-945471-1536x1058.jpg 1536w, https:\/\/etab.ac-reunion.fr\/lyc-antoine-roussin\/wp-content\/uploads\/sites\/92\/2024\/11\/pexels-bk-aguilar-296797-945471-2048x1411.jpg 2048w, https:\/\/etab.ac-reunion.fr\/lyc-antoine-roussin\/wp-content\/uploads\/sites\/92\/2024\/11\/pexels-bk-aguilar-296797-945471-150x103.jpg 150w\" sizes=\"auto, (max-width: 1024px) 100vw, 1024px\" \/><\/a><\/figure><div class=\"wp-block-media-text__content\">\n<p class=\"has-large-font-size\"><a href=\"https:\/\/etab.ac-reunion.fr\/lyc-antoine-roussin\/wp-content\/uploads\/sites\/92\/2026\/01\/basket-2026.pdf\">Basket-Ball<\/a><\/p>\n<\/div><\/div>\n\n\n\n<p><\/p>\n\n\n\n<div class=\"wp-block-media-text is-stacked-on-mobile\"><figure class=\"wp-block-media-text__media\"><img loading=\"lazy\" decoding=\"async\" width=\"1024\" height=\"683\" src=\"https:\/\/etab.ac-reunion.fr\/lyc-antoine-roussin\/wp-content\/uploads\/sites\/92\/2024\/11\/pexels-mikez-12312-1024x683.jpg\" alt=\"\" class=\"wp-image-12118 size-full\" srcset=\"https:\/\/etab.ac-reunion.fr\/lyc-antoine-roussin\/wp-content\/uploads\/sites\/92\/2024\/11\/pexels-mikez-12312-1024x683.jpg 1024w, https:\/\/etab.ac-reunion.fr\/lyc-antoine-roussin\/wp-content\/uploads\/sites\/92\/2024\/11\/pexels-mikez-12312-300x200.jpg 300w, https:\/\/etab.ac-reunion.fr\/lyc-antoine-roussin\/wp-content\/uploads\/sites\/92\/2024\/11\/pexels-mikez-12312-768x512.jpg 768w, https:\/\/etab.ac-reunion.fr\/lyc-antoine-roussin\/wp-content\/uploads\/sites\/92\/2024\/11\/pexels-mikez-12312-1536x1024.jpg 1536w, https:\/\/etab.ac-reunion.fr\/lyc-antoine-roussin\/wp-content\/uploads\/sites\/92\/2024\/11\/pexels-mikez-12312-2048x1365.jpg 2048w, https:\/\/etab.ac-reunion.fr\/lyc-antoine-roussin\/wp-content\/uploads\/sites\/92\/2024\/11\/pexels-mikez-12312-150x100.jpg 150w\" sizes=\"auto, (max-width: 1024px) 100vw, 1024px\" \/><\/figure><div class=\"wp-block-media-text__content\">\n<p class=\"has-large-font-size\"><a href=\"https:\/\/etab.ac-reunion.fr\/lyc-antoine-roussin\/wp-content\/uploads\/sites\/92\/2026\/01\/danse-2026.pdf\">Danse<\/a><\/p>\n<\/div><\/div>\n\n\n\n<p><\/p>\n\n\n\n<div class=\"wp-block-media-text is-stacked-on-mobile\"><figure class=\"wp-block-media-text__media\"><img loading=\"lazy\" decoding=\"async\" width=\"1024\" height=\"683\" src=\"https:\/\/etab.ac-reunion.fr\/lyc-antoine-roussin\/wp-content\/uploads\/sites\/92\/2024\/11\/pexels-brett-sayles-1574216-1024x683.jpg\" alt=\"\" class=\"wp-image-12119 size-full\" srcset=\"https:\/\/etab.ac-reunion.fr\/lyc-antoine-roussin\/wp-content\/uploads\/sites\/92\/2024\/11\/pexels-brett-sayles-1574216-1024x683.jpg 1024w, https:\/\/etab.ac-reunion.fr\/lyc-antoine-roussin\/wp-content\/uploads\/sites\/92\/2024\/11\/pexels-brett-sayles-1574216-300x200.jpg 300w, https:\/\/etab.ac-reunion.fr\/lyc-antoine-roussin\/wp-content\/uploads\/sites\/92\/2024\/11\/pexels-brett-sayles-1574216-768x512.jpg 768w, https:\/\/etab.ac-reunion.fr\/lyc-antoine-roussin\/wp-content\/uploads\/sites\/92\/2024\/11\/pexels-brett-sayles-1574216-1536x1024.jpg 1536w, https:\/\/etab.ac-reunion.fr\/lyc-antoine-roussin\/wp-content\/uploads\/sites\/92\/2024\/11\/pexels-brett-sayles-1574216-2048x1365.jpg 2048w, https:\/\/etab.ac-reunion.fr\/lyc-antoine-roussin\/wp-content\/uploads\/sites\/92\/2024\/11\/pexels-brett-sayles-1574216-150x100.jpg 150w\" sizes=\"auto, (max-width: 1024px) 100vw, 1024px\" \/><\/figure><div class=\"wp-block-media-text__content\">\n<p class=\"has-large-font-size\"><a href=\"https:\/\/etab.ac-reunion.fr\/lyc-antoine-roussin\/wp-content\/uploads\/sites\/92\/2026\/01\/escalade-2026-1.pdf\">Escalade<\/a><\/p>\n<\/div><\/div>\n\n\n\n<p><\/p>\n\n\n\n<div class=\"wp-block-media-text is-stacked-on-mobile\"><figure class=\"wp-block-media-text__media\"><img loading=\"lazy\" decoding=\"async\" width=\"1024\" height=\"683\" src=\"https:\/\/etab.ac-reunion.fr\/lyc-antoine-roussin\/wp-content\/uploads\/sites\/92\/2024\/11\/pexels-franco-monsalvo-252430633-29388472-1024x683.jpg\" alt=\"\" class=\"wp-image-12120 size-full\" srcset=\"https:\/\/etab.ac-reunion.fr\/lyc-antoine-roussin\/wp-content\/uploads\/sites\/92\/2024\/11\/pexels-franco-monsalvo-252430633-29388472-1024x683.jpg 1024w, https:\/\/etab.ac-reunion.fr\/lyc-antoine-roussin\/wp-content\/uploads\/sites\/92\/2024\/11\/pexels-franco-monsalvo-252430633-29388472-300x200.jpg 300w, https:\/\/etab.ac-reunion.fr\/lyc-antoine-roussin\/wp-content\/uploads\/sites\/92\/2024\/11\/pexels-franco-monsalvo-252430633-29388472-768x512.jpg 768w, https:\/\/etab.ac-reunion.fr\/lyc-antoine-roussin\/wp-content\/uploads\/sites\/92\/2024\/11\/pexels-franco-monsalvo-252430633-29388472-1536x1024.jpg 1536w, https:\/\/etab.ac-reunion.fr\/lyc-antoine-roussin\/wp-content\/uploads\/sites\/92\/2024\/11\/pexels-franco-monsalvo-252430633-29388472-2048x1365.jpg 2048w, https:\/\/etab.ac-reunion.fr\/lyc-antoine-roussin\/wp-content\/uploads\/sites\/92\/2024\/11\/pexels-franco-monsalvo-252430633-29388472-150x100.jpg 150w\" sizes=\"auto, (max-width: 1024px) 100vw, 1024px\" \/><\/figure><div class=\"wp-block-media-text__content\">\n<p class=\"has-large-font-size\"><a href=\"https:\/\/etab.ac-reunion.fr\/lyc-antoine-roussin\/wp-content\/uploads\/sites\/92\/2026\/01\/futsal-2026.pdf\">Futsal<\/a><\/p>\n<\/div><\/div>\n\n\n\n<p><\/p>\n\n\n\n<div class=\"wp-block-media-text is-stacked-on-mobile\"><figure class=\"wp-block-media-text__media\"><img loading=\"lazy\" decoding=\"async\" width=\"1024\" height=\"683\" src=\"https:\/\/etab.ac-reunion.fr\/lyc-antoine-roussin\/wp-content\/uploads\/sites\/92\/2024\/11\/pexels-victorfreitas-931321-1-1024x683.jpg\" alt=\"\" class=\"wp-image-12121 size-full\" srcset=\"https:\/\/etab.ac-reunion.fr\/lyc-antoine-roussin\/wp-content\/uploads\/sites\/92\/2024\/11\/pexels-victorfreitas-931321-1-1024x683.jpg 1024w, https:\/\/etab.ac-reunion.fr\/lyc-antoine-roussin\/wp-content\/uploads\/sites\/92\/2024\/11\/pexels-victorfreitas-931321-1-300x200.jpg 300w, https:\/\/etab.ac-reunion.fr\/lyc-antoine-roussin\/wp-content\/uploads\/sites\/92\/2024\/11\/pexels-victorfreitas-931321-1-768x512.jpg 768w, https:\/\/etab.ac-reunion.fr\/lyc-antoine-roussin\/wp-content\/uploads\/sites\/92\/2024\/11\/pexels-victorfreitas-931321-1-1536x1024.jpg 1536w, https:\/\/etab.ac-reunion.fr\/lyc-antoine-roussin\/wp-content\/uploads\/sites\/92\/2024\/11\/pexels-victorfreitas-931321-1-2048x1365.jpg 2048w, https:\/\/etab.ac-reunion.fr\/lyc-antoine-roussin\/wp-content\/uploads\/sites\/92\/2024\/11\/pexels-victorfreitas-931321-1-150x100.jpg 150w\" sizes=\"auto, (max-width: 1024px) 100vw, 1024px\" \/><\/figure><div class=\"wp-block-media-text__content\">\n<p class=\"has-large-font-size\"><a href=\"https:\/\/etab.ac-reunion.fr\/lyc-antoine-roussin\/wp-content\/uploads\/sites\/92\/2026\/01\/musculation-2026.pdf\">Musculation<\/a><\/p>\n<\/div><\/div>\n\n\n\n<p><\/p>\n\n\n\n<p class=\"has-text-align-center has-white-color has-luminous-vivid-orange-background-color has-text-color has-background has-link-color has-medium-font-size wp-elements-c99d8101526a2d7e379cf7c7936fb8f3\">L<strong>e Planning 2025-2026 <\/strong><\/p>\n\n\n\n<figure class=\"wp-block-table\"><table class=\"has-white-color has-vivid-cyan-blue-background-color has-text-color has-background has-link-color has-fixed-layout\"><tbody><tr><td><strong>&nbsp;<\/strong><\/td><td><strong>LUNDI<\/strong><\/td><td><strong>MARDI<\/strong><\/td><td><strong>MERCREDI<\/strong><\/td><td><strong>JEUDI<\/strong><\/td><\/tr><tr><td><strong>MUSCULATION<\/strong> <strong>M. R\u00e9p\u00e9caud<\/strong><\/td><td><strong>&nbsp;<\/strong><\/td><td><strong>11 h50- 12 h 50<\/strong> <strong>Lyc\u00e9e<\/strong><\/td><td><strong>&nbsp;<\/strong><\/td><td><strong>11 h50- 12 h 50<\/strong> <strong>Lyc\u00e9e<\/strong><\/td><\/tr><tr><td><strong>FUTSAL<\/strong><br><strong>M. R\u00e9p\u00e9caud<\/strong><\/td><td><\/td><td><strong>11 h 50- 12 h 50<\/strong> <strong>Lyc\u00e9e<\/strong><\/td><td><strong>&nbsp;Comp\u00e9tition<\/strong><\/td><td><strong>11 h 50- 12 h 50<\/strong> <strong>Lyc\u00e9e<\/strong><\/td><\/tr><tr><td><strong>ESCALADE<\/strong><br><strong>M. Caillaud<\/strong><\/td><td><\/td><td><strong>&nbsp;<\/strong><\/td><td><strong>&nbsp;13h30-16H00<\/strong><br><strong>Gymnase Schoelcher<\/strong><\/td><td><\/td><\/tr><tr><td><strong>BASKET BALL<\/strong><br><strong>M. Gonzales<\/strong><\/td><td><strong>11h 50- 12h50 Gymnase Roches Maigres<\/strong><\/td><td><strong>&nbsp;<\/strong><\/td><td><strong>Comp\u00e9tition<\/strong><\/td><td><strong>11h 50- 12h50 Gymnase Roches Maigres<\/strong><\/td><\/tr><tr><td><strong>DANSE<br>M. R\u00e9p\u00e9caud<\/strong><\/td><td><strong>&nbsp;<\/strong><\/td><td><strong>11h50-12h50<br>Lyc\u00e9e<\/strong><\/td><td><\/td><td><strong>11h50-12h50<br>Lyc\u00e9e<\/strong><\/td><\/tr><\/tbody><\/table><\/figure>\n\n\n\n<p class=\"has-medium-font-size\"><strong>La cotisation est de 15 euros pour une ou plusieurs activit\u00e9s + fiche d&rsquo;inscription<\/strong><\/p>\n\n\n\n<p class=\"has-medium-font-size\"><strong>Les ch\u00e8ques sont \u00e0 libeller au nom de l\u2019association sportive du lyc\u00e9e Antoine Roussin<\/strong><\/p>\n\n\n\n<p><\/p>\n\n\n\n<div class=\"wp-block-buttons is-layout-flex wp-block-buttons-is-layout-flex\">\n<div class=\"wp-block-button\"><a class=\"wp-block-button__link wp-element-button\" href=\"https:\/\/etab.ac-reunion.fr\/lyc-antoine-roussin\/category\/les_enseignements\/activites_periscolaires\/unss\/\">Quelques projets sportifs<\/a><\/div>\n<\/div>\n\n\n\n<p><\/p>\n","protected":false},"excerpt":{"rendered":"<p>Les activit\u00e9s propos\u00e9es Basket-Ball Danse Escalade Futsal Musculation Le Planning 2025-2026 &nbsp; LUNDI MARDI MERCREDI JEUDI MUSCULATION M. R\u00e9p\u00e9caud &nbsp; 11 h50- 12 h 50 Lyc\u00e9e &nbsp; 11 h50- 12 h 50 Lyc\u00e9e FUTSALM. R\u00e9p\u00e9caud 11 h 50- 12 h 50 Lyc\u00e9e &nbsp;Comp\u00e9tition 11 h 50- 12 h 50 Lyc\u00e9e&#8230;<\/p>\n<p class=\"continue-reading-button\"> <a class=\"continue-reading-link\" href=\"https:\/\/etab.ac-reunion.fr\/lyc-antoine-roussin\/association-sportive-du-lycee\/\">Lire la suite<i class=\"crycon-right-dir\"><\/i><\/a><\/p>\n","protected":false},"author":19389,"featured_media":0,"parent":0,"menu_order":0,"comment_status":"closed","ping_status":"closed","template":"","meta":{"footnotes":""},"class_list":["post-12115","page","type-page","status-publish","hentry"],"_links":{"self":[{"href":"https:\/\/etab.ac-reunion.fr\/lyc-antoine-roussin\/wp-json\/wp\/v2\/pages\/12115","targetHints":{"allow":["GET"]}}],"collection":[{"href":"https:\/\/etab.ac-reunion.fr\/lyc-antoine-roussin\/wp-json\/wp\/v2\/pages"}],"about":[{"href":"https:\/\/etab.ac-reunion.fr\/lyc-antoine-roussin\/wp-json\/wp\/v2\/types\/page"}],"author":[{"embeddable":true,"href":"https:\/\/etab.ac-reunion.fr\/lyc-antoine-roussin\/wp-json\/wp\/v2\/users\/19389"}],"replies":[{"embeddable":true,"href":"https:\/\/etab.ac-reunion.fr\/lyc-antoine-roussin\/wp-json\/wp\/v2\/comments?post=12115"}],"version-history":[{"count":15,"href":"https:\/\/etab.ac-reunion.fr\/lyc-antoine-roussin\/wp-json\/wp\/v2\/pages\/12115\/revisions"}],"predecessor-version":[{"id":14082,"href":"https:\/\/etab.ac-reunion.fr\/lyc-antoine-roussin\/wp-json\/wp\/v2\/pages\/12115\/revisions\/14082"}],"wp:attachment":[{"href":"https:\/\/etab.ac-reunion.fr\/lyc-antoine-roussin\/wp-json\/wp\/v2\/media?parent=12115"}],"curies":[{"name":"wp","href":"https:\/\/api.w.org\/{rel}","templated":true}]}}