{"id":12186,"date":"2024-12-08T16:57:47","date_gmt":"2024-12-08T12:57:47","guid":{"rendered":"https:\/\/etab.ac-reunion.fr\/lyc-antoine-roussin\/?page_id=12186"},"modified":"2024-12-08T19:31:13","modified_gmt":"2024-12-08T15:31:13","slug":"theatre-option-de-specialite","status":"publish","type":"page","link":"https:\/\/etab.ac-reunion.fr\/lyc-antoine-roussin\/theatre-option-de-specialite\/","title":{"rendered":"Th\u00e9\u00e2tre : option de sp\u00e9cialit\u00e9"},"content":{"rendered":"<div class=\"wp-block-image\">\n<figure class=\"aligncenter\"><img loading=\"lazy\" decoding=\"async\" width=\"458\" height=\"306\" src=\"https:\/\/etab.ac-reunion.fr\/lyc-antoine-roussin\/wp-content\/uploads\/sites\/92\/2020\/06\/Best-Drama-Schools-in-London-Top-5.jpg\" alt=\"\" class=\"wp-image-6876\" srcset=\"https:\/\/etab.ac-reunion.fr\/lyc-antoine-roussin\/wp-content\/uploads\/sites\/92\/2020\/06\/Best-Drama-Schools-in-London-Top-5.jpg 458w, https:\/\/etab.ac-reunion.fr\/lyc-antoine-roussin\/wp-content\/uploads\/sites\/92\/2020\/06\/Best-Drama-Schools-in-London-Top-5-300x200.jpg 300w, https:\/\/etab.ac-reunion.fr\/lyc-antoine-roussin\/wp-content\/uploads\/sites\/92\/2020\/06\/Best-Drama-Schools-in-London-Top-5-150x100.jpg 150w\" sizes=\"auto, (max-width: 458px) 100vw, 458px\" \/><\/figure>\n<\/div>\n\n\n<p><\/p>\n\n\n\n<p>L&rsquo;option s\u2019adresse \u00e0 tous les \u00e9l\u00e8ves \u00e0 la fin de leur ann\u00e9e de seconde (qu\u2019ils aient ou non particip\u00e9 \u00e0 l\u2019option facultative th\u00e9\u00e2tre en seconde) (dans la limite de 20 \u00e9l\u00e8ves pour chaque groupe) et compte 4 heures en premi\u00e8re (deux heures de pratique au plateau et deux heures de th\u00e9orie) et d\u00e9sormais 6 heures en terminale (3 heures au plateau et 3 heures de th\u00e9orie).<\/p>\n\n\n\n<p>Elle vous permettra de travailler avec cr\u00e9ativit\u00e9 autour de textes vari\u00e9s, de l\u2019antiquit\u00e9 \u00e0 aujourd\u2019hui, avec votre professeur de th\u00e9\u00e2tre et deux artistes partenaires (un pour chaque semestre).<\/p>\n\n\n\n<p>Vous aurez l\u2019opportunit\u00e9 de sortir en soir\u00e9e pour d\u00e9couvrir et analyser le spectacle vivant, de rencontrer des professionnels du th\u00e9\u00e2tre et de proposer de petites formes th\u00e9\u00e2trales \u00e0 un public choisi. Vous pouvez aussi suivre en parall\u00e8le l\u2019option facultative th\u00e9\u00e2tre le mercredi apr\u00e8s-midi.<\/p>\n\n\n\n<p>Sylvie Mallet-Pouteau<\/p>\n\n\n\n<div class=\"wp-block-buttons is-layout-flex wp-block-buttons-is-layout-flex\">\n<div class=\"wp-block-button\"><a class=\"wp-block-button__link wp-element-button\" href=\"https:\/\/etab.ac-reunion.fr\/lyc-antoine-roussin\/la-specialite-theatre-au-lycee-antoine-roussin\/\">Cliquez pour plus d&rsquo;informations<\/a><\/div>\n<\/div>\n","protected":false},"excerpt":{"rendered":"<p>L&rsquo;option s\u2019adresse \u00e0 tous les \u00e9l\u00e8ves \u00e0 la fin de leur ann\u00e9e de seconde (qu\u2019ils aient ou non particip\u00e9 \u00e0 l\u2019option facultative th\u00e9\u00e2tre en seconde) (dans la limite de 20 \u00e9l\u00e8ves pour chaque groupe) et compte 4 heures en premi\u00e8re (deux heures de pratique au plateau et deux heures de&#8230;<\/p>\n<p class=\"continue-reading-button\"> <a class=\"continue-reading-link\" href=\"https:\/\/etab.ac-reunion.fr\/lyc-antoine-roussin\/theatre-option-de-specialite\/\">Lire la suite<i class=\"crycon-right-dir\"><\/i><\/a><\/p>\n","protected":false},"author":19389,"featured_media":0,"parent":0,"menu_order":0,"comment_status":"closed","ping_status":"closed","template":"","meta":{"footnotes":""},"class_list":["post-12186","page","type-page","status-publish","hentry"],"_links":{"self":[{"href":"https:\/\/etab.ac-reunion.fr\/lyc-antoine-roussin\/wp-json\/wp\/v2\/pages\/12186","targetHints":{"allow":["GET"]}}],"collection":[{"href":"https:\/\/etab.ac-reunion.fr\/lyc-antoine-roussin\/wp-json\/wp\/v2\/pages"}],"about":[{"href":"https:\/\/etab.ac-reunion.fr\/lyc-antoine-roussin\/wp-json\/wp\/v2\/types\/page"}],"author":[{"embeddable":true,"href":"https:\/\/etab.ac-reunion.fr\/lyc-antoine-roussin\/wp-json\/wp\/v2\/users\/19389"}],"replies":[{"embeddable":true,"href":"https:\/\/etab.ac-reunion.fr\/lyc-antoine-roussin\/wp-json\/wp\/v2\/comments?post=12186"}],"version-history":[{"count":5,"href":"https:\/\/etab.ac-reunion.fr\/lyc-antoine-roussin\/wp-json\/wp\/v2\/pages\/12186\/revisions"}],"predecessor-version":[{"id":12223,"href":"https:\/\/etab.ac-reunion.fr\/lyc-antoine-roussin\/wp-json\/wp\/v2\/pages\/12186\/revisions\/12223"}],"wp:attachment":[{"href":"https:\/\/etab.ac-reunion.fr\/lyc-antoine-roussin\/wp-json\/wp\/v2\/media?parent=12186"}],"curies":[{"name":"wp","href":"https:\/\/api.w.org\/{rel}","templated":true}]}}