{"id":624,"date":"2019-07-26T08:17:19","date_gmt":"2019-07-26T05:17:19","guid":{"rendered":"http:\/\/lycee-antoine-roussin.ac-reunion.fr\/?page_id=624"},"modified":"2024-09-19T08:35:33","modified_gmt":"2024-09-19T04:35:33","slug":"les-statistiques-2011-2014","status":"publish","type":"page","link":"https:\/\/etab.ac-reunion.fr\/lyc-antoine-roussin\/le-lycee\/les-statistiques-2011-2014\/","title":{"rendered":"Les statistiques du Bac 2024"},"content":{"rendered":"\n<p class=\"has-black-color has-text-color has-background has-link-color wp-elements-dc8fed119a5d35a89dbe34f4a8cf39a4\" style=\"background-color:#3fd10054\"><strong>S\u00e9ries G\u00e9n\u00e9rales : <\/strong><\/p>\n\n\n\n<p><em>Taux de r\u00e9ussite : 93.2%<\/em><\/p>\n\n\n\n<figure class=\"wp-block-table\"><table class=\"has-fixed-layout\"><tbody><tr><td>Mentions S\u00e9ries G\u00e9n\u00e9rales<\/td><td>Taux<\/td><\/tr><tr><td>Mentions TB<\/td><td>4.2%<\/td><\/tr><tr><td>Mentions B<\/td><td>14.4%<\/td><\/tr><tr><td>Mentions AB<\/td><td>24.4%<\/td><\/tr><\/tbody><\/table><\/figure>\n\n\n\n<p class=\"has-background\" style=\"background-color:#8ddafc\"><strong>S\u00e9ries Technologiques : <\/strong><\/p>\n\n\n\n<p><em>Taux de r\u00e9ussite : 77.9%<\/em><\/p>\n\n\n\n<figure class=\"wp-block-table\"><table class=\"has-fixed-layout\"><tbody><tr><td>Mentions S\u00e9ries Technologiques<\/td><td>Taux<\/td><\/tr><tr><td>Mentions TB<\/td><td>0.8%<\/td><\/tr><tr><td>Mentions B<\/td><td>7.4%<\/td><\/tr><tr><td>Mentions AB<\/td><td>16.4%<\/td><\/tr><\/tbody><\/table><\/figure>\n","protected":false},"excerpt":{"rendered":"<p>S\u00e9ries G\u00e9n\u00e9rales : Taux de r\u00e9ussite : 93.2% Mentions S\u00e9ries G\u00e9n\u00e9rales Taux Mentions TB 4.2% Mentions B 14.4% Mentions AB 24.4% S\u00e9ries Technologiques : Taux de r\u00e9ussite : 77.9% Mentions S\u00e9ries Technologiques Taux Mentions TB 0.8% Mentions B 7.4% Mentions AB 16.4%<\/p>\n<p class=\"continue-reading-button\"> <a class=\"continue-reading-link\" href=\"https:\/\/etab.ac-reunion.fr\/lyc-antoine-roussin\/le-lycee\/les-statistiques-2011-2014\/\">Lire la suite<i class=\"crycon-right-dir\"><\/i><\/a><\/p>\n","protected":false},"author":2239,"featured_media":0,"parent":20,"menu_order":2,"comment_status":"closed","ping_status":"closed","template":"","meta":{"footnotes":""},"class_list":["post-624","page","type-page","status-publish","hentry"],"_links":{"self":[{"href":"https:\/\/etab.ac-reunion.fr\/lyc-antoine-roussin\/wp-json\/wp\/v2\/pages\/624","targetHints":{"allow":["GET"]}}],"collection":[{"href":"https:\/\/etab.ac-reunion.fr\/lyc-antoine-roussin\/wp-json\/wp\/v2\/pages"}],"about":[{"href":"https:\/\/etab.ac-reunion.fr\/lyc-antoine-roussin\/wp-json\/wp\/v2\/types\/page"}],"author":[{"embeddable":true,"href":"https:\/\/etab.ac-reunion.fr\/lyc-antoine-roussin\/wp-json\/wp\/v2\/users\/2239"}],"replies":[{"embeddable":true,"href":"https:\/\/etab.ac-reunion.fr\/lyc-antoine-roussin\/wp-json\/wp\/v2\/comments?post=624"}],"version-history":[{"count":11,"href":"https:\/\/etab.ac-reunion.fr\/lyc-antoine-roussin\/wp-json\/wp\/v2\/pages\/624\/revisions"}],"predecessor-version":[{"id":11259,"href":"https:\/\/etab.ac-reunion.fr\/lyc-antoine-roussin\/wp-json\/wp\/v2\/pages\/624\/revisions\/11259"}],"up":[{"embeddable":true,"href":"https:\/\/etab.ac-reunion.fr\/lyc-antoine-roussin\/wp-json\/wp\/v2\/pages\/20"}],"wp:attachment":[{"href":"https:\/\/etab.ac-reunion.fr\/lyc-antoine-roussin\/wp-json\/wp\/v2\/media?parent=624"}],"curies":[{"name":"wp","href":"https:\/\/api.w.org\/{rel}","templated":true}]}}