{"id":6249,"date":"2019-08-20T16:21:26","date_gmt":"2019-08-20T13:21:26","guid":{"rendered":"http:\/\/lycee-antoine-roussin.ac-reunion.fr\/?page_id=6249"},"modified":"2025-12-22T15:19:56","modified_gmt":"2025-12-22T11:19:56","slug":"personnel-service-general-restauration","status":"publish","type":"page","link":"https:\/\/etab.ac-reunion.fr\/lyc-antoine-roussin\/personnel-service-general-restauration\/","title":{"rendered":"Personnel Service G\u00e9n\u00e9ral\/Restauration 2025-2026"},"content":{"rendered":"\n<figure class=\"wp-block-table\"><table><tbody><tr><td><strong>SERVICE G\u00c9N\u00c9RAL<\/strong><\/td><\/tr><tr><td>NOM &#8211; PR\u00c9NOM<\/td><\/tr><tr><td>BAZIN Dan<\/td><\/tr><tr><td>BEGUE Alexandre<\/td><\/tr><tr><td>BENARD Armand<\/td><\/tr><tr><td>BORGA Franco<\/td><\/tr><tr><td>CADET Isabelle<\/td><\/tr><tr><td>GEVIA Gregory<\/td><\/tr><tr><td>LAMBINO Marie Colette<\/td><\/tr><tr><td>LATCHIMY Jean Fabrice<\/td><\/tr><tr><td>MAILLOT Jacky<\/td><\/tr><tr><td>MAMOSA J\u00e9r\u00f4me<\/td><\/tr><tr><td>MONTEGU Jean Verg\u00e8s<\/td><\/tr><tr><td>PAYET Jean-Fran\u00e7ois<\/td><\/tr><tr><td>PAYET Jean-Ren\u00e9<\/td><\/tr><tr><td>PAYET Marie-Anick<\/td><\/tr><tr><td>RANGAMA Jonathan<\/td><\/tr><tr><td>RICHARDSON St\u00e9phanie<\/td><\/tr><tr><td>ROBERT R\u00e9my<\/td><\/tr><tr><td>SOUDAROM Denis<\/td><\/tr><tr><td>TECHER Gis\u00e8le<\/td><\/tr><tr><td>VALIAMA Jean-Michel<\/td><\/tr><tr><td>VALMY Marie-Rose<\/td><\/tr><\/tbody><\/table><\/figure>\n\n\n\n<figure class=\"wp-block-table\"><table><tbody><tr><td><strong>CUISINE<\/strong><\/td><\/tr><tr><td>NOM &#8211; PR\u00c9NOM<\/td><\/tr><tr><td>MIRANVILLE Andr\u00e9 \/ SIMAMOUTOU Sabrina = AGENTS CHEFS<\/td><\/tr><tr><td>BIQUEMA Florian<\/td><\/tr><tr><td>CHEKIMANINDRAVOUTIN Jimmy<\/td><\/tr><tr><td>GIRAUDON Lionnel<\/td><\/tr><tr><td>HOARAU St\u00e9phane<\/td><\/tr><tr><td>LAMOLY Sheila<\/td><\/tr><tr><td>MOELLON Didier<\/td><\/tr><tr><td>PAJANIAYE Jean Michel<\/td><\/tr><tr><td>RICHARDSON Guy<\/td><\/tr><tr><td>SAMARIA Philippe<\/td><\/tr><tr><td>TISARIA Sandrine<\/td><\/tr><tr><td>VIRADE Alfred<\/td><\/tr><\/tbody><\/table><\/figure>\n\n\n\n<p><\/p>\n\n\n\n<figure class=\"wp-block-table\"><table class=\"has-fixed-layout\"><tbody><tr><td><strong>EMATT<\/strong><\/td><\/tr><tr><td>DARID Georges<\/td><\/tr><tr><td>BEAUROY-EUSTACHE Guy<\/td><\/tr><\/tbody><\/table><\/figure>\n","protected":false},"excerpt":{"rendered":"<p>SERVICE G\u00c9N\u00c9RAL NOM &#8211; PR\u00c9NOM BAZIN Dan BEGUE Alexandre BENARD Armand BORGA Franco CADET Isabelle GEVIA Gregory LAMBINO Marie Colette LATCHIMY Jean Fabrice MAILLOT Jacky MAMOSA J\u00e9r\u00f4me MONTEGU Jean Verg\u00e8s PAYET Jean-Fran\u00e7ois PAYET Jean-Ren\u00e9 PAYET Marie-Anick RANGAMA Jonathan RICHARDSON St\u00e9phanie ROBERT R\u00e9my SOUDAROM Denis TECHER Gis\u00e8le VALIAMA Jean-Michel VALMY Marie-Rose&#8230;<\/p>\n<p class=\"continue-reading-button\"> <a class=\"continue-reading-link\" href=\"https:\/\/etab.ac-reunion.fr\/lyc-antoine-roussin\/personnel-service-general-restauration\/\">Lire la suite<i class=\"crycon-right-dir\"><\/i><\/a><\/p>\n","protected":false},"author":19389,"featured_media":0,"parent":0,"menu_order":0,"comment_status":"closed","ping_status":"closed","template":"","meta":{"footnotes":""},"class_list":["post-6249","page","type-page","status-publish","hentry"],"_links":{"self":[{"href":"https:\/\/etab.ac-reunion.fr\/lyc-antoine-roussin\/wp-json\/wp\/v2\/pages\/6249","targetHints":{"allow":["GET"]}}],"collection":[{"href":"https:\/\/etab.ac-reunion.fr\/lyc-antoine-roussin\/wp-json\/wp\/v2\/pages"}],"about":[{"href":"https:\/\/etab.ac-reunion.fr\/lyc-antoine-roussin\/wp-json\/wp\/v2\/types\/page"}],"author":[{"embeddable":true,"href":"https:\/\/etab.ac-reunion.fr\/lyc-antoine-roussin\/wp-json\/wp\/v2\/users\/19389"}],"replies":[{"embeddable":true,"href":"https:\/\/etab.ac-reunion.fr\/lyc-antoine-roussin\/wp-json\/wp\/v2\/comments?post=6249"}],"version-history":[{"count":6,"href":"https:\/\/etab.ac-reunion.fr\/lyc-antoine-roussin\/wp-json\/wp\/v2\/pages\/6249\/revisions"}],"predecessor-version":[{"id":13989,"href":"https:\/\/etab.ac-reunion.fr\/lyc-antoine-roussin\/wp-json\/wp\/v2\/pages\/6249\/revisions\/13989"}],"wp:attachment":[{"href":"https:\/\/etab.ac-reunion.fr\/lyc-antoine-roussin\/wp-json\/wp\/v2\/media?parent=6249"}],"curies":[{"name":"wp","href":"https:\/\/api.w.org\/{rel}","templated":true}]}}