{"id":95,"date":"2014-06-27T13:31:06","date_gmt":"2014-06-27T09:31:06","guid":{"rendered":"http:\/\/lycee-antoine-roussin-tmp.ac-reunion.fr\/?page_id=95"},"modified":"2025-09-22T21:39:20","modified_gmt":"2025-09-22T17:39:20","slug":"personnel-vie-scolaire","status":"publish","type":"page","link":"https:\/\/etab.ac-reunion.fr\/lyc-antoine-roussin\/le-lycee\/personnels\/personnel-non-enseignant\/personnel-vie-scolaire\/","title":{"rendered":"Personnel vie scolaire"},"content":{"rendered":"<p><strong>Conseillers Principaux d\u2019\u00c9ducation (CPE)<\/strong><\/p>\n<p>Mme DIJOUX Isabelle \/ Mme COULAMA Ang\u00e9lique<\/p>\n<p>M. RIQUEL Thierry<\/p>\n<p>M. TIRPEDIAN Daniel<\/p>\n<p><strong>AUTRES PERSONNELS \u00e0 la Vie Scolaire (AED &#8211; PEC &#8211; SERVICE CIVIQUE)<\/strong><\/p>\n<p><strong>Assistants d&rsquo;\u00e9ducation (AED)<\/strong><\/p>\n<p><em>Externat :<\/em><\/p>\n<p>Mme AARON Marcy<\/p>\n<p>Mme DALLEAU Anne Claire<\/p>\n<p>Mme DUPRIEZ Anna<\/p>\n<p>M. MAECHA Daroussi<\/p>\n<p>Mme MARIQUIVOI D\u00e9sia<\/p>\n<p>Mme SAVIGNAN Sandra<\/p>\n<p>M. SAVIGNY Yohan<\/p>\n<p><em>Internat :\u00a0<\/em><\/p>\n<p>M. ABRADOR Candice<\/p>\n<p>M. DANY Mathieu<\/p>\n<p>Mme EMMA Alexia<\/p>\n<p>M. HAMILCARO Ludovic<\/p>\n<p>Mme HECALE Johanna<\/p>\n<p>M. LEONIE Ludovic<\/p>\n<p>Mme LEPERLIER Marine<\/p>\n<p>M. MASSEAUX Vincent<\/p>\n<p>Mme MINATCHY SINIEN Audrey<\/p>\n<p>Mme NAZE Marion<\/p>\n<p>Mme PAYET Laurence<\/p>\n<p>Mme TETU Prudence<\/p>\n<p><strong>Maison des Lyc\u00e9ens et des \u00e9tudiants (MDLE)<\/strong><\/p>\n<p>(Service civique)<\/p>\n<p><strong>Les assistants p\u00e9dagogiques<\/strong><\/p>\n<p>Mme MOULTSON Sandrine (Maths)<\/p>\n<p>Mme PAYET Aurore (Anglais)<\/p>\n<p>Mme\/ M.\u00a0 (Lettres)<\/p>\n<p><strong>AESH<\/strong><\/p>\n<p>M. CHASSAN Gianni<\/p>\n<p>M. LATCHIMY Roger<\/p>\n<p>M. RAVIER S\u00e9bastien<\/p>\n","protected":false},"excerpt":{"rendered":"<p>Conseillers Principaux d\u2019\u00c9ducation (CPE) Mme DIJOUX Isabelle \/ Mme COULAMA Ang\u00e9lique M. RIQUEL Thierry M. TIRPEDIAN Daniel AUTRES PERSONNELS \u00e0 la Vie Scolaire (AED &#8211; PEC &#8211; SERVICE CIVIQUE) Assistants d&rsquo;\u00e9ducation (AED) Externat : Mme AARON Marcy Mme DALLEAU Anne Claire Mme DUPRIEZ Anna M. MAECHA Daroussi Mme MARIQUIVOI D\u00e9sia&#8230;<\/p>\n<p class=\"continue-reading-button\"> <a class=\"continue-reading-link\" href=\"https:\/\/etab.ac-reunion.fr\/lyc-antoine-roussin\/le-lycee\/personnels\/personnel-non-enseignant\/personnel-vie-scolaire\/\">Lire la suite<i class=\"crycon-right-dir\"><\/i><\/a><\/p>\n","protected":false},"author":19389,"featured_media":0,"parent":77,"menu_order":0,"comment_status":"open","ping_status":"open","template":"","meta":{"footnotes":""},"class_list":["post-95","page","type-page","status-publish","hentry"],"_links":{"self":[{"href":"https:\/\/etab.ac-reunion.fr\/lyc-antoine-roussin\/wp-json\/wp\/v2\/pages\/95","targetHints":{"allow":["GET"]}}],"collection":[{"href":"https:\/\/etab.ac-reunion.fr\/lyc-antoine-roussin\/wp-json\/wp\/v2\/pages"}],"about":[{"href":"https:\/\/etab.ac-reunion.fr\/lyc-antoine-roussin\/wp-json\/wp\/v2\/types\/page"}],"author":[{"embeddable":true,"href":"https:\/\/etab.ac-reunion.fr\/lyc-antoine-roussin\/wp-json\/wp\/v2\/users\/19389"}],"replies":[{"embeddable":true,"href":"https:\/\/etab.ac-reunion.fr\/lyc-antoine-roussin\/wp-json\/wp\/v2\/comments?post=95"}],"version-history":[{"count":31,"href":"https:\/\/etab.ac-reunion.fr\/lyc-antoine-roussin\/wp-json\/wp\/v2\/pages\/95\/revisions"}],"predecessor-version":[{"id":13524,"href":"https:\/\/etab.ac-reunion.fr\/lyc-antoine-roussin\/wp-json\/wp\/v2\/pages\/95\/revisions\/13524"}],"up":[{"embeddable":true,"href":"https:\/\/etab.ac-reunion.fr\/lyc-antoine-roussin\/wp-json\/wp\/v2\/pages\/77"}],"wp:attachment":[{"href":"https:\/\/etab.ac-reunion.fr\/lyc-antoine-roussin\/wp-json\/wp\/v2\/media?parent=95"}],"curies":[{"name":"wp","href":"https:\/\/api.w.org\/{rel}","templated":true}]}}