{"id":12586,"date":"2020-10-01T19:18:00","date_gmt":"2020-10-01T18:18:00","guid":{"rendered":"http:\/\/lycee-belair.ac-reunion.fr\/?page_id=12586"},"modified":"2021-02-05T19:27:42","modified_gmt":"2021-02-05T18:27:42","slug":"une-fiche-daide-a-la-redaction-du-projet-de-formation-motive","status":"publish","type":"page","link":"https:\/\/etab.ac-reunion.fr\/lyc-bel-air\/une-fiche-daide-a-la-redaction-du-projet-de-formation-motive\/","title":{"rendered":"une fiche d&rsquo;aide \u00e0 la r\u00e9daction du projet de formation motiv\u00e9"},"content":{"rendered":"\n<figure class=\"wp-block-image size-large\"><img loading=\"lazy\" decoding=\"async\" width=\"690\" height=\"1024\" src=\"https:\/\/etab.ac-reunion.fr\/lyc-bel-air\/wp-content\/uploads\/sites\/71\/2021\/02\/Capture-de\u0301cran-2021-02-05-a\u0300-22.19.16-690x1024.png\" alt=\"\" class=\"wp-image-12587\" srcset=\"https:\/\/etab.ac-reunion.fr\/lyc-bel-air\/wp-content\/uploads\/sites\/71\/2021\/02\/Capture-de\u0301cran-2021-02-05-a\u0300-22.19.16-690x1024.png 690w, https:\/\/etab.ac-reunion.fr\/lyc-bel-air\/wp-content\/uploads\/sites\/71\/2021\/02\/Capture-de\u0301cran-2021-02-05-a\u0300-22.19.16-202x300.png 202w, https:\/\/etab.ac-reunion.fr\/lyc-bel-air\/wp-content\/uploads\/sites\/71\/2021\/02\/Capture-de\u0301cran-2021-02-05-a\u0300-22.19.16-768x1139.png 768w, https:\/\/etab.ac-reunion.fr\/lyc-bel-air\/wp-content\/uploads\/sites\/71\/2021\/02\/Capture-de\u0301cran-2021-02-05-a\u0300-22.19.16.png 956w\" sizes=\"(max-width: 690px) 100vw, 690px\" \/><\/figure>\n\n\n<a href=\"https:\/\/wpetab.ac-reunion.fr\/bel-air\/wp-content\/uploads\/sites\/71\/2021\/02\/FEE_LETTRE-DE-MOTIVATION-MOTIVE_2021-1.pdf\" class=\"pdfemb-viewer\" style=\"\" data-width=\"max\" data-height=\"max\" data-toolbar=\"bottom\" data-toolbar-fixed=\"off\">FEE_LETTRE-DE-MOTIVATION-MOTIVE_2021-1<\/a>\n<p class=\"wp-block-pdfemb-pdf-embedder-viewer\"><\/p>\n\n\n\n<div class=\"wp-block-file\"><a href=\"https:\/\/etab.ac-reunion.fr\/lyc-bel-air\/wp-content\/uploads\/sites\/71\/2021\/02\/FEE_LETTRE-DE-MOTIVATION-MOTIVE_2021-1.pdf\" class=\"wp-block-file__button\" download>T\u00e9l\u00e9charger la fiche en format PDF<\/a><\/div>\n<!-- AddThis Advanced Settings generic via filter on the_content --><!-- AddThis Share Buttons generic via filter on the_content -->","protected":false},"excerpt":{"rendered":"<p><!-- AddThis Advanced Settings generic via filter on get_the_excerpt --><!-- AddThis Share Buttons generic via filter on get_the_excerpt --><\/p>\n","protected":false},"author":3366,"featured_media":0,"parent":0,"menu_order":0,"comment_status":"closed","ping_status":"closed","template":"page-full.php","meta":{"_et_pb_use_builder":"","_et_pb_old_content":"","_et_gb_content_width":"","footnotes":"","_links_to":"","_links_to_target":""},"class_list":["post-12586","page","type-page","status-publish","hentry"],"_links":{"self":[{"href":"https:\/\/etab.ac-reunion.fr\/lyc-bel-air\/wp-json\/wp\/v2\/pages\/12586","targetHints":{"allow":["GET"]}}],"collection":[{"href":"https:\/\/etab.ac-reunion.fr\/lyc-bel-air\/wp-json\/wp\/v2\/pages"}],"about":[{"href":"https:\/\/etab.ac-reunion.fr\/lyc-bel-air\/wp-json\/wp\/v2\/types\/page"}],"author":[{"embeddable":true,"href":"https:\/\/etab.ac-reunion.fr\/lyc-bel-air\/wp-json\/wp\/v2\/users\/3366"}],"replies":[{"embeddable":true,"href":"https:\/\/etab.ac-reunion.fr\/lyc-bel-air\/wp-json\/wp\/v2\/comments?post=12586"}],"version-history":[{"count":1,"href":"https:\/\/etab.ac-reunion.fr\/lyc-bel-air\/wp-json\/wp\/v2\/pages\/12586\/revisions"}],"predecessor-version":[{"id":12589,"href":"https:\/\/etab.ac-reunion.fr\/lyc-bel-air\/wp-json\/wp\/v2\/pages\/12586\/revisions\/12589"}],"wp:attachment":[{"href":"https:\/\/etab.ac-reunion.fr\/lyc-bel-air\/wp-json\/wp\/v2\/media?parent=12586"}],"curies":[{"name":"wp","href":"https:\/\/api.w.org\/{rel}","templated":true}]}}