{"id":1933,"date":"2019-03-21T11:14:13","date_gmt":"2019-03-21T07:14:13","guid":{"rendered":"http:\/\/lycee-bellepierre.ac-reunion.fr\/?page_id=1933"},"modified":"2024-04-12T23:21:47","modified_gmt":"2024-04-12T19:21:47","slug":"partenariats","status":"publish","type":"page","link":"https:\/\/etab.ac-reunion.fr\/lyc-bellepierre\/ouverture-internationale\/partenariats\/","title":{"rendered":"Partenariats \/ Partnerships"},"content":{"rendered":"\n<p>L&rsquo;\u00e9tablissement cherche des partenaires durables pour des projets virtuels et des \u00e9changes scolaires. <\/p>\n\n\n\n<p>L&rsquo;\u00e9tablissement accueille volontiers des d\u00e9l\u00e9gations europ\u00e9ennes dans le cadre de KA1, des \u00e9tudiants dans le cadre de la Charte ECHE et des personnels de l&rsquo;\u00e9ducation dans le cadre des programmes de France Education.<\/p>\n\n\n\n<p>Si vous repr\u00e9sentez un \u00e9tablissement \u00e9tranger et que vous souhaitez mettre en place un partenariat avec l&rsquo;\u00e9tablissement, contactez la personne r\u00e9f\u00e9rente Marie Clain par email marie-celine.clain@ac-reunion.fr pour le pr\u00e9 bac et pour le post bac Alain Dorval alain.dorval@ac-reunion.fr<\/p>\n\n\n\n<p><br>Our high school is seeking long-term partners for virtual projects and school exchanges.<\/p>\n\n\n\n<p>We gladly welcome European delegations under KA1, students under the ECHE Charter, and education staff under France Education programs.<\/p>\n\n\n\n<p>If you represent a foreign institution and wish to establish a partnership with the institution, please contact the contact person Marie Clain via email at <a>marie-celine.clain@ac-reunion.fr<\/a> for pre-baccalaureate matters and for post-baccalaureate matters, contact Alain Dorval at <a>alain.dorval@ac-reunion.fr<\/a>.<\/p>\n\n\n\n<p><strong>Partenariats existants \/ existing partnerships<\/strong><\/p>\n\n\n\n<ul class=\"wp-block-list\">\n<li>IES Josefa Barainca<\/li>\n\n\n\n<li>IES Ganivet<\/li>\n\n\n\n<li>IES \u00d3scar Rodr\u00edguez<\/li>\n\n\n\n<li>IES C\u00e9sar Manrique<\/li>\n\n\n\n<li>IES Franchy Roca<\/li>\n\n\n\n<li>IIS \u00ab\u00a0<strong>E. U. Ruzza<\/strong>\u00ab\u00a0<\/li>\n\n\n\n<li>Bertha von Suttner Europ\u00e4isches Gymnasium<\/li>\n\n\n\n<li>Freiherr vom Stein Gymnasium<\/li>\n\n\n\n<li>CMS Ma Campagne<\/li>\n\n\n\n<li>Liceo Classico G.B. Vico Chieti<\/li>\n\n\n\n<li>Srednja Skola Metkovic<\/li>\n<\/ul>\n<!-- AddThis Advanced Settings generic via filter on the_content --><!-- AddThis Share Buttons generic via filter on the_content -->","protected":false},"excerpt":{"rendered":"<p>L&rsquo;\u00e9tablissement cherche des partenaires durables pour des projets virtuels et des \u00e9changes scolaires. L&rsquo;\u00e9tablissement accueille volontiers des d\u00e9l\u00e9gations europ\u00e9ennes dans le cadre de KA1, des \u00e9tudiants dans le cadre de la Charte ECHE et des personnels de l&rsquo;\u00e9ducation dans le cadre des programmes de France Education. Si vous repr\u00e9sentez un \u00e9tablissement \u00e9tranger et que vous [&hellip;]<!-- AddThis Advanced Settings generic via filter on get_the_excerpt --><!-- AddThis Share Buttons generic via filter on get_the_excerpt --><\/p>\n","protected":false},"author":23654,"featured_media":0,"parent":1909,"menu_order":0,"comment_status":"closed","ping_status":"closed","template":"","meta":{"footnotes":""},"class_list":["post-1933","page","type-page","status-publish","hentry"],"_links":{"self":[{"href":"https:\/\/etab.ac-reunion.fr\/lyc-bellepierre\/wp-json\/wp\/v2\/pages\/1933","targetHints":{"allow":["GET"]}}],"collection":[{"href":"https:\/\/etab.ac-reunion.fr\/lyc-bellepierre\/wp-json\/wp\/v2\/pages"}],"about":[{"href":"https:\/\/etab.ac-reunion.fr\/lyc-bellepierre\/wp-json\/wp\/v2\/types\/page"}],"author":[{"embeddable":true,"href":"https:\/\/etab.ac-reunion.fr\/lyc-bellepierre\/wp-json\/wp\/v2\/users\/23654"}],"replies":[{"embeddable":true,"href":"https:\/\/etab.ac-reunion.fr\/lyc-bellepierre\/wp-json\/wp\/v2\/comments?post=1933"}],"version-history":[{"count":4,"href":"https:\/\/etab.ac-reunion.fr\/lyc-bellepierre\/wp-json\/wp\/v2\/pages\/1933\/revisions"}],"predecessor-version":[{"id":8011,"href":"https:\/\/etab.ac-reunion.fr\/lyc-bellepierre\/wp-json\/wp\/v2\/pages\/1933\/revisions\/8011"}],"up":[{"embeddable":true,"href":"https:\/\/etab.ac-reunion.fr\/lyc-bellepierre\/wp-json\/wp\/v2\/pages\/1909"}],"wp:attachment":[{"href":"https:\/\/etab.ac-reunion.fr\/lyc-bellepierre\/wp-json\/wp\/v2\/media?parent=1933"}],"curies":[{"name":"wp","href":"https:\/\/api.w.org\/{rel}","templated":true}]}}