{"id":272,"date":"2014-06-25T18:11:49","date_gmt":"2014-06-25T14:11:49","guid":{"rendered":"http:\/\/lycee-bellepierre.ac-reunion.fr\/?page_id=272"},"modified":"2022-08-15T15:43:56","modified_gmt":"2022-08-15T11:43:56","slug":"horaires-et-calendriers","status":"publish","type":"page","link":"https:\/\/etab.ac-reunion.fr\/lyc-bellepierre\/horaires-et-calendriers\/","title":{"rendered":"Horaires et Calendriers"},"content":{"rendered":"\n<div style=\"height:15px\" aria-hidden=\"true\" class=\"wp-block-spacer\"><\/div>\n\n\n\n<hr class=\"wp-block-separator is-style-wide\" \/>\n\n\n\n<div style=\"height:15px\" aria-hidden=\"true\" class=\"wp-block-spacer\"><\/div>\n\n\n\n<div class=\"wp-block-columns is-layout-flex wp-container-core-columns-is-layout-9d6595d7 wp-block-columns-is-layout-flex\">\n<div class=\"wp-block-column is-layout-flow wp-block-column-is-layout-flow\" style=\"flex-basis:100%\">\n<div class=\"wp-block-media-text alignwide is-stacked-on-mobile\" style=\"grid-template-columns:20% auto\"><figure class=\"wp-block-media-text__media\"><img loading=\"lazy\" decoding=\"async\" width=\"256\" height=\"256\" src=\"https:\/\/etab.ac-reunion.fr\/lyc-bellepierre\/wp-content\/uploads\/sites\/78\/2014\/06\/clock_256px.png\" alt=\"\" class=\"wp-image-211 size-full\" srcset=\"https:\/\/etab.ac-reunion.fr\/lyc-bellepierre\/wp-content\/uploads\/sites\/78\/2014\/06\/clock_256px.png 256w, https:\/\/etab.ac-reunion.fr\/lyc-bellepierre\/wp-content\/uploads\/sites\/78\/2014\/06\/clock_256px-150x150.png 150w, https:\/\/etab.ac-reunion.fr\/lyc-bellepierre\/wp-content\/uploads\/sites\/78\/2014\/06\/clock_256px-200x200.png 200w, https:\/\/etab.ac-reunion.fr\/lyc-bellepierre\/wp-content\/uploads\/sites\/78\/2014\/06\/clock_256px-130x130.png 130w, https:\/\/etab.ac-reunion.fr\/lyc-bellepierre\/wp-content\/uploads\/sites\/78\/2014\/06\/clock_256px-67x67.png 67w, https:\/\/etab.ac-reunion.fr\/lyc-bellepierre\/wp-content\/uploads\/sites\/78\/2014\/06\/clock_256px-40x40.png 40w, https:\/\/etab.ac-reunion.fr\/lyc-bellepierre\/wp-content\/uploads\/sites\/78\/2014\/06\/clock_256px-184x184.png 184w\" sizes=\"auto, (max-width: 256px) 100vw, 256px\" \/><\/figure><div class=\"wp-block-media-text__content\">\n<p class=\"has-medium-font-size\"><strong>Accueil des \u00e9l\u00e8ves dans l&rsquo;\u00e9tablissement \u00e0 partir de 7h00<\/strong><\/p>\n\n\n\n<p><strong>7h30 &#8211; 8h25 : S\u00e9quence 1<\/strong><\/p>\n\n\n\n<p><strong>8h30 &#8211; 9h25 : S\u00e9quence 2<\/strong><\/p>\n\n\n\n<p class=\"has-text-align-center\"><em><strong><mark style=\"background-color:#ffffff\" class=\"has-inline-color has-vivid-green-cyan-color\">9h25 &#8211; 9h40 : R\u00e9cr\u00e9ation matin<\/mark><\/strong><\/em><\/p>\n\n\n\n<p><strong>9h40 &#8211; 10h35 : S\u00e9quence 3<\/strong><\/p>\n\n\n\n<p><strong>10h40 &#8211; 11h35 : S\u00e9quence 4<\/strong><\/p>\n\n\n\n<p class=\"has-text-align-center\"><em><strong><mark style=\"background-color:#ffffff\" class=\"has-inline-color has-vivid-green-cyan-color\">11h35 &#8211; 12h30 : Pause m\u00e9ridienne ou S\u00e9quence 5<\/mark><\/strong><\/em><\/p>\n\n\n\n<p class=\"has-text-align-center\"><em><strong><mark style=\"background-color:#ffffff\" class=\"has-inline-color has-vivid-green-cyan-color\">12h35 &#8211; 13h30 : Pause m\u00e9ridienne ou S\u00e9quence 6<\/mark><\/strong><\/em><\/p>\n\n\n\n<p><strong>13h30 &#8211; 14h25 : S\u00e9quence 7<\/strong><\/p>\n\n\n\n<p><strong>14h30 &#8211; 15h25 : S\u00e9quence 8<\/strong><\/p>\n\n\n\n<p class=\"has-text-align-center\"><em><strong><mark style=\"background-color:#ffffff\" class=\"has-inline-color has-vivid-green-cyan-color\">15h25 &#8211; 15h35 : R\u00e9cr\u00e9ation apr\u00e8s-midi<\/mark><\/strong><\/em><\/p>\n\n\n\n<p><strong>15h35 &#8211; 16h30 : S\u00e9quence 9<\/strong><\/p>\n\n\n\n<p><strong>16h35 &#8211; 17h30 : S\u00e9quence 10<\/strong><\/p>\n<\/div><\/div>\n<\/div>\n<\/div>\n\n\n\n<hr class=\"wp-block-separator is-style-wide\" \/>\n\n\n\n<div style=\"height:15px\" aria-hidden=\"true\" class=\"wp-block-spacer\"><\/div>\n\n\n\n<h4 class=\"has-medium-font-size wp-block-heading\"><strong>Calendrier Scolaire 2022-2023<\/strong><\/h4>\n\n\n\n<div class=\"wp-block-file\"><a id=\"wp-block-file--media-5386aab2-d48c-4c85-9244-df9d275b196b\" href=\"https:\/\/etab.ac-reunion.fr\/lyc-bellepierre\/wp-content\/uploads\/sites\/78\/2022\/08\/Calendrier-scolaire-2022-203.pdf\">Calendrier-scolaire-2022-203<\/a><a href=\"https:\/\/etab.ac-reunion.fr\/lyc-bellepierre\/wp-content\/uploads\/sites\/78\/2022\/08\/Calendrier-scolaire-2022-203.pdf\" class=\"wp-block-file__button\" download aria-describedby=\"wp-block-file--media-5386aab2-d48c-4c85-9244-df9d275b196b\">T\u00e9l\u00e9charger<\/a><\/div>\n<!-- AddThis Advanced Settings generic via filter on the_content --><!-- AddThis Share Buttons generic via filter on the_content -->","protected":false},"excerpt":{"rendered":"<p>Accueil des \u00e9l\u00e8ves dans l&rsquo;\u00e9tablissement \u00e0 partir de 7h00 7h30 &#8211; 8h25 : S\u00e9quence 1 8h30 &#8211; 9h25 : S\u00e9quence 2 9h25 &#8211; 9h40 : R\u00e9cr\u00e9ation matin 9h40 &#8211; 10h35 : S\u00e9quence 3 10h40 &#8211; 11h35 : S\u00e9quence 4 11h35 &#8211; 12h30 : Pause m\u00e9ridienne ou S\u00e9quence 5 12h35 &#8211; 13h30 : Pause m\u00e9ridienne ou [&hellip;]<!-- AddThis Advanced Settings generic via filter on get_the_excerpt --><!-- AddThis Share Buttons generic via filter on get_the_excerpt --><\/p>\n","protected":false},"author":19703,"featured_media":0,"parent":0,"menu_order":0,"comment_status":"closed","ping_status":"closed","template":"","meta":{"footnotes":""},"class_list":["post-272","page","type-page","status-publish","hentry"],"_links":{"self":[{"href":"https:\/\/etab.ac-reunion.fr\/lyc-bellepierre\/wp-json\/wp\/v2\/pages\/272","targetHints":{"allow":["GET"]}}],"collection":[{"href":"https:\/\/etab.ac-reunion.fr\/lyc-bellepierre\/wp-json\/wp\/v2\/pages"}],"about":[{"href":"https:\/\/etab.ac-reunion.fr\/lyc-bellepierre\/wp-json\/wp\/v2\/types\/page"}],"author":[{"embeddable":true,"href":"https:\/\/etab.ac-reunion.fr\/lyc-bellepierre\/wp-json\/wp\/v2\/users\/19703"}],"replies":[{"embeddable":true,"href":"https:\/\/etab.ac-reunion.fr\/lyc-bellepierre\/wp-json\/wp\/v2\/comments?post=272"}],"version-history":[{"count":19,"href":"https:\/\/etab.ac-reunion.fr\/lyc-bellepierre\/wp-json\/wp\/v2\/pages\/272\/revisions"}],"predecessor-version":[{"id":6283,"href":"https:\/\/etab.ac-reunion.fr\/lyc-bellepierre\/wp-json\/wp\/v2\/pages\/272\/revisions\/6283"}],"wp:attachment":[{"href":"https:\/\/etab.ac-reunion.fr\/lyc-bellepierre\/wp-json\/wp\/v2\/media?parent=272"}],"curies":[{"name":"wp","href":"https:\/\/api.w.org\/{rel}","templated":true}]}}